{"id":339,"date":"2018-12-29T17:10:10","date_gmt":"2018-12-29T16:10:10","guid":{"rendered":"https:\/\/blogsaverroes.juntadeandalucia.es\/ceipeduardolucena\/?page_id=339"},"modified":"2018-12-29T17:10:33","modified_gmt":"2018-12-29T16:10:33","slug":"aprende-a-sonreir","status":"publish","type":"page","link":"https:\/\/blogsaverroes.juntadeandalucia.es\/ceipeduardolucena\/aprende-a-sonreir\/","title":{"rendered":"APRENDE A SONREIR"},"content":{"rendered":"<p><img decoding=\"async\" src=\"http:\/\/2.bp.blogspot.com\/-BnvP97abD5o\/UTzf2rVuMII\/AAAAAAAAAOg\/_JVAc0cfXB4\/s640\/sonreir.jpg\"><\/p>\n<div>\n<p><span style=\"color: #0000ff\"><u><b>Programa de Salud Bucodental \u201cAprende a Sonre\u00edr\u201d&nbsp;<\/b><\/u><\/span><\/p>\n<p>Este programa, que comienza su andadura en el curso escolar 2001\/2002, marca estilos de vida saludables y pretende hacer cotidiana la higiene de los dientes y de la boca para los ni\u00f1os y para las ni\u00f1as, adem\u00e1s de familiarizarles con una alimentaci\u00f3n equi\u00adlibrada y no cariog\u00e9nica. Todo ello con la implicaci\u00f3n de las familias y de los profesionales de los centros educativos y sanitarios.<\/p>\n<p>Para su desarrollo se facilitan recursos did\u00e1cticos y materiales, as\u00ed como ase\u00adsoramiento metodol\u00f3gico y, si es necesario, la formaci\u00f3n especifica del per\u00adsonal de los centros educativos por parte de profesionales sanitarios.<\/p>\n<p>Las actividades del programa son amplias y diversas y van dirigidas a los tres agentes que intervienen en la promoci\u00f3n de la salud bucodental en los centros educativos: alumnado, familias y comunidad.<\/p>\n<p>&nbsp;<b>OBJETIVOS<\/b><\/p>\n<ul>\n<li>Proporcionar al profesorado conocimientos, habilidades, y recursos humanos y materiales, para introducir la educaci\u00f3n dental en el curr\u00edculum educativo.<\/li>\n<li>Implicar a las familias en el desarrollo de actividades educativas con el alumnado dentro del centro educativo y especialmente de refuerzo en el hogar.<\/li>\n<li>Conseguir cambios significativos en los aprendizajes de los escolares de Educaci\u00f3n Infantil y Primaria en relaci\u00f3n con la Educaci\u00f3n para la Salud: salud bucodental.<\/li>\n<li>Conocer la relaci\u00f3n entre una inadecuada alimentaci\u00f3n e higiene bucodental con la apari\u00adci\u00f3n de algunas enfermedades.<\/li>\n<\/ul>\n<p>Se trata en definitiva de promover h\u00e1bitos saludables de higiene bucodental y alimentaci\u00f3n no cariog\u00e9nica, en los ni\u00f1os y las ni\u00f1as.<\/p>\n<p><b>DESTINATARIOS<\/b><\/p>\n<p>Centros docentes, que imparten Educaci\u00f3n Infantil y Primaria, sostenidos con fondos p\u00fablicos de Andaluc\u00eda. Alumnado de Segundo Ciclo de Educaci\u00f3n Infantil y Educaci\u00f3n Primaria.<\/p>\n<p><b>DESARROLLO DEL PROGRAMA Y RECURSOS<\/b><\/p>\n<p>Este programa facilita a los centros recursos did\u00e1cticos y materiales para el desarrollo de las actividades, as\u00ed como asesoramiento metodol\u00f3gico y, si es necesario, formaci\u00f3n espec\u00edfica al pro\u00adfesorado de los centros que se inscriben por primera vez, por parte de profesionales sanitarios.<\/p>\n<p>Cada centro, a lo largo del curso escolar desarrolla las actividades adapt\u00e1ndolas a las necesidades y a las peculiaridades del alumnado, y organiza sesiones de informaci\u00f3n dirigidas a las familias.<\/p>\n<p>Se puede acceder a los materiales a trav\u00e9s del&nbsp;<u>Portal de H\u00e1bitos de Vida Saludable de la Conse\u00adjer\u00eda de Educaci\u00f3n, Cultura y Deporte&nbsp;<\/u>y del&nbsp;<u>Espacio web de la Consejer\u00eda de Igualdad, Salud y Pol\u00edticas Sociales<\/u>.&nbsp;<\/p>\n<\/div>\n","protected":false},"excerpt":{"rendered":"<p>Programa de Salud Bucodental \u201cAprende a Sonre\u00edr\u201d&nbsp; Este programa, que comienza su andadura en el curso escolar 2001\/2002, marca estilos de vida saludables y pretende hacer cotidiana la higiene de los dientes y de la boca para los ni\u00f1os y para las ni\u00f1as, adem\u00e1s de familiarizarles con una alimentaci\u00f3n equi\u00adlibrada y no cariog\u00e9nica. Todo ello &hellip; <\/p>\n<p><a class=\"more-link btn\" href=\"https:\/\/blogsaverroes.juntadeandalucia.es\/ceipeduardolucena\/aprende-a-sonreir\/\">Seguir leyendo<\/a><\/p>\n","protected":false},"author":1459,"featured_media":0,"parent":0,"menu_order":0,"comment_status":"closed","ping_status":"closed","template":"","meta":{"ngg_post_thumbnail":0,"footnotes":""},"aioseo_notices":[],"_links":{"self":[{"href":"https:\/\/blogsaverroes.juntadeandalucia.es\/ceipeduardolucena\/wp-json\/wp\/v2\/pages\/339"}],"collection":[{"href":"https:\/\/blogsaverroes.juntadeandalucia.es\/ceipeduardolucena\/wp-json\/wp\/v2\/pages"}],"about":[{"href":"https:\/\/blogsaverroes.juntadeandalucia.es\/ceipeduardolucena\/wp-json\/wp\/v2\/types\/page"}],"author":[{"embeddable":true,"href":"https:\/\/blogsaverroes.juntadeandalucia.es\/ceipeduardolucena\/wp-json\/wp\/v2\/users\/1459"}],"replies":[{"embeddable":true,"href":"https:\/\/blogsaverroes.juntadeandalucia.es\/ceipeduardolucena\/wp-json\/wp\/v2\/comments?post=339"}],"version-history":[{"count":2,"href":"https:\/\/blogsaverroes.juntadeandalucia.es\/ceipeduardolucena\/wp-json\/wp\/v2\/pages\/339\/revisions"}],"predecessor-version":[{"id":341,"href":"https:\/\/blogsaverroes.juntadeandalucia.es\/ceipeduardolucena\/wp-json\/wp\/v2\/pages\/339\/revisions\/341"}],"wp:attachment":[{"href":"https:\/\/blogsaverroes.juntadeandalucia.es\/ceipeduardolucena\/wp-json\/wp\/v2\/media?parent=339"}],"curies":[{"name":"wp","href":"https:\/\/api.w.org\/{rel}","templated":true}]}}