{"id":343,"date":"2018-12-29T17:11:57","date_gmt":"2018-12-29T16:11:57","guid":{"rendered":"https:\/\/blogsaverroes.juntadeandalucia.es\/ceipeduardolucena\/?page_id=343"},"modified":"2018-12-29T17:12:30","modified_gmt":"2018-12-29T16:12:30","slug":"plan-de-igualdad","status":"publish","type":"page","link":"https:\/\/blogsaverroes.juntadeandalucia.es\/ceipeduardolucena\/plan-de-igualdad\/","title":{"rendered":"PLAN DE IGUALDAD"},"content":{"rendered":"<h3 id=\"sites-page-title-header\" align=\"left\"><span style=\"font-size: 18pt;color: #ff9900\"><strong><span id=\"sites-page-title\" dir=\"ltr\">Plan de Igualdad<\/span><\/strong><\/span><\/h3>\n<div id=\"sites-canvas-main\" class=\"sites-canvas-main\">\n<div id=\"sites-canvas-main-content\">\n<table class=\"sites-layout-name-one-column sites-layout-hbox\" cellspacing=\"0\">\n<tbody>\n<tr>\n<td class=\"sites-layout-tile sites-tile-name-content-1\">\n<div dir=\"ltr\">\n<div>\n<div>&nbsp; &nbsp; La igualdad es un derecho b\u00e1sico que rige el funcionamiento de las sociedades democr\u00e1ticas. En&nbsp;nuestro pa\u00eds, la Constituci\u00f3n Espa\u00f1ola recoge como derecho de los espa\u00f1oles y las espa\u00f1olas la igualdad&nbsp;efectiva, reconociendo que todos y todas somos iguales ante la ley, sin que pueda prevalecer&nbsp;discriminaci\u00f3n alguna por raz\u00f3n de nacimiento, raza, sexo, religi\u00f3n o circunstancias personales o&nbsp;sociales.&nbsp;<\/div>\n<div>En el mismo sentido, la Uni\u00f3n Europea identifica la igualdad entre hombres y mujeres como uno&nbsp;de los principios fundamentales y como consecuencia se dictan diversas directrices instando a los&nbsp;gobiernos a implementar pol\u00edticas tendentes al desarrollo de una igualdad real entre hombres y mujeres.&nbsp;<\/div>\n<div>Por su parte, en nuestra comunidad aut\u00f3noma y como consecuencia del desarrollo de este&nbsp;<\/div>\n<div>principio constitucional y europeo, el Estatuto de Autonom\u00eda para Andaluc\u00eda establece que promover\u00e1 las&nbsp;condiciones para que la libertad y la igualdad sean reales y, particularmente, siendo consciente de las&nbsp;diferencias culturales que producen desigualdades por raz\u00f3n de sexo, regula como principio relevante la&nbsp;igualdad efectiva del hombre y la mujer, promoviendo la plena incorporaci\u00f3n de las mujeres a la vida&nbsp;social superando cualquier discriminaci\u00f3n laboral, cultural, econ\u00f3mica o pol\u00edtica.&nbsp;<\/div>\n<div><b>El I Plan de Igualdad entre Hombres y Mujeres en Educaci\u00f3n<\/b>&nbsp;constituy\u00f3 el marco global de&nbsp;intervenci\u00f3n en el contexto escolar para posibilitar la consolidaci\u00f3n de principio democr\u00e1tico de la&nbsp;igualdad entre los sexos. Con este plan se pretendi\u00f3 dise\u00f1ar y coordinar actuaciones que favorecieran,&nbsp;fundamentalmente, el conocimiento de las diferencias entre ni\u00f1os y ni\u00f1as, entre hombres y mujeres para&nbsp;establecer las condiciones escolares que permitan corregir las discriminaciones y estereotipos sexistas, la&nbsp;formaci\u00f3n del alumnado en la autonom\u00eda personal como base para fomentar el cambio en las relaciones&nbsp;de g\u00e9nero y la correcci\u00f3n de desequilibrios entre profesoras y profesores en actividades de&nbsp;responsabilidades escolares ofreciendo modelos no estereotipados. Este I Plan se dirig\u00eda e implicaba a&nbsp;toda la comunidad educativa, concibiendo la educaci\u00f3n de las nuevas generaciones como el motor de&nbsp;cambio en las relaciones entre ni\u00f1os y ni\u00f1as, de hombres y mujeres y, en definitiva, un paso m\u00e1s hacia la&nbsp;<\/div>\n<div>consecuci\u00f3n de una sociedad m\u00e1s justa y equilibrada.<\/div>\n<\/div>\n<\/div>\n<\/td>\n<\/tr>\n<\/tbody>\n<\/table>\n<\/div>\n<\/div>\n","protected":false},"excerpt":{"rendered":"<p>Plan de Igualdad &nbsp; &nbsp; La igualdad es un derecho b\u00e1sico que rige el funcionamiento de las sociedades democr\u00e1ticas. En&nbsp;nuestro pa\u00eds, la Constituci\u00f3n Espa\u00f1ola recoge como derecho de los espa\u00f1oles y las espa\u00f1olas la igualdad&nbsp;efectiva, reconociendo que todos y todas somos iguales ante la ley, sin que pueda prevalecer&nbsp;discriminaci\u00f3n alguna por raz\u00f3n de nacimiento, raza, &hellip; <\/p>\n<p><a class=\"more-link btn\" href=\"https:\/\/blogsaverroes.juntadeandalucia.es\/ceipeduardolucena\/plan-de-igualdad\/\">Seguir leyendo<\/a><\/p>\n","protected":false},"author":1459,"featured_media":0,"parent":0,"menu_order":0,"comment_status":"closed","ping_status":"closed","template":"","meta":{"ngg_post_thumbnail":0,"footnotes":""},"aioseo_notices":[],"_links":{"self":[{"href":"https:\/\/blogsaverroes.juntadeandalucia.es\/ceipeduardolucena\/wp-json\/wp\/v2\/pages\/343"}],"collection":[{"href":"https:\/\/blogsaverroes.juntadeandalucia.es\/ceipeduardolucena\/wp-json\/wp\/v2\/pages"}],"about":[{"href":"https:\/\/blogsaverroes.juntadeandalucia.es\/ceipeduardolucena\/wp-json\/wp\/v2\/types\/page"}],"author":[{"embeddable":true,"href":"https:\/\/blogsaverroes.juntadeandalucia.es\/ceipeduardolucena\/wp-json\/wp\/v2\/users\/1459"}],"replies":[{"embeddable":true,"href":"https:\/\/blogsaverroes.juntadeandalucia.es\/ceipeduardolucena\/wp-json\/wp\/v2\/comments?post=343"}],"version-history":[{"count":2,"href":"https:\/\/blogsaverroes.juntadeandalucia.es\/ceipeduardolucena\/wp-json\/wp\/v2\/pages\/343\/revisions"}],"predecessor-version":[{"id":345,"href":"https:\/\/blogsaverroes.juntadeandalucia.es\/ceipeduardolucena\/wp-json\/wp\/v2\/pages\/343\/revisions\/345"}],"wp:attachment":[{"href":"https:\/\/blogsaverroes.juntadeandalucia.es\/ceipeduardolucena\/wp-json\/wp\/v2\/media?parent=343"}],"curies":[{"name":"wp","href":"https:\/\/api.w.org\/{rel}","templated":true}]}}