{"id":542,"date":"2019-11-28T13:43:15","date_gmt":"2019-11-28T12:43:15","guid":{"rendered":"https:\/\/blogsaverroes.juntadeandalucia.es\/ceipeduardolucena\/?page_id=542"},"modified":"2024-11-27T12:48:39","modified_gmt":"2024-11-27T11:48:39","slug":"documentos-del-centro","status":"publish","type":"page","link":"https:\/\/blogsaverroes.juntadeandalucia.es\/ceipeduardolucena\/documentos-del-centro\/","title":{"rendered":"Documentos del centro"},"content":{"rendered":"<p><span style=\"font-size: 24pt\"><strong><span style=\"color: #800080\">PLAN DE CENTRO 2024-2025<\/span><\/strong><\/span><\/p>\n<p dir=\"ltr\"><strong><span style=\"color: #ff0000\">ACTUALIZANDO ( algunos documentos est\u00e1n en proceso de actualizaci\u00f3n, en breve estar\u00e1n a disposici\u00f3n de la comunidad educativa)<\/span><\/strong><\/p>\n<p class=\"CDt4Ke zfr3Q\" dir=\"ltr\" style=\"text-align: left\">Ajust\u00e1ndose a lo estipulado en la normativa correspondiente al Reglamento de Organizaci\u00f3n de Centros de Educaci\u00f3n Infantil y Primaria,&nbsp; se ofrece al p\u00fablico en general la documentaci\u00f3n acad\u00e9mica de nuestro Colegio, la cual se puede consultar desde este sitio web.<\/p>\n<p class=\"CDt4Ke zfr3Q\" dir=\"ltr\">El Plan de Centro del CEIP \u201cEduardo Lucena\u201d comprende los siguientes elementos prescriptivos referenciados en la normativa:<\/p>\n<p class=\"CDt4Ke zfr3Q\" dir=\"ltr\">&#8211; Proyecto Educativo.<\/p>\n<p class=\"CDt4Ke zfr3Q\" dir=\"ltr\">&#8211; Reglamento de Organizaci\u00f3n y Funcionamiento.<\/p>\n<p class=\"CDt4Ke zfr3Q\" dir=\"ltr\">&#8211; Proyecto de Gesti\u00f3n.<\/p>\n<p class=\"CDt4Ke zfr3Q\" dir=\"ltr\">El Proyecto Educativo del Centro recoge los valores, los objetivos, las prioridades y las formas de actuaci\u00f3n. Asimismo, incorpora la concreci\u00f3n del curr\u00edculum establecido por la Administraci\u00f3n educativa fijado y aprobado por el Claustro, as\u00ed como el tratamiento transversal en las \u00e1reas, materias o \u00e1mbitos de la educaci\u00f3n en valores y otras ense\u00f1anzas. Tal Proyecto tiene en cuenta las caracter\u00edsticas del entorno social y cultural del Centro, recoge la forma de atenci\u00f3n a la diversidad del alumnado y la acci\u00f3n tutorial, as\u00ed como el plan de convivencia, respetando el principio de no discriminaci\u00f3n y de inclusi\u00f3n educativa como valores fundamentales, as\u00ed como los principios y objetivos recogidos en la LOE\/LOMLOE (Ley Org\u00e1nica 2\/2006, de 3 de mayo, de Educaci\u00f3n, texto consolidado de la \u00faltima modificaci\u00f3n de 30 de diciembre de 2020), y la LEA (Ley 17\/2007, de 10 de diciembre, de Educaci\u00f3n de Andaluc\u00eda).<\/p>\n<p class=\"CDt4Ke zfr3Q\" dir=\"ltr\">El Reglamento de Organizaci\u00f3n y Funcionamiento recoge las normas organizativas y funcionales que facilitan un clima de trabajo adecuado para que logremos alcanzar los objetivos que nos hemos planteado. Asimismo, permite mantener un ambiente de respeto, confianza y colaboraci\u00f3n entre todos los sectores de la comunidad educativa.<\/p>\n<p class=\"CDt4Ke zfr3Q\" dir=\"ltr\">El Proyecto de Gesti\u00f3n es el que recoge la ordenaci\u00f3n y utilizaci\u00f3n de los recursos del centro, tanto materiales como humanos.<\/p>\n<p class=\"CDt4Ke zfr3Q\" dir=\"ltr\">&nbsp;<\/p>\n<p class=\"CDt4Ke zfr3Q\" dir=\"ltr\"><em>Las programaciones did\u00e1cticas del profesorado se encuentran recogidas en el programa de gesti\u00f3n SENECA del profesorado. Para consulta de las mismas el tutor las podr\u00e1 a disposici\u00f3n de aquella familia que lo solicite.<\/em><\/p>\n<p dir=\"ltr\"><a href=\"https:\/\/blogsaverroes.juntadeandalucia.es\/ceipeduardolucena\/files\/2024\/11\/PLAN-DE-CENTRO-2024-25.pdf\"><img loading=\"lazy\" decoding=\"async\" class=\"alignnone wp-image-1520\" src=\"https:\/\/blogsaverroes.juntadeandalucia.es\/ceipeduardolucena\/files\/2024\/11\/PEC-224x300.jpg\" alt=\"\" width=\"136\" height=\"182\" srcset=\"https:\/\/blogsaverroes.juntadeandalucia.es\/ceipeduardolucena\/files\/2024\/11\/PEC-224x300.jpg 224w, https:\/\/blogsaverroes.juntadeandalucia.es\/ceipeduardolucena\/files\/2024\/11\/PEC.jpg 603w\" sizes=\"(max-width: 136px) 100vw, 136px\" \/><\/a><a href=\"https:\/\/blogsaverroes.juntadeandalucia.es\/ceipeduardolucena\/files\/2024\/11\/R.O.F.-CEIP-Eduardo-Lucena-2024-25.pdf\"><img loading=\"lazy\" decoding=\"async\" class=\"alignnone wp-image-1522\" src=\"https:\/\/blogsaverroes.juntadeandalucia.es\/ceipeduardolucena\/files\/2024\/11\/ROF-228x300.jpg\" alt=\"\" width=\"138\" height=\"182\" srcset=\"https:\/\/blogsaverroes.juntadeandalucia.es\/ceipeduardolucena\/files\/2024\/11\/ROF-228x300.jpg 228w, https:\/\/blogsaverroes.juntadeandalucia.es\/ceipeduardolucena\/files\/2024\/11\/ROF.jpg 612w\" sizes=\"(max-width: 138px) 100vw, 138px\" \/><\/a><a href=\"https:\/\/blogsaverroes.juntadeandalucia.es\/ceipeduardolucena\/files\/2024\/11\/Proyecto-de-gestion.pdf\"><img loading=\"lazy\" decoding=\"async\" class=\"alignnone wp-image-1523\" src=\"https:\/\/blogsaverroes.juntadeandalucia.es\/ceipeduardolucena\/files\/2024\/11\/PROYECTO-GESTION-227x300.jpg\" alt=\"\" width=\"137\" height=\"181\" srcset=\"https:\/\/blogsaverroes.juntadeandalucia.es\/ceipeduardolucena\/files\/2024\/11\/PROYECTO-GESTION-227x300.jpg 227w, https:\/\/blogsaverroes.juntadeandalucia.es\/ceipeduardolucena\/files\/2024\/11\/PROYECTO-GESTION.jpg 603w\" sizes=\"(max-width: 137px) 100vw, 137px\" \/><\/a><\/p>\n<p dir=\"ltr\"><a href=\"https:\/\/blogsaverroes.juntadeandalucia.es\/ceipeduardolucena\/anexos-plan-de-centro-24\/\"><img loading=\"lazy\" decoding=\"async\" class=\"alignnone wp-image-1526\" src=\"https:\/\/blogsaverroes.juntadeandalucia.es\/ceipeduardolucena\/files\/2024\/11\/ANEXOS-PEC-226x300.jpg\" alt=\"\" width=\"136\" height=\"180\" srcset=\"https:\/\/blogsaverroes.juntadeandalucia.es\/ceipeduardolucena\/files\/2024\/11\/ANEXOS-PEC-226x300.jpg 226w, https:\/\/blogsaverroes.juntadeandalucia.es\/ceipeduardolucena\/files\/2024\/11\/ANEXOS-PEC.jpg 601w\" sizes=\"(max-width: 136px) 100vw, 136px\" \/><\/a><a href=\"https:\/\/blogsaverroes.juntadeandalucia.es\/ceipeduardolucena\/?page_id=1547&amp;preview=true\"><img loading=\"lazy\" decoding=\"async\" class=\"alignnone wp-image-1527\" src=\"https:\/\/blogsaverroes.juntadeandalucia.es\/ceipeduardolucena\/files\/2024\/11\/ANEXOS-DOCUMENTOS-PLAN-225x300.jpg\" alt=\"\" width=\"134\" height=\"179\" srcset=\"https:\/\/blogsaverroes.juntadeandalucia.es\/ceipeduardolucena\/files\/2024\/11\/ANEXOS-DOCUMENTOS-PLAN-225x300.jpg 225w, https:\/\/blogsaverroes.juntadeandalucia.es\/ceipeduardolucena\/files\/2024\/11\/ANEXOS-DOCUMENTOS-PLAN.jpg 598w\" sizes=\"(max-width: 134px) 100vw, 134px\" \/><\/a><\/p>\n<p dir=\"ltr\">&nbsp;<\/p>\n<p dir=\"ltr\">&nbsp;<\/p>\n<p dir=\"ltr\">&nbsp;<\/p>\n","protected":false},"excerpt":{"rendered":"<p>PLAN DE CENTRO 2024-2025 ACTUALIZANDO ( algunos documentos est\u00e1n en proceso de actualizaci\u00f3n, en breve estar\u00e1n a disposici\u00f3n de la comunidad educativa) Ajust\u00e1ndose a lo estipulado en la normativa correspondiente al Reglamento de Organizaci\u00f3n de Centros de Educaci\u00f3n Infantil y Primaria,&nbsp; se ofrece al p\u00fablico en general la documentaci\u00f3n acad\u00e9mica de nuestro Colegio, la cual &hellip; <\/p>\n<p><a class=\"more-link btn\" href=\"https:\/\/blogsaverroes.juntadeandalucia.es\/ceipeduardolucena\/documentos-del-centro\/\">Seguir leyendo<\/a><\/p>\n","protected":false},"author":1459,"featured_media":0,"parent":0,"menu_order":0,"comment_status":"closed","ping_status":"closed","template":"","meta":{"ngg_post_thumbnail":0,"footnotes":""},"aioseo_notices":[],"_links":{"self":[{"href":"https:\/\/blogsaverroes.juntadeandalucia.es\/ceipeduardolucena\/wp-json\/wp\/v2\/pages\/542"}],"collection":[{"href":"https:\/\/blogsaverroes.juntadeandalucia.es\/ceipeduardolucena\/wp-json\/wp\/v2\/pages"}],"about":[{"href":"https:\/\/blogsaverroes.juntadeandalucia.es\/ceipeduardolucena\/wp-json\/wp\/v2\/types\/page"}],"author":[{"embeddable":true,"href":"https:\/\/blogsaverroes.juntadeandalucia.es\/ceipeduardolucena\/wp-json\/wp\/v2\/users\/1459"}],"replies":[{"embeddable":true,"href":"https:\/\/blogsaverroes.juntadeandalucia.es\/ceipeduardolucena\/wp-json\/wp\/v2\/comments?post=542"}],"version-history":[{"count":33,"href":"https:\/\/blogsaverroes.juntadeandalucia.es\/ceipeduardolucena\/wp-json\/wp\/v2\/pages\/542\/revisions"}],"predecessor-version":[{"id":1560,"href":"https:\/\/blogsaverroes.juntadeandalucia.es\/ceipeduardolucena\/wp-json\/wp\/v2\/pages\/542\/revisions\/1560"}],"wp:attachment":[{"href":"https:\/\/blogsaverroes.juntadeandalucia.es\/ceipeduardolucena\/wp-json\/wp\/v2\/media?parent=542"}],"curies":[{"name":"wp","href":"https:\/\/api.w.org\/{rel}","templated":true}]}}