{"id":618,"date":"2020-02-27T11:32:55","date_gmt":"2020-02-27T10:32:55","guid":{"rendered":"https:\/\/blogsaverroes.juntadeandalucia.es\/ceipeduardolucena\/?page_id=618"},"modified":"2024-03-01T11:24:51","modified_gmt":"2024-03-01T10:24:51","slug":"admision","status":"publish","type":"page","link":"https:\/\/blogsaverroes.juntadeandalucia.es\/ceipeduardolucena\/admision\/","title":{"rendered":"ADMISI\u00d3N 24-25"},"content":{"rendered":"<p><a href=\"https:\/\/blogsaverroes.juntadeandalucia.es\/ceipeduardolucena\/admision\/img_0241\/\" rel=\"attachment wp-att-1218\"><img loading=\"lazy\" decoding=\"async\" class=\"size-medium wp-image-1218 aligncenter\" src=\"https:\/\/blogsaverroes.juntadeandalucia.es\/ceipeduardolucena\/files\/2022\/02\/IMG_0241-300x225.jpg\" alt=\"\" width=\"300\" height=\"225\" srcset=\"https:\/\/blogsaverroes.juntadeandalucia.es\/ceipeduardolucena\/files\/2022\/02\/IMG_0241-300x225.jpg 300w, https:\/\/blogsaverroes.juntadeandalucia.es\/ceipeduardolucena\/files\/2022\/02\/IMG_0241-1024x768.jpg 1024w, https:\/\/blogsaverroes.juntadeandalucia.es\/ceipeduardolucena\/files\/2022\/02\/IMG_0241-768x576.jpg 768w, https:\/\/blogsaverroes.juntadeandalucia.es\/ceipeduardolucena\/files\/2022\/02\/IMG_0241-1536x1152.jpg 1536w, https:\/\/blogsaverroes.juntadeandalucia.es\/ceipeduardolucena\/files\/2022\/02\/IMG_0241.jpg 1600w\" sizes=\"(max-width: 300px) 100vw, 300px\" \/><\/a><\/p>\n<p>Del 1 de marzo&nbsp; al 1 de abril se abre el plazo de presentaci\u00f3n de Solicitudes de Admisi\u00f3n para el pr\u00f3ximo curso 2024\/2025.<\/p>\n<p>ENLACE :<\/p>\n<p><a href=\"https:\/\/www.juntadeandalucia.es\/educacion\/secretariavirtual\/accesoTramite\/543\/\"><strong><span style=\"color: #ff0000\">Presentaci\u00f3n telem\u00e1tica de la admisi\u00f3n del alumnado en los centros docentes sostenidos con fondos p\u00fablicos para el curso escolar 2024\/25 para las ense\u00f1anzas desde el Segundo Ciclo de Infantil hasta Bachillerato<\/span><\/strong><\/a><\/p>\n<p>LA CONSEJER\u00cdA HA HABILITADO UN SISTEMA PARA RELLENAR LA SOLICITUD DE PLAZA Y ENTREGARLA DE FORMA ON LINE (PARA ELLO TEN\u00c9IS QUE TENER A MANO EL D.N.I. Y EL TEL\u00c9FONO M\u00d3VIL).<\/p>\n<p>A CONTINUACI\u00d3N, OS DEJAMOS UN TUTORIAL PARA HACERLO:<\/p>\n<p><strong><span style=\"color: #008000\"><a style=\"color: #008000\" href=\"https:\/\/www.juntadeandalucia.es\/eboja\/2024\/29\/BOJA24-029-00001-40624-01_00296755.pdf\">NORMATIVA PROCEDIMIENTO ADMISI\u00d3N<\/a><\/span><\/strong><\/p>\n<p><a href=\"https:\/\/blogsaverroes.juntadeandalucia.es\/ceipeduardolucena\/admision\/tutorial-para-la-solicitud-de-admisioin-en-centros-docentes-puiblicos-y-privados-concertados-para-cursar-las-ensenthanzas-de-segundo-ciclo-de-educacioin-infantil-pdf\/\"><strong><span style=\"color: #ff6600\">Tutorial para cumplimentar la solicitud de admisi\u00f3n<\/span><\/strong><\/a><\/p>\n<p><strong><span style=\"color: #000080\"><a style=\"color: #000080\" href=\"https:\/\/www.youtube.com\/watch?v=Y4wkwtMteVY\">Video tutorial de ayuda presentaci\u00f3n admisi\u00f3n telem\u00e1tica<\/a><\/span><\/strong><\/p>\n<p><a href=\"https:\/\/blogsaverroes.juntadeandalucia.es\/ceipeduardolucena\/files\/2024\/03\/Impreso-Solicitud-Admisi\u00f3n-2024.pdf\"><span style=\"color: #000080\"><strong>SOLICITUD ADMISI\u00d3N AUTORRELLENABLE<\/strong><\/span><\/a><\/p>\n<p><a href=\"https:\/\/blogsaverroes.juntadeandalucia.es\/ceipeduardolucena\/files\/2024\/03\/VACANTES.pdf\"><span style=\"color: #333399\"><strong>VACANTES OFERTADAS<\/strong><\/span><\/a><\/p>\n<p><strong><span style=\"color: #ff6600\"><a href=\"https:\/\/blogsaverroes.juntadeandalucia.es\/ceipeduardolucena\/files\/2024\/03\/MAPA-INFLUENCIA.pdf\">MAPA DE INFLUENCIA<\/a><\/span><\/strong><\/p>\n<p><a href=\"https:\/\/blogsaverroes.juntadeandalucia.es\/ceipeduardolucena\/files\/2024\/03\/CALLEJERO-INFLUENCIA.pdf\"><strong><span style=\"color: #003300\">CALLEJERO <\/span><\/strong><\/a><\/p>\n<p><a href=\"https:\/\/blogsaverroes.juntadeandalucia.es\/ceipeduardolucena\/files\/2024\/03\/ACLARACIONES-CALLES.pdf\"><strong><span style=\"color: #003300\">ACLARACIONES&nbsp; SOBRE CALLES<\/span><\/strong><\/a><\/p>\n<p><a href=\"https:\/\/blogsaverroes.juntadeandalucia.es\/ceipeduardolucena\/admision\/cuadro-informativo-criterios-baremacion\/\"><span style=\"color: #800080\"><strong>CUADRO CRITERIOS DE BAREMACI\u00d3N<\/strong><\/span><\/a><\/p>\n<p><span style=\"color: #3366ff\"><strong>LISTA BAREMADA DE SOLICITUDES 24-25<span style=\"color: #ff00ff\">(TABL\u00d3N INFORMATIVO DEL CENTRO 15 abril de 2024)<\/span><\/strong><\/span><\/p>\n<p><span style=\"color: #993300\"><strong>PUBLICACI\u00d3N RESOLUCI\u00d3N DEL PROCEDIMIENTO DE ADMISI\u00d3N ALUMNADO CURSO 24-25. 14 de mayo de 2024 (TABL\u00d3N DEL CENTRO)<\/strong><\/span><\/p>\n<p><span style=\"color: #0000ff\"><strong>ADJUDICACI\u00d3N DE PLAZAS ALUMNADO NO ADMITIDO. 24 de mayo de 2024 (TABL\u00d3N DEL CENTRO)<\/strong><\/span><\/p>\n<p><strong><span style=\"color: #008000\">ENLACE PARA REALIZAR LA SOLICITUD DE MANERA TELEM\u00c1TICA (pincha en la imagen)<\/span><\/strong><\/p>\n<p><a href=\"https:\/\/www.juntadeandalucia.es\/educacion\/secretariavirtual\/accesoTramite\/543\/\" rel=\"attachment wp-att-1454\"><img loading=\"lazy\" decoding=\"async\" class=\"aligncenter size-full wp-image-1454\" src=\"https:\/\/blogsaverroes.juntadeandalucia.es\/ceipeduardolucena\/files\/2024\/03\/Vuelta-al-cole.jpg\" alt=\"\" width=\"1131\" height=\"1600\" srcset=\"https:\/\/blogsaverroes.juntadeandalucia.es\/ceipeduardolucena\/files\/2024\/03\/Vuelta-al-cole.jpg 1131w, https:\/\/blogsaverroes.juntadeandalucia.es\/ceipeduardolucena\/files\/2024\/03\/Vuelta-al-cole-212x300.jpg 212w, https:\/\/blogsaverroes.juntadeandalucia.es\/ceipeduardolucena\/files\/2024\/03\/Vuelta-al-cole-724x1024.jpg 724w, https:\/\/blogsaverroes.juntadeandalucia.es\/ceipeduardolucena\/files\/2024\/03\/Vuelta-al-cole-768x1086.jpg 768w, https:\/\/blogsaverroes.juntadeandalucia.es\/ceipeduardolucena\/files\/2024\/03\/Vuelta-al-cole-1086x1536.jpg 1086w, https:\/\/blogsaverroes.juntadeandalucia.es\/ceipeduardolucena\/files\/2024\/03\/Vuelta-al-cole-1448x2048.jpg 1448w\" sizes=\"(max-width: 1131px) 100vw, 1131px\" \/><\/a><\/p>\n<p>&nbsp;<\/p>\n<p>&nbsp;<\/p>\n","protected":false},"excerpt":{"rendered":"<p>Del 1 de marzo&nbsp; al 1 de abril se abre el plazo de presentaci\u00f3n de Solicitudes de Admisi\u00f3n para el pr\u00f3ximo curso 2024\/2025. ENLACE : Presentaci\u00f3n telem\u00e1tica de la admisi\u00f3n del alumnado en los centros docentes sostenidos con fondos p\u00fablicos para el curso escolar 2024\/25 para las ense\u00f1anzas desde el Segundo Ciclo de Infantil hasta &hellip; <\/p>\n<p><a class=\"more-link btn\" href=\"https:\/\/blogsaverroes.juntadeandalucia.es\/ceipeduardolucena\/admision\/\">Seguir leyendo<\/a><\/p>\n","protected":false},"author":1459,"featured_media":0,"parent":0,"menu_order":0,"comment_status":"closed","ping_status":"closed","template":"","meta":{"ngg_post_thumbnail":0,"footnotes":""},"aioseo_notices":[],"_links":{"self":[{"href":"https:\/\/blogsaverroes.juntadeandalucia.es\/ceipeduardolucena\/wp-json\/wp\/v2\/pages\/618"}],"collection":[{"href":"https:\/\/blogsaverroes.juntadeandalucia.es\/ceipeduardolucena\/wp-json\/wp\/v2\/pages"}],"about":[{"href":"https:\/\/blogsaverroes.juntadeandalucia.es\/ceipeduardolucena\/wp-json\/wp\/v2\/types\/page"}],"author":[{"embeddable":true,"href":"https:\/\/blogsaverroes.juntadeandalucia.es\/ceipeduardolucena\/wp-json\/wp\/v2\/users\/1459"}],"replies":[{"embeddable":true,"href":"https:\/\/blogsaverroes.juntadeandalucia.es\/ceipeduardolucena\/wp-json\/wp\/v2\/comments?post=618"}],"version-history":[{"count":37,"href":"https:\/\/blogsaverroes.juntadeandalucia.es\/ceipeduardolucena\/wp-json\/wp\/v2\/pages\/618\/revisions"}],"predecessor-version":[{"id":1456,"href":"https:\/\/blogsaverroes.juntadeandalucia.es\/ceipeduardolucena\/wp-json\/wp\/v2\/pages\/618\/revisions\/1456"}],"wp:attachment":[{"href":"https:\/\/blogsaverroes.juntadeandalucia.es\/ceipeduardolucena\/wp-json\/wp\/v2\/media?parent=618"}],"curies":[{"name":"wp","href":"https:\/\/api.w.org\/{rel}","templated":true}]}}