{"id":986,"date":"2020-09-01T22:44:24","date_gmt":"2020-09-01T20:44:24","guid":{"rendered":"https:\/\/blogsaverroes.juntadeandalucia.es\/ceipeduardolucena\/?page_id=986"},"modified":"2020-09-01T22:44:24","modified_gmt":"2020-09-01T20:44:24","slug":"citas-previas","status":"publish","type":"page","link":"https:\/\/blogsaverroes.juntadeandalucia.es\/ceipeduardolucena\/citas-previas\/","title":{"rendered":"CITAS PREVIAS"},"content":{"rendered":"<p style=\"text-align: center\"><span style=\"font-size: 14pt\"><strong>CITAS SECRETARIA DEL CENTRO<\/strong><\/span><\/p>\n<p style=\"text-align: center\"><strong><span style=\"font-size: 14pt;color: #000000\"><a style=\"color: #000000\" href=\"https:\/\/calendly.com\/citaseduardolucena\/citas-secretaria\">ENLACE<\/a><a href=\"https:\/\/blogsaverroes.juntadeandalucia.es\/ceipeduardolucena\/citas-previas\/citas-secretaria\/\" rel=\"attachment wp-att-987\"><img loading=\"lazy\" decoding=\"async\" class=\"wp-image-987 aligncenter\" src=\"https:\/\/blogsaverroes.juntadeandalucia.es\/ceipeduardolucena\/files\/2020\/09\/citas-secretaria.png\" alt=\"\" width=\"234\" height=\"234\" srcset=\"https:\/\/blogsaverroes.juntadeandalucia.es\/ceipeduardolucena\/files\/2020\/09\/citas-secretaria.png 300w, https:\/\/blogsaverroes.juntadeandalucia.es\/ceipeduardolucena\/files\/2020\/09\/citas-secretaria-150x150.png 150w, https:\/\/blogsaverroes.juntadeandalucia.es\/ceipeduardolucena\/files\/2020\/09\/citas-secretaria-100x100.png 100w, https:\/\/blogsaverroes.juntadeandalucia.es\/ceipeduardolucena\/files\/2020\/09\/citas-secretaria-24x24.png 24w, https:\/\/blogsaverroes.juntadeandalucia.es\/ceipeduardolucena\/files\/2020\/09\/citas-secretaria-36x36.png 36w, https:\/\/blogsaverroes.juntadeandalucia.es\/ceipeduardolucena\/files\/2020\/09\/citas-secretaria-48x48.png 48w\" sizes=\"(max-width: 234px) 100vw, 234px\" \/><\/a><\/span><\/strong><\/p>\n<p style=\"text-align: center\"><span style=\"font-size: 14pt;color: #000000\"><strong>O ESCAN\u00c9AME&nbsp;<\/strong><\/span><\/p>\n<p style=\"text-align: center\"><span style=\"font-size: 14pt;color: #0000ff\"><strong>CITAS DIRECCI\u00d3N DEL CENTRO<\/strong><\/span><\/p>\n<p style=\"text-align: center\"><strong><span style=\"font-size: 14pt\"><a href=\"https:\/\/calendly.com\/direccion-eduardo-lucena\/citas-direccion\">ENLACE<\/a><\/span><\/strong><\/p>\n<p><a href=\"https:\/\/blogsaverroes.juntadeandalucia.es\/ceipeduardolucena\/citas-previas\/citas-direccion\/\" rel=\"attachment wp-att-988\"><img loading=\"lazy\" decoding=\"async\" class=\"wp-image-988 aligncenter\" src=\"https:\/\/blogsaverroes.juntadeandalucia.es\/ceipeduardolucena\/files\/2020\/09\/citas-direcci\u00f3n-150x150.png\" alt=\"\" width=\"234\" height=\"234\" srcset=\"https:\/\/blogsaverroes.juntadeandalucia.es\/ceipeduardolucena\/files\/2020\/09\/citas-direcci\u00f3n-150x150.png 150w, https:\/\/blogsaverroes.juntadeandalucia.es\/ceipeduardolucena\/files\/2020\/09\/citas-direcci\u00f3n-100x100.png 100w, https:\/\/blogsaverroes.juntadeandalucia.es\/ceipeduardolucena\/files\/2020\/09\/citas-direcci\u00f3n-24x24.png 24w, https:\/\/blogsaverroes.juntadeandalucia.es\/ceipeduardolucena\/files\/2020\/09\/citas-direcci\u00f3n-36x36.png 36w, https:\/\/blogsaverroes.juntadeandalucia.es\/ceipeduardolucena\/files\/2020\/09\/citas-direcci\u00f3n-48x48.png 48w, https:\/\/blogsaverroes.juntadeandalucia.es\/ceipeduardolucena\/files\/2020\/09\/citas-direcci\u00f3n.png 300w\" sizes=\"(max-width: 234px) 100vw, 234px\" \/><\/a><\/p>\n<p style=\"text-align: center\"><span style=\"color: #0000ff;font-size: 14pt\"><strong>O ESCAN\u00c9AME<\/strong><\/span><\/p>\n<p>&nbsp;<\/p>\n<p style=\"text-align: center\"><strong><span style=\"font-size: 14pt;color: #ff0000\">CITAS JEFATURA DEL CENTRO<\/span><\/strong><\/p>\n<p style=\"text-align: center\"><strong><span style=\"font-size: 14pt\"><a href=\"https:\/\/calendly.com\/j-estudiose-lucena\/citas-jefatura-ceip-eduardo-lucena\">ENLACE<\/a><\/span><\/strong><\/p>\n<p><a href=\"https:\/\/blogsaverroes.juntadeandalucia.es\/ceipeduardolucena\/citas-previas\/frame-1\/\" rel=\"attachment wp-att-989\"><img loading=\"lazy\" decoding=\"async\" class=\"wp-image-989 aligncenter\" src=\"https:\/\/blogsaverroes.juntadeandalucia.es\/ceipeduardolucena\/files\/2020\/09\/frame-1.png\" alt=\"\" width=\"234\" height=\"234\" srcset=\"https:\/\/blogsaverroes.juntadeandalucia.es\/ceipeduardolucena\/files\/2020\/09\/frame-1.png 300w, https:\/\/blogsaverroes.juntadeandalucia.es\/ceipeduardolucena\/files\/2020\/09\/frame-1-150x150.png 150w, https:\/\/blogsaverroes.juntadeandalucia.es\/ceipeduardolucena\/files\/2020\/09\/frame-1-100x100.png 100w, https:\/\/blogsaverroes.juntadeandalucia.es\/ceipeduardolucena\/files\/2020\/09\/frame-1-24x24.png 24w, https:\/\/blogsaverroes.juntadeandalucia.es\/ceipeduardolucena\/files\/2020\/09\/frame-1-36x36.png 36w, https:\/\/blogsaverroes.juntadeandalucia.es\/ceipeduardolucena\/files\/2020\/09\/frame-1-48x48.png 48w\" sizes=\"(max-width: 234px) 100vw, 234px\" \/><\/a><\/p>\n<p style=\"text-align: center\"><span style=\"color: #ff0000\"><strong><span style=\"font-size: 14pt\">O ESCAN\u00c9AME<\/span><\/strong><\/span><\/p>\n","protected":false},"excerpt":{"rendered":"<p>CITAS SECRETARIA DEL CENTRO ENLACE O ESCAN\u00c9AME&nbsp; CITAS DIRECCI\u00d3N DEL CENTRO ENLACE O ESCAN\u00c9AME &nbsp; CITAS JEFATURA DEL CENTRO ENLACE O ESCAN\u00c9AME<\/p>\n","protected":false},"author":1459,"featured_media":0,"parent":0,"menu_order":0,"comment_status":"closed","ping_status":"closed","template":"","meta":{"ngg_post_thumbnail":0,"footnotes":""},"aioseo_notices":[],"_links":{"self":[{"href":"https:\/\/blogsaverroes.juntadeandalucia.es\/ceipeduardolucena\/wp-json\/wp\/v2\/pages\/986"}],"collection":[{"href":"https:\/\/blogsaverroes.juntadeandalucia.es\/ceipeduardolucena\/wp-json\/wp\/v2\/pages"}],"about":[{"href":"https:\/\/blogsaverroes.juntadeandalucia.es\/ceipeduardolucena\/wp-json\/wp\/v2\/types\/page"}],"author":[{"embeddable":true,"href":"https:\/\/blogsaverroes.juntadeandalucia.es\/ceipeduardolucena\/wp-json\/wp\/v2\/users\/1459"}],"replies":[{"embeddable":true,"href":"https:\/\/blogsaverroes.juntadeandalucia.es\/ceipeduardolucena\/wp-json\/wp\/v2\/comments?post=986"}],"version-history":[{"count":2,"href":"https:\/\/blogsaverroes.juntadeandalucia.es\/ceipeduardolucena\/wp-json\/wp\/v2\/pages\/986\/revisions"}],"predecessor-version":[{"id":991,"href":"https:\/\/blogsaverroes.juntadeandalucia.es\/ceipeduardolucena\/wp-json\/wp\/v2\/pages\/986\/revisions\/991"}],"wp:attachment":[{"href":"https:\/\/blogsaverroes.juntadeandalucia.es\/ceipeduardolucena\/wp-json\/wp\/v2\/media?parent=986"}],"curies":[{"name":"wp","href":"https:\/\/api.w.org\/{rel}","templated":true}]}}