{"id":141,"date":"2015-03-17T07:13:24","date_gmt":"2015-03-17T07:13:24","guid":{"rendered":"http:\/\/blogsaverroes.juntadeandalucia.es\/pre\/ceip\/?page_id=141"},"modified":"2026-03-03T11:47:39","modified_gmt":"2026-03-03T10:47:39","slug":"admision","status":"publish","type":"page","link":"https:\/\/blogsaverroes.juntadeandalucia.es\/ceipelalmendralcarmona\/admision\/","title":{"rendered":"ADMISI\u00d3N CURSO 2026\/2027"},"content":{"rendered":"<p style=\"text-align: center\"><a href=\"https:\/\/blogsaverroes.juntadeandalucia.es\/ceipelalmendralcarmona\/admision\/escolarizacion\/\" rel=\"attachment wp-att-5541\"><img loading=\"lazy\" decoding=\"async\" class=\"wp-image-5541 aligncenter\" src=\"https:\/\/blogsaverroes.juntadeandalucia.es\/ceipelalmendralcarmona\/files\/2021\/09\/ESCOLARIZACI\u00d3N.png\" alt=\"\" width=\"249\" height=\"33\" srcset=\"https:\/\/blogsaverroes.juntadeandalucia.es\/ceipelalmendralcarmona\/files\/2021\/09\/ESCOLARIZACI\u00d3N.png 733w, https:\/\/blogsaverroes.juntadeandalucia.es\/ceipelalmendralcarmona\/files\/2021\/09\/ESCOLARIZACI\u00d3N-300x40.png 300w\" sizes=\"(max-width: 249px) 100vw, 249px\" \/><\/a><a href=\"https:\/\/blogsaverroes.juntadeandalucia.es\/ceipelalmendralcarmona\/files\/2021\/09\/ADMISION.png\"><img loading=\"lazy\" decoding=\"async\" class=\" wp-image-5540 aligncenter\" src=\"https:\/\/blogsaverroes.juntadeandalucia.es\/ceipelalmendralcarmona\/files\/2021\/09\/ADMISION.png\" alt=\"\" width=\"468\" height=\"105\" srcset=\"https:\/\/blogsaverroes.juntadeandalucia.es\/ceipelalmendralcarmona\/files\/2021\/09\/ADMISION.png 432w, https:\/\/blogsaverroes.juntadeandalucia.es\/ceipelalmendralcarmona\/files\/2021\/09\/ADMISION-300x67.png 300w\" sizes=\"(max-width: 468px) 100vw, 468px\" \/><span style=\"font-size: 30pt;color: #0000ff\"><strong>CURSO 2026\/2027<\/strong><\/span><\/a><\/p>\n<p>Este curso incluimos como novedad que el acceso a Acceso a Admisi\u00f3n en centros docentes p\u00fablicos y privados concertados para cursar las Ense\u00f1anzas de Segundo Ciclo de Educaci\u00f3n Infantil, Educaci\u00f3n Primaria, Educaci\u00f3n Secundaria Obligatoria y Bachillerato&nbsp;<b>para el curso escolar 2026\/2027 se har\u00e1 de manera prioritaria <span style=\"color: #ff0000\"><a style=\"color: #ff0000\" href=\"https:\/\/secretariavirtual.juntadeandalucia.es\/secretariavirtual\/accesoTramite\/543\/\">\u00abTELEM\u00c1TICA\u00bb (pinche aqu\u00ed)&nbsp;<\/a><\/span><\/b><\/p>\n<p><span style=\"text-decoration: underline;font-size: 14pt;color: #ff0000\"><strong>Para ello tenemos horario de atenci\u00f3n de secretar\u00eda de lunes a viernes de 09:15 a 11:00<\/strong><\/span><\/p>\n<p><span style=\"color: #000000\"><strong>Por las tardes se atender\u00e1n con cita exclusivamente v\u00eda telef\u00f3nica, los lunes 9, 16 y 23 de marzo en horario&nbsp; de 16:00 a 17:00.<\/strong><\/span><\/p>\n<p><span style=\"text-decoration: underline;font-size: 18pt\"><strong>Adem\u00e1s os dejamos unos v\u00eddeos tutoriales muy sencillos paso a paso para poder realizar la solicitud v\u00eda telem\u00e1tica, que ser\u00e1 necesario tener el certificado o clave pin.<\/strong><\/span><\/p>\n<p><iframe loading=\"lazy\" src=\"\/\/www.youtube.com\/embed\/Y4wkwtMteVY\" width=\"560\" height=\"314\"><\/iframe><\/p>\n<p><iframe loading=\"lazy\" src=\"\/\/www.youtube.com\/embed\/ksm-g4kbVnQ?t=84s\" width=\"560\" height=\"314\"><\/iframe><\/p>\n<p style=\"text-align: center\"><strong>Pulsa sobre el enlaces para acceder a&#8230; <a href=\"https:\/\/blogsaverroes.juntadeandalucia.es\/ceipelalmendralcarmona\/matriculacion\/\" target=\"_blank\" rel=\"noopener noreferrer\"><span style=\"text-decoration: underline\"><span style=\"font-size: 16pt\">MATRICULACI\u00d3N<\/span><\/span><\/a><\/strong><\/p>\n<div class=\"osc-res-tab tabbable   osc-tabs-left\"><div style=\"clear:both;width: 100%;\"><ul class=\"nav osc-res-nav nav-tabs osc-tabs-left-ul\" id=\"oscitas-restabs-1-admision-97362\"><li class=\"active\"><a href=\"#ert_pane1-0\" data-toggle=\"tab\"><strong>INFORMACI\u00d3N GENERAL<\/strong><\/a><\/li><li class=\"\"><a href=\"#ert_pane1-1\" data-toggle=\"tab\"><strong>NOVEDADES<\/strong><\/a><\/li><li class=\"\"><a href=\"#ert_pane1-2\" data-toggle=\"tab\"><strong>PORTALES<\/strong><\/a><\/li><li class=\"\"><a href=\"#ert_pane1-3\" data-toggle=\"tab\"><strong>IMPRESOS<\/strong><\/a><\/li><\/ul><\/div><div style=\"clear:both;width: 100%;\"><ul class=\"tab-content\" id=\"oscitas-restabcontent-1-admision-97362\"><li class=\"tab-pane active\" id=\"ert_pane1-0\"><\/p>\n<table style=\"height: 468.141px;width: 100%\" border=\"2\">\n<tbody>\n<tr style=\"height: 22px\">\n<td style=\"background-color: #ed951a;border-color: #000000;text-align: center;height: 44px;width: 34.1432%\" rowspan=\"2\"><a href=\"https:\/\/blogsaverroes.juntadeandalucia.es\/ceipelalmendralcarmona\/pagina-ejemplo-2\/instalaciones-del-centro\/teachers-day-2016-us-6296626244091904-2-hp2x\/\" rel=\"attachment wp-att-5450\"><img loading=\"lazy\" decoding=\"async\" class=\"alignnone size-full wp-image-5450\" src=\"https:\/\/blogsaverroes.juntadeandalucia.es\/ceipelalmendralcarmona\/files\/2021\/09\/teachers-day-2016-us-6296626244091904.2-hp2x.gif\" alt=\"\" width=\"860\" height=\"430\"><\/a><\/td>\n<td style=\"background-color: #1af053;height: 22px;width: 44.6292%\"><a href=\"https:\/\/blogsaverroes.juntadeandalucia.es\/ceipelalmendralcarmona\/admision\/admision-3\/\" rel=\"attachment wp-att-5540\"><img loading=\"lazy\" decoding=\"async\" class=\"size-full wp-image-5540 alignright\" src=\"https:\/\/blogsaverroes.juntadeandalucia.es\/ceipelalmendralcarmona\/files\/2021\/09\/ADMISION.png\" alt=\"\" width=\"432\" height=\"97\" srcset=\"https:\/\/blogsaverroes.juntadeandalucia.es\/ceipelalmendralcarmona\/files\/2021\/09\/ADMISION.png 432w, https:\/\/blogsaverroes.juntadeandalucia.es\/ceipelalmendralcarmona\/files\/2021\/09\/ADMISION-300x67.png 300w\" sizes=\"(max-width: 432px) 100vw, 432px\" \/><\/a><\/td>\n<\/tr>\n<tr style=\"height: 22px\">\n<td style=\"background-color: #1af053;text-align: center;height: 22px;width: 44.6292%\"><strong>Documentos publicados en los <span style=\"text-decoration: underline\">tablones de anuncios<\/span> del centro<\/strong><\/td>\n<\/tr>\n<tr style=\"height: 56px\">\n<td style=\"background-color: #ed951a;border-color: #000000;text-align: center;height: 201.141px;width: 34.1432%\" rowspan=\"2\">\n<h3 style=\"text-align: center\"><span style=\"text-decoration: underline\"><strong>PORTALES<\/strong><\/span><\/h3>\n<ul>\n<li style=\"text-align: left\"><strong><a href=\"http:\/\/www.juntadeandalucia.es\/educacion\/portales\/web\/escolarizacion\/infantil-a-bachillerato\">CONSEJER\u00cdA DE EDUCACI\u00d3N. Portal de Escolarizaci\u00f3n<\/a>.<br \/>\n<\/strong><\/li>\n<\/ul>\n<\/td>\n<td style=\"text-align: left;background-color: #c4c91c;height: 56px;width: 44.6292%\">\n<ul>\n<li><strong>Fecha de publicaci\u00f3n: <\/strong><\/li>\n<\/ul>\n<\/td>\n<\/tr>\n<tr style=\"height: 145.141px\">\n<td style=\"text-align: left;height: 358.141px;background-color: #c4c91c;width: 44.6292%\" rowspan=\"3\">\n<ul>\n<li><span style=\"font-size: 18pt\"><strong>PROCEDIMIENTO DE ADMISI\u00d3N DE ALUMNADO PARA EL CURSO 2026\/2027 <\/strong><\/span>EN LOS CENTROS P\u00daBLICOS Y PRIVADOS CONCERTADOS QUE IMPARTEN EL SEGUNDO CICLO DE EDUCACI\u00d3N INFANTIL, EDUCACI\u00d3N PRIMARIA, EDUCACI\u00d3N ESPECIAL, EDUCACI\u00d3N SECUNDARIA OBLIGATORIA Y BACHILLERATO. Documentaci\u00f3n que nos informa de:\n<ul>\n<li>Plazas vacantes por cursos.<\/li>\n<li>Plazas de reserva.<\/li>\n<li>Plazas para Aula Matinal y Comedor,<\/li>\n<li>Relaci\u00f3n de paradas de Transporte Escolar.<\/li>\n<li>&#8230;<\/li>\n<\/ul>\n<\/li>\n<li>Se publica en la web del colegio.<\/li>\n<\/ul>\n<\/td>\n<\/tr>\n<tr style=\"height: 80px\">\n<td style=\"background-color: #ed951a;border-color: #000000;text-align: left;height: 80px;width: 34.1432%\">\n<p style=\"text-align: center\"><span style=\"text-decoration: underline;font-size: 14pt\"><strong>PLAZO<\/strong><\/span><\/p>\n<ul>\n<li><span style=\"font-size: 16pt\"><strong>Del 1 al 31 de Marzo de 2026.<\/strong><\/span><\/li>\n<\/ul>\n<\/td>\n<\/tr>\n<tr style=\"height: 133px\">\n<td style=\"background-color: #ed951a;border-color: #000000;text-align: center;height: 133px;width: 34.1432%\"><span style=\"text-decoration: underline;font-size: 14pt\"><strong>DOCUMENTACI\u00d3N NECESARIA<\/strong><\/span><\/p>\n<ul>\n<li><strong><a href=\"https:\/\/secretariavirtual.juntadeandalucia.es\/secretariavirtual\/accesoTramite\/543\/\">PRIORITARIAMENTE V\u00cdA TELEM\u00c1TICA<\/a><\/strong><\/li>\n<li style=\"text-align: left\"><a href=\"https:\/\/www.juntadeandalucia.es\/educacion\/portales\/documents\/100629\/669352\/Anexo%20III\/16050806-cd1f-89da-678f-001bb54aab73?version=1.0\" target=\"_blank\" rel=\"noopener noreferrer\"><strong>ANEXO III. Admisi\u00f3n<\/strong><\/a><\/li>\n<\/ul>\n<ul style=\"list-style-type: circle\">\n<li style=\"text-align: left\"><span style=\"font-size: 10pt\">Puedes realizar este tr\u00e1mite personalmente en la <strong>Secretaria del colegio<\/strong>, en <strong>HORARIO<\/strong> de <strong>9:15 a 11:00<\/strong>, y si no quiere esperar, pidiendo <a href=\"https:\/\/blogsaverroes.juntadeandalucia.es\/ceipelalmendralcarmona\/secretaria\/#ert_pane1-2\"><strong>CITA PREVIA<\/strong><\/a>, (pulse sobre este enlace), o bien, de forma telem\u00e1tica desde la <a href=\"https:\/\/blogsaverroes.juntadeandalucia.es\/ceipelalmendralcarmona\/secretaria-virtual\/\" target=\"_blank\" rel=\"noopener noreferrer\"><strong>SECRETARIA VIRTUAL DE LOS CENTROS EDUCATIVOS<\/strong><\/a>, <\/span><\/li>\n<\/ul>\n<\/td>\n<\/tr>\n<tr style=\"height: 10px\">\n<td style=\"background-color: #ed951a;border-color: #000000;text-align: center;height: 10px;width: 34.1432%\" rowspan=\"2\">\n<h3><strong>CALENDARIO<\/strong><\/h3>\n<ul>\n<li style=\"text-align: left\"><a href=\"https:\/\/www.juntadeandalucia.es\/educacion\/portales\/web\/escolarizacion\/infantil-a-bachillerato\/calendario\"><strong>Calendario en el PROCESO DE&nbsp; ESCOLARIZACI\u00d3N<\/strong><\/a><\/li>\n<\/ul>\n<\/td>\n<td style=\"background-color: #1af053;text-align: left;height: 10px;width: 44.6292%\" rowspan=\"2\">\n<ul>\n<li style=\"text-align: left\">\n<div class=\"titulo\"><span style=\"font-size: 14pt\"><strong><span style=\"text-decoration: underline\">RELACI\u00d3N BAREMADA DEL ALUMNADO SOLICITANTE<\/span>.<\/strong><\/span><\/div>\n<\/li>\n<\/ul>\n<div class=\"titulo\" style=\"text-align: center\"><span style=\"font-size: 14pt\"><span class=\"texto\">Del<\/span> 17 <span class=\"texto\">al<\/span> <strong><span class=\"fecha-dia\">20<\/span>&nbsp;<span class=\"texto\">de<\/span> <span class=\"fecha-mes\">abril<\/span> <span class=\"texto\">de<\/span> <span class=\"fecha-anyo\">2026.<\/span><\/strong><\/span><\/div>\n<div>\n<ul>\n<li style=\"list-style-type: none\">\n<ul>\n<li><strong>Fecha de publicaci\u00f3n en el tabl\u00f3n de anuncios del colegio:&nbsp; 20\/04\/2026<\/strong><\/li>\n<\/ul>\n<\/li>\n<\/ul>\n<\/div>\n<ul>\n<li style=\"list-style-type: none\">\n<ul>\n<li class=\"titulo\" style=\"text-align: left\"><span style=\"font-size: 10pt\">Esta documentaci\u00f3n no se publica en la web del colegio.<\/span><\/li>\n<li class=\"titulo\" style=\"text-align: left\"><span style=\"font-size: 14pt\"><span style=\"font-size: 10pt\">Puede consultar la puntuaci\u00f3n obtenida por su hijo\/hija en la <a href=\"https:\/\/blogsaverroes.juntadeandalucia.es\/ceipelalmendralcarmona\/secretaria-virtual\/\" target=\"_blank\" rel=\"noopener noreferrer\"><strong>SECRETARIA VIRTUAL DE LOS CENTROS EDUCATIVOS<\/strong><\/a>, portal de Consejer\u00eda de Educaci\u00f3n.<\/span><strong><br \/>\n<\/strong><\/span><\/li>\n<\/ul>\n<\/li>\n<\/ul>\n<\/td>\n<\/tr>\n<\/tbody>\n<\/table>\n<p>&nbsp;<\/p>\n<table style=\"width: 100%;border-collapse: collapse\" border=\"2\">\n<tbody>\n<tr>\n<td style=\"width: 43.6061%;background-color: #ed951a\">\n<h3 style=\"text-align: center\"><strong>IMPRESOS<\/strong><\/h3>\n<ul>\n<li><a href=\"https:\/\/www.juntadeandalucia.es\/educacion\/portales\/documents\/100629\/669352\/Anexo%20III\/16050806-cd1f-89da-678f-001bb54aab73?version=1.0\"><strong>ANEXO III. Admisi\u00f3n<\/strong><\/a><\/li>\n<li><a href=\"https:\/\/www.juntadeandalucia.es\/educacion\/portales\/documents\/100629\/669352\/Anexo%20IX\/fdf4344b-6c9e-be16-e927-4e63760f0992?version=1.0\"><strong>ANEXO IX Solicitud Procedimiento Extraordinario de Admisi\u00f3n<\/strong><\/a><\/li>\n<\/ul>\n<\/td>\n<td style=\"width: 56.3939%;background-color: #4176cc\">\n<ul>\n<li class=\"titulo\"><span style=\"text-decoration: underline\"><span style=\"font-size: 14pt\"><strong>TR\u00c1MITE DE AUDIENCIA.<\/strong><\/span><\/span>\n<ul>\n<li class=\"resumen\"><span class=\"texto\">Del<\/span> <span style=\"font-size: 18pt\"><strong><span class=\"fecha-dia\">21<\/span> de abril&nbsp; 2026<\/strong><strong><span class=\"texto\">. (Durante 10 d\u00edas lectivos)<\/span><\/strong><\/span><\/li>\n<\/ul>\n<\/li>\n<\/ul>\n<\/td>\n<\/tr>\n<tr>\n<td style=\"width: 43.6061%;background-color: #ed951a\">\n<h3 style=\"text-align: center\"><span style=\"text-decoration: underline\"><strong>NORMATIVA<\/strong><\/span><\/h3>\n<ul>\n<li style=\"list-style-type: none\">\n<ul>\n<li><a href=\"https:\/\/www.juntadeandalucia.es\/educacion\/portales\/web\/escolarizacion\/infantil-a-bachillerato\/normativa\"><strong>Escolarizaci\u00f3n.<\/strong><\/a><\/li>\n<li><a href=\"https:\/\/www.juntadeandalucia.es\/organismos\/educacionydeporte\/areas\/educacion-familias\/servicios-complementarios\/paginas\/servicio-transporte-escolar.html\" target=\"_blank\" rel=\"noopener noreferrer\"><strong>Transporte Escolar.<\/strong><\/a><\/li>\n<li><strong><a href=\"https:\/\/www.juntadeandalucia.es\/organismos\/educacionydeporte\/areas\/educacion-familias\/servicios-complementarios.html\" target=\"_blank\" rel=\"noopener noreferrer\">Servicios Complementarios<\/a><\/strong><\/li>\n<\/ul>\n<\/li>\n<\/ul>\n<\/td>\n<td style=\"width: 56.3939%;background-color: #ba91d9\">\n<ul>\n<li class=\"titulo\"><span style=\"text-decoration: underline\"><span style=\"font-size: 14pt\"><strong>SORTEO P\u00daBLICO PARA DIRIMIR EMPATES.<\/strong><\/span><\/span><\/li>\n<\/ul>\n<p style=\"text-align: center\"><span style=\"text-decoration: underline\"><span style=\"font-size: 18pt\"><strong><span class=\"fecha-dia\">13<\/span>&nbsp;<span class=\"texto\">de<\/span> <span class=\"fecha-mes\">mayo<\/span> <span class=\"texto\">de<\/span> <span class=\"fecha-anyo\">2026<\/span><\/strong><\/span><\/span><\/p>\n<\/td>\n<\/tr>\n<tr>\n<td style=\"width: 43.6061%;background-color: #ed951a\">\n<h3 style=\"text-align: center\"><strong><span style=\"text-decoration: underline\">AUTOBAREMO<\/span><br \/>\n<\/strong><\/h3>\n<ul>\n<li><a href=\"https:\/\/www.juntadeandalucia.es\/educacion\/portales\/web\/escolarizacion\/infantil-a-bachillerato\/autobaremo\"><strong>Enlace web de Consejer\u00eda para realizar autobaremo<\/strong><\/a><\/li>\n<\/ul>\n<\/td>\n<td style=\"width: 56.3939%;background-color: #c74c8d\">\n<ul>\n<li class=\"titulo\"><span style=\"text-decoration: underline\"><span style=\"font-size: 14pt\"><strong>PUBLICACI\u00d3N DE LA RESOLUCI\u00d3N DEL PROCEDIMIENTO DE ADMISI\u00d3N<\/strong><\/span><\/span><\/li>\n<\/ul>\n<div class=\"wrapper_fecha\">\n<p class=\"fecha\" style=\"text-align: center\"><span style=\"text-decoration: underline;font-size: 18pt\"><strong><span class=\"fecha-dia\">14<\/span>&nbsp;<span class=\"texto\">de<\/span> <span class=\"fecha-mes\">mayo<\/span> <span class=\"texto\">de<\/span> <span class=\"fecha-anyo\">2026<\/span><\/strong><\/span><\/p>\n<ul>\n<li style=\"list-style-type: none\">\n<ul>\n<li class=\"titulo\"><span style=\"font-size: 10pt\">Esta documentaci\u00f3n no se publica en la web del colegio.<\/span><\/li>\n<li class=\"titulo\"><span style=\"font-size: 10pt\">Puede consultar la puntuaci\u00f3n obtenida por su hijo\/hija en la <a href=\"https:\/\/blogsaverroes.juntadeandalucia.es\/ceipelalmendralcarmona\/secretaria-virtual\/\" target=\"_blank\" rel=\"noopener noreferrer\"><strong>SECRETARIA VIRTUAL DE LOS CENTROS EDUCATIVOS<\/strong><\/a><strong>,<\/strong> portal de Consejer\u00eda de Educaci\u00f3n.<\/span><\/li>\n<\/ul>\n<\/li>\n<\/ul>\n<\/div>\n<\/td>\n<\/tr>\n<tr>\n<td style=\"width: 43.6061%;background-color: #ed951a\">&nbsp;<\/td>\n<td style=\"width: 56.3939%;background-color: #cc9923\">\n<ul>\n<li class=\"titulo\"><span style=\"text-decoration: underline\"><span style=\"font-size: 14pt\"><strong>PUBLICACI\u00d3N DE LA RESOLUCI\u00d3N DE ADJUDICACI\u00d3N DE PLAZA DEL ALUMNADO NO ADMITIDO EN EL CENTRO DOCENTE ELEGIDO COMO PRIORITARIO (reubicaci\u00f3n)<\/strong><\/span><\/span><\/li>\n<\/ul>\n<div class=\"wrapper_fecha\">\n<p class=\"fecha\" style=\"text-align: center\"><span style=\"text-decoration: underline;font-size: 18pt\"><strong><span class=\"fecha-dia\">25<\/span>&nbsp;<span class=\"texto\">de<\/span> <span class=\"fecha-mes\">mayo<\/span> <span class=\"texto\">de<\/span> <span class=\"fecha-anyo\">2026<\/span><\/strong><\/span><\/p>\n<ul>\n<li style=\"list-style-type: none\">\n<ul>\n<li class=\"titulo\"><span style=\"font-size: 10pt\">Esta documentaci\u00f3n no se publica en la web del colegio.<\/span><\/li>\n<li class=\"titulo\"><span style=\"font-size: 10pt\">Puede consultar la puntuaci\u00f3n obtenida por su hijo\/hija en la <a href=\"https:\/\/blogsaverroes.juntadeandalucia.es\/ceipelalmendralcarmona\/secretaria-virtual\/\" target=\"_blank\" rel=\"noopener noreferrer\"><strong>SECRETARIA VIRTUAL DE LOS CENTROS EDUCATIVOS<\/strong><\/a><strong>,<\/strong> portal de Consejer\u00eda de Educaci\u00f3n.<\/span><\/li>\n<\/ul>\n<\/li>\n<\/ul>\n<\/div>\n<\/td>\n<\/tr>\n<tr>\n<td style=\"width: 43.6061%;background-color: #ed951a\">&nbsp;<\/td>\n<td style=\"width: 56.3939%;background-color: #23cc3f\">\n<ul>\n<li style=\"text-align: center\"><span style=\"text-decoration: underline\"><span style=\"font-size: 14pt\"><strong>RECLAMACIONES\/RECURSOS DE ALZADA<\/strong><\/span><\/span><\/li>\n<\/ul>\n<p style=\"text-align: center\"><span style=\"font-size: 14pt\"><strong><span style=\"text-decoration: underline\">Del 26 de mayo al 26 de junio de 2026<\/span><\/strong><\/span><\/p>\n<\/td>\n<\/tr>\n<\/tbody>\n<\/table>\n<p>&nbsp;<\/p>\n<p><\/li><li class=\"tab-pane \" id=\"ert_pane1-1\"><\/p>\n<p>Pulsa sobre el enlace:<\/p>\n<p>Relaci\u00f3n de publicaciones en la web sobre <a href=\"https:\/\/blogsaverroes.juntadeandalucia.es\/ceipelalmendralcarmona\/category\/secretaria\/escolarizacion\/\" target=\"_blank\" rel=\"noopener noreferrer\"><strong>ESCOLARIZACI\u00d3N<\/strong><\/a><\/p>\n<p><a href=\"https:\/\/blogsaverroes.juntadeandalucia.es\/ceipelalmendralcarmona\/2021\/08\/31\/alta-plan-apertura-comedor-aula-matinal-actividades-extraescolares\/buscar\/\" rel=\"attachment wp-att-5312\"><img loading=\"lazy\" decoding=\"async\" class=\"size-full wp-image-5312 aligncenter\" src=\"https:\/\/blogsaverroes.juntadeandalucia.es\/ceipelalmendralcarmona\/files\/2021\/08\/buscar.gif\" alt=\"\" width=\"240\" height=\"320\"><\/a><\/p>\n<p><\/li><li class=\"tab-pane \" id=\"ert_pane1-2\"><\/p>\n<ul>\n<li><strong><a href=\"http:\/\/www.juntadeandalucia.es\/educacion\/portales\/web\/escolarizacion\/infantil-a-bachillerato\">CONSEJER\u00cdA DE EDUCACI\u00d3N. Portal de Escolarizaci\u00f3n<\/a>.<\/strong><\/li>\n<li><strong><a href=\"https:\/\/www.juntadeandalucia.es\/educacion\/portales\/web\/escolarizacion\/infantil-a-bachillerato\/impresos\" target=\"_blank\" rel=\"noopener noreferrer\">IMPRESOS<\/a><\/strong><\/li>\n<li><strong><a href=\"https:\/\/www.juntadeandalucia.es\/educacion\/portales\/web\/escolarizacion\/infantil-a-bachillerato\/autobaremo\" target=\"_blank\" rel=\"noopener noreferrer\">AUTOBAREMO<\/a><\/strong><\/li>\n<li>\n<h3><strong>NORMATIVA<\/strong><\/h3>\n<ul>\n<li><strong><a href=\"http:\/\/www.juntadeandalucia.es\/educacion\/portales\/web\/escolarizacion\/infantil-a-bachillerato\/normativa\" target=\"_blank\" rel=\"noopener noreferrer\">Escolarizaci\u00f3n.<\/a><\/strong><\/li>\n<li><a href=\"https:\/\/www.juntadeandalucia.es\/organismos\/educacionydeporte\/areas\/educacion-familias\/servicios-complementarios\/paginas\/servicio-transporte-escolar.html\" target=\"_blank\" rel=\"noopener noreferrer\"><strong>Transporte Escolar.<\/strong><\/a><\/li>\n<li><strong><a href=\"https:\/\/www.juntadeandalucia.es\/organismos\/educacionydeporte\/areas\/educacion-familias\/servicios-complementarios.html\" target=\"_blank\" rel=\"noopener noreferrer\">Servicios Complementarios<\/a><\/strong><\/li>\n<\/ul>\n<\/li>\n<\/ul>\n<p><a href=\"https:\/\/blogsaverroes.juntadeandalucia.es\/ceipelalmendralcarmona\/2021\/08\/31\/alta-plan-apertura-comedor-aula-matinal-actividades-extraescolares\/buscar\/\" rel=\"attachment wp-att-5312\"><img loading=\"lazy\" decoding=\"async\" class=\"size-full wp-image-5312 aligncenter\" src=\"https:\/\/blogsaverroes.juntadeandalucia.es\/ceipelalmendralcarmona\/files\/2021\/08\/buscar.gif\" alt=\"\" width=\"240\" height=\"320\"><\/a><\/p>\n<p>&nbsp;<\/p>\n<p><\/li><li class=\"tab-pane \" id=\"ert_pane1-3\"><\/p>\n<ul>\n<li><a href=\"https:\/\/www.juntadeandalucia.es\/educacion\/portales\/documents\/100629\/669352\/Anexo%20III\/16050806-cd1f-89da-678f-001bb54aab73?version=1.0\"><strong>ANEXO III. Admisi\u00f3n<\/strong><\/a><\/li>\n<li><a href=\"https:\/\/www.juntadeandalucia.es\/educacion\/portales\/documents\/100629\/669352\/Anexo%20IX\/fdf4344b-6c9e-be16-e927-4e63760f0992?version=1.0\"><strong>ANEXO IX Solicitud Procedimiento Extraordinario de Admisi\u00f3n<\/strong><\/a><\/li>\n<\/ul>\n<p><\/li><\/ul><\/div><\/div>\n<p>&nbsp;<\/p>\n<p><a href=\"https:\/\/blogsaverroes.juntadeandalucia.es\/ceipelalmendralcarmona\/2017\/03\/02\/tablon-de-anuncios-procedimiento-de-admision-20162017\/familia-caminando-87859\/\" rel=\"attachment wp-att-2592\"><img loading=\"lazy\" decoding=\"async\" class=\"size-full wp-image-2592 aligncenter\" src=\"https:\/\/blogsaverroes.juntadeandalucia.es\/ceipelalmendralcarmona\/files\/2016\/03\/Familia-Caminando-87859.gif\" alt=\"\" width=\"363\" height=\"227\"><\/a><\/p>\n<p>&nbsp;<\/p>\n","protected":false},"excerpt":{"rendered":"<p>CURSO 2026\/2027 Este curso incluimos como novedad que el acceso a Acceso a Admisi\u00f3n en centros docentes p\u00fablicos y privados concertados para cursar las Ense\u00f1anzas de Segundo Ciclo de Educaci\u00f3n Infantil, Educaci\u00f3n Primaria, Educaci\u00f3n Secundaria Obligatoria y Bachillerato&nbsp;para el curso escolar 2026\/2027 se har\u00e1 de manera prioritaria \u00abTELEM\u00c1TICA\u00bb (pinche aqu\u00ed)&nbsp; Para ello tenemos horario de &hellip; <\/p>\n<p><a class=\"more-link btn\" href=\"https:\/\/blogsaverroes.juntadeandalucia.es\/ceipelalmendralcarmona\/admision\/\">Seguir leyendo<\/a><\/p>\n","protected":false},"author":1,"featured_media":0,"parent":0,"menu_order":0,"comment_status":"closed","ping_status":"open","template":"","meta":{"ngg_post_thumbnail":0,"footnotes":"","_mc_calendar":[]},"aioseo_notices":[],"_links":{"self":[{"href":"https:\/\/blogsaverroes.juntadeandalucia.es\/ceipelalmendralcarmona\/wp-json\/wp\/v2\/pages\/141"}],"collection":[{"href":"https:\/\/blogsaverroes.juntadeandalucia.es\/ceipelalmendralcarmona\/wp-json\/wp\/v2\/pages"}],"about":[{"href":"https:\/\/blogsaverroes.juntadeandalucia.es\/ceipelalmendralcarmona\/wp-json\/wp\/v2\/types\/page"}],"author":[{"embeddable":true,"href":"https:\/\/blogsaverroes.juntadeandalucia.es\/ceipelalmendralcarmona\/wp-json\/wp\/v2\/users\/1"}],"replies":[{"embeddable":true,"href":"https:\/\/blogsaverroes.juntadeandalucia.es\/ceipelalmendralcarmona\/wp-json\/wp\/v2\/comments?post=141"}],"version-history":[{"count":68,"href":"https:\/\/blogsaverroes.juntadeandalucia.es\/ceipelalmendralcarmona\/wp-json\/wp\/v2\/pages\/141\/revisions"}],"predecessor-version":[{"id":8891,"href":"https:\/\/blogsaverroes.juntadeandalucia.es\/ceipelalmendralcarmona\/wp-json\/wp\/v2\/pages\/141\/revisions\/8891"}],"wp:attachment":[{"href":"https:\/\/blogsaverroes.juntadeandalucia.es\/ceipelalmendralcarmona\/wp-json\/wp\/v2\/media?parent=141"}],"curies":[{"name":"wp","href":"https:\/\/api.w.org\/{rel}","templated":true}]}}