{"id":2221,"date":"2015-12-23T10:50:22","date_gmt":"2015-12-23T09:50:22","guid":{"rendered":"http:\/\/blogsaverroes.juntadeandalucia.es\/ceipelalmendralcarmona\/?page_id=2221"},"modified":"2021-07-30T20:33:32","modified_gmt":"2021-07-30T19:33:32","slug":"enlaces-ampa","status":"publish","type":"page","link":"https:\/\/blogsaverroes.juntadeandalucia.es\/ceipelalmendralcarmona\/enlaces-ampa\/","title":{"rendered":"Enlaces AMPA"},"content":{"rendered":"<p>&nbsp;<\/p>\n<table style=\"background-color: #71e64e\" cellspacing=\"2\" cellpadding=\"2\" border=\"0\">\n<tbody>\n<tr>\n<td style=\"background-color: #f03737;text-align: center\" colspan=\"2\">\n<h2><span style=\"text-decoration: underline\"><strong><big>ENLACES<\/big><\/strong><\/span><\/h2>\n<\/td>\n<\/tr>\n<tr>\n<td><img loading=\"lazy\" decoding=\"async\" class=\"alignnone size-full wp-image-2174\" src=\"https:\/\/blogsaverroes.juntadeandalucia.es\/ceipelalmendralcarmona\/files\/2015\/12\/abstracto_4.jpg\" alt=\"\" width=\"620\" height=\"465\" srcset=\"https:\/\/blogsaverroes.juntadeandalucia.es\/ceipelalmendralcarmona\/files\/2015\/12\/abstracto_4.jpg 620w, https:\/\/blogsaverroes.juntadeandalucia.es\/ceipelalmendralcarmona\/files\/2015\/12\/abstracto_4-300x225.jpg 300w\" sizes=\"(max-width: 620px) 100vw, 620px\" \/><\/td>\n<td>\n<ul>\n<li><a href=\"https:\/\/www.juntadeandalucia.es\/educacion\/portals\/web\/ced\/inicio\">CONSEJER\u00cdA DE EDUCACI\u00d3N<\/a><\/li>\n<\/ul>\n<ul>\n<li><a href=\"http:\/\/www.mecd.gob.es\/portada-mecd\/\">MINISTERIO DE EDUCACI\u00d3N<\/a><\/li>\n<\/ul>\n<ul>\n<li><a href=\"http:\/\/www.iseandalucia.es\/web\/guest;jsessionid=D57712EFD485F2128138757E6AD082CC\">ISE &#8211; Ente P\u00fablico Andaluz de Infraestructuras y Servicios Educativos.<br \/>\n<\/a><\/li>\n<\/ul>\n<ul>\n<li><a href=\"http:\/\/www.juntadeandalucia.es\/eboja\/2013\/230\/index.html\">Bolet\u00edn Oficial de la Junta de Andaluc\u00eda. BOJA<br \/>\n<\/a><\/li>\n<\/ul>\n<ul>\n<li><a href=\"http:\/\/www.boe.es\/\">Bolet\u00edn Oficial del Estado. BOE<\/a><\/li>\n<\/ul>\n<div>\n<ul>\n<li><a href=\"https:\/\/www.elgustodecrecer.es\/\">MEN\u00daS COMEDOR.<\/a> Web Catering<\/li>\n<\/ul>\n<ul>\n<li><a href=\"http:\/\/www.ceapa.es\" target=\"_blank\" rel=\"noopener noreferrer\">CEAPA<\/a><\/li>\n<\/ul>\n<ul>\n<li><a href=\"http:\/\/www.fampasevilla.org\">FAMPA<\/a><\/li>\n<\/ul>\n<\/div>\n<\/td>\n<\/tr>\n<\/tbody>\n<\/table>\n","protected":false},"excerpt":{"rendered":"<p>&nbsp; ENLACES CONSEJER\u00cdA DE EDUCACI\u00d3N MINISTERIO DE EDUCACI\u00d3N ISE &#8211; Ente P\u00fablico Andaluz de Infraestructuras y Servicios Educativos. Bolet\u00edn Oficial de la Junta de Andaluc\u00eda. BOJA Bolet\u00edn Oficial del Estado. BOE MEN\u00daS COMEDOR. Web Catering CEAPA FAMPA<\/p>\n","protected":false},"author":2517,"featured_media":0,"parent":0,"menu_order":0,"comment_status":"open","ping_status":"open","template":"","meta":{"ngg_post_thumbnail":0,"footnotes":"","_mc_calendar":[]},"aioseo_notices":[],"_links":{"self":[{"href":"https:\/\/blogsaverroes.juntadeandalucia.es\/ceipelalmendralcarmona\/wp-json\/wp\/v2\/pages\/2221"}],"collection":[{"href":"https:\/\/blogsaverroes.juntadeandalucia.es\/ceipelalmendralcarmona\/wp-json\/wp\/v2\/pages"}],"about":[{"href":"https:\/\/blogsaverroes.juntadeandalucia.es\/ceipelalmendralcarmona\/wp-json\/wp\/v2\/types\/page"}],"author":[{"embeddable":true,"href":"https:\/\/blogsaverroes.juntadeandalucia.es\/ceipelalmendralcarmona\/wp-json\/wp\/v2\/users\/2517"}],"replies":[{"embeddable":true,"href":"https:\/\/blogsaverroes.juntadeandalucia.es\/ceipelalmendralcarmona\/wp-json\/wp\/v2\/comments?post=2221"}],"version-history":[{"count":9,"href":"https:\/\/blogsaverroes.juntadeandalucia.es\/ceipelalmendralcarmona\/wp-json\/wp\/v2\/pages\/2221\/revisions"}],"predecessor-version":[{"id":5221,"href":"https:\/\/blogsaverroes.juntadeandalucia.es\/ceipelalmendralcarmona\/wp-json\/wp\/v2\/pages\/2221\/revisions\/5221"}],"wp:attachment":[{"href":"https:\/\/blogsaverroes.juntadeandalucia.es\/ceipelalmendralcarmona\/wp-json\/wp\/v2\/media?parent=2221"}],"curies":[{"name":"wp","href":"https:\/\/api.w.org\/{rel}","templated":true}]}}