{"id":5280,"date":"2021-09-03T00:56:16","date_gmt":"2021-09-02T23:56:16","guid":{"rendered":"https:\/\/blogsaverroes.juntadeandalucia.es\/ceipelalmendralcarmona\/?page_id=5280"},"modified":"2021-09-05T18:55:41","modified_gmt":"2021-09-05T17:55:41","slug":"bonificacion-servicios-complementarios","status":"publish","type":"page","link":"https:\/\/blogsaverroes.juntadeandalucia.es\/ceipelalmendralcarmona\/bonificacion-servicios-complementarios\/","title":{"rendered":"BONIFICACI\u00d3N SERVICIOS COMPLEMENTARIOS"},"content":{"rendered":"<article id=\"post-4412\" class=\"single-view post-4412 page type-page status-publish hentry\">\n<header class=\"entry-header cf\">\n<h1 class=\"entry-title\" style=\"text-align: center\"><span style=\"text-decoration: underline;font-size: 24pt;color: #ff0000\"><strong>Bonificaci\u00f3n de servicios complementarios<br \/>\n<\/strong><\/span><\/h1>\n<\/header>\n<div class=\"entry-content cf\">\n<div class=\"osc-res-tab tabbable   osc-tabs-left\"><div style=\"clear:both;width: 100%;\"><ul class=\"nav osc-res-nav nav-tabs osc-tabs-left-ul\" id=\"oscitas-restabs-1-bonificacion-servicios-complementarios-37683\"><li class=\"active\"><a href=\"#ert_pane1-0\" data-toggle=\"tab\"><strong>GENERAL<\/strong><\/a><\/li><li class=\"\"><a href=\"#ert_pane1-1\" data-toggle=\"tab\"><strong>CALENDARIO<\/strong><\/a><\/li><li class=\"\"><a href=\"#ert_pane1-2\" data-toggle=\"tab\"><strong>NORMATIVA<\/strong><\/a><\/li><li class=\"\"><a href=\"#ert_pane1-3\" data-toggle=\"tab\"><strong>IMPRESOS<\/strong><\/a><\/li><\/ul><\/div><div style=\"clear:both;width: 100%;\"><ul class=\"tab-content\" id=\"oscitas-restabcontent-1-bonificacion-servicios-complementarios-37683\"><li class=\"tab-pane active\" id=\"ert_pane1-0\"><\/p>\n<p style=\"text-align: justify\">El Decreto 6\/2017, de 16 de enero, y la <a href=\"https:\/\/www.juntadeandalucia.es\/boja\/2017\/78\/1\">Orden del 17 de abril de 2017<\/a>,&nbsp; tienen por objeto regular la organizaci\u00f3n, funcionamiento y gesti\u00f3n de los servicios complementarios de aula matinal, comedor escolar y actividades extraescolares, regulando la contribuci\u00f3n de las familias en el coste de \u00e9stos servicios, su establecimiento como precio p\u00fablico, los supuestos de gratuidad y la previsi\u00f3n de posibles bonificaciones.<\/p>\n<p style=\"text-align: justify\">1) La solicitud de bonificaciones\/gratuidad deber\u00e1 realizarse del <strong>1 al 7 de septiembre.<\/strong><\/p>\n<p style=\"text-align: justify\">El alumnado suplente en cada uno de los servicios complementarios, en caso de resultar admitido, tendr\u00e1 un plazo de tres d\u00edas h\u00e1biles contados a partir del siguiente al de la notificaci\u00f3n de admisi\u00f3n para solicitar, en su caso, la bonificaci\u00f3n que pudiera corresponderle.<\/p>\n<p style=\"text-align: justify\">En el caso de solicitudes de admisi\u00f3n en los servicios complementarios presentadas a lo largo del curso, la bonificaci\u00f3n deber\u00e1 solicitarse conjuntamente con aqu\u00e9lla.<\/p>\n<p style=\"text-align: justify\">2) Las solicitudes de bonificaci\u00f3n podr\u00e1n realizarse <strong>telem\u00e1ticamente a trav\u00e9s de la Secretar\u00eda Virtual<\/strong>, para lo cual se habilita <a href=\"https:\/\/www.juntadeandalucia.es\/educacion\/secretariavirtual\/accesoTramite\/381\/\" target=\"_blank\" rel=\"noopener noreferrer\">este enlace para realizar su tramitaci\u00f3n<\/a>.<\/p>\n<p style=\"text-align: center\"><a href=\"https:\/\/www.juntadeandalucia.es\/educacion\/secretariavirtual\/accesoTramite\/381\/\"><img loading=\"lazy\" decoding=\"async\" class=\"aligncenter wp-image-5285 size-full\" src=\"https:\/\/blogsaverroes.juntadeandalucia.es\/ceipelalmendralcarmona\/files\/2021\/08\/SECRETARIA_VITURAL_300.png\" alt=\"\" width=\"300\" height=\"236\"><\/a><span style=\"font-size: 16pt\"><a href=\"https:\/\/www.juntadeandalucia.es\/educacion\/secretariavirtual\/accesoTramite\/381\/\" target=\"_blank\" rel=\"noopener noreferrer\"><strong>ACCESO SECRETARIA VIRTUAL<\/strong><\/a><\/span><\/p>\n<p><strong>El cuadro 4.2 de la solicitud debe venir firmado por todos los miembros de la unidad familiar mayores de 16 a\u00f1os. En este caso, este documento deber\u00e1 ser presentado en el centro.<\/strong><\/p>\n<p>&nbsp;<\/p>\n<table border=\"5\">\n<tbody>\n<tr>\n<td>En caso de imposibilidad para realizarla por v\u00eda telem\u00e1tica, podr\u00e1 acudir al centro con <a href=\"https:\/\/blogsaverroes.juntadeandalucia.es\/ceipelalmendralcarmona\/secretaria\/?preview_id=77&amp;preview_nonce=a06ec6e256&amp;_thumbnail_id=-1&amp;preview=true#ert_pane1-2\" target=\"_blank\" rel=\"noopener noreferrer\"><strong><span class=\"has-inline-color has-vivid-cyan-blue-color\">cita previa<\/span><\/strong> <\/a>(solicitada al correo del colegio o por tel\u00e9fono) y manteniendo las medidas sanitarias de seguridad <span class=\"has-inline-color has-vivid-red-color\"><em><strong>(distancia de seguridad, uso de mascarilla, uso de gel hidroalcoh\u00f3lico, traer su propio bol\u00edgrafo y no acudir acompa\u00f1ado).<\/strong><\/em><\/span><\/td>\n<\/tr>\n<\/tbody>\n<\/table>\n<p>&nbsp;<\/p>\n<p style=\"text-align: justify\">3) Debe considerarse a efectos de las bonificaciones que la unidad familiar es la compuesta por una o varias personas que convivan en el mismo domicilio, acreditando dicha circunstancia mediante el correspondiente certificado de empadronamiento, y se encuentren relacionadas entre s\u00ed por v\u00ednculo de matrimonio o uni\u00f3n de hecho, parentesco hasta el segundo grado o adopci\u00f3n.<\/p>\n<p style=\"text-align: justify\">Por defecto, se presupone constituida por los padres y los hijos, debi\u00e9ndose justificar para incluir otras personas.<br \/>\nLa relaci\u00f3n de parentesco se computar\u00e1 a partir de los usuarios de los servicios.<\/p>\n<p style=\"text-align: justify\">&nbsp;<\/p>\n<p style=\"text-align: justify\">4) Las situaciones documentadas en el proceso de admisi\u00f3n se trasladaran a la pantalla de solicitudes de bonificaci\u00f3n, si bien ser\u00e1n editables por el centro (dificultad social extrema, victima del terrorismo, tutela de la administraci\u00f3n o violencia de g\u00e9nero) y solo ser\u00e1 necesaria la aportaci\u00f3n de documentaci\u00f3n adicional o actualizada si la persona solicitante no estuvo incluida en el Plan SYGA en el curso anterior con la documentaci\u00f3n correspondiente (en este caso se requerir\u00e1 el Anexo IV\/VI) o lo est\u00e1 actualmente en situaciones de violencia de g\u00e9nero o tutela de la administraci\u00f3n.<\/p>\n<p>&nbsp;<\/p>\n<p><\/li><li class=\"tab-pane \" id=\"ert_pane1-1\"><\/p>\n<p>&nbsp;<\/p>\n<table style=\"width: 100%;background-color: #b5d7f7\" cellpadding=\"1\" border=\"2\">\n<tbody>\n<tr>\n<td style=\"width: 98.7213%;background-color: #f75757;text-align: center\" colspan=\"2\"><strong>CALENDARIO<br \/>\n<\/strong><\/td>\n<\/tr>\n<tr>\n<td style=\"width: 24.2967%\"><strong>Antes del 9 de septiembre<\/strong><\/td>\n<td style=\"width: 74.4246%\">Declaraci\u00f3n de usuarios. Para la adquisici\u00f3n de la condici\u00f3n de usuarios el alumnado ha debido ser admitido y estar al corriente de pago de todos los servicios del curso anterior.<\/td>\n<\/tr>\n<tr>\n<td style=\"width: 24.2967%\"><strong>A partir del 11 de septiembre<\/strong><\/td>\n<td style=\"width: 74.4246%\">Admisi\u00f3n manual si hubiera vacantes.<\/td>\n<\/tr>\n<tr>\n<td style=\"width: 24.2967%\"><strong>5 de octubre<\/strong><\/td>\n<td style=\"width: 74.4246%\">Comunicaci\u00f3n de la direcci\u00f3n del centro a los solicitantes, de las bonificaciones e incidencias de las solicitudes, con indicaci\u00f3n del plazo de alegaciones mediante la publicaci\u00f3n en el tabl\u00f3n de anuncios del centro \u201cLISTADO DE BONIFICACIONES PROVISIONALES\u201d (sin incidencias). En este listado se asignar\u00e1 bonificaci\u00f3n 0 a todas las solicitudes que presenten incidencias en el \u201cLISTADO DE PERSONAS SOLICITANTES CON ALGUNA INCIDENCIA\u201d, que no es publicable. Puede consultar la resolucI\u00f3n en la SECRETARIA VIRTUAL.<\/p>\n<p>El plazo de alegaciones ser\u00e1 de diez d\u00edas h\u00e1biles, ante la direcci\u00f3n del centro. Las direcciones de los centros desestimar\u00e1n todas las alegaciones que se realicen fuera de los plazos establecidos. Fuera del plazo de alegaciones, las recibidas ser\u00e1n denegadas por fuera de plazo.<\/td>\n<\/tr>\n<tr>\n<td style=\"width: 24.2967%\"><strong>Octubre-Noviembre<\/strong><\/td>\n<td style=\"width: 74.4246%\">Comunicaci\u00f3n individualizada de las bonificaciones otorgadas por resoluci\u00f3n de la persona titular de la Delegaci\u00f3n Territorial.El plazo del recurso de reposici\u00f3n ser\u00e1 de un mes, a partir de la fecha de notificaci\u00f3n, ante la persona titular de la Delegaci\u00f3n Territorial.<\/td>\n<\/tr>\n<tr>\n<td style=\"width: 24.2967%\">\u2014\u2014<\/td>\n<td style=\"width: 74.4246%\">Las bonificaciones definitivas ser\u00e1n notificadas fehacientemente a los guardadores: notificaci\u00f3n individual de la resoluci\u00f3n firmada por el director\/a del centro con acuse de recibo.<\/td>\n<\/tr>\n<\/tbody>\n<\/table>\n<p>&nbsp;<\/p>\n<p>&nbsp;<\/p>\n<p><\/li><li class=\"tab-pane \" id=\"ert_pane1-2\"><\/p>\n<table style=\"background-color: #89f272\" border=\"2\">\n<tbody>\n<tr>\n<td style=\"text-align: center\"><strong>NORMATIVA<\/strong><\/td>\n<\/tr>\n<tr>\n<td>\n<ul>\n<li><a href=\"https:\/\/www.juntadeandalucia.es\/boja\/2021\/64\/16\" target=\"_blank\" rel=\"noopener noreferrer\">Resoluci\u00f3n de 26 de marzo de 2021, de la Direcci\u00f3n General de Planificaci\u00f3n y Centros, por la que se establece el calendario de actuaciones en el procedimiento de admisi\u00f3n del alumnado en los servicios complementarios de aula matinal, comedor escolar y actividades extraescolares para el curso escolar 2021\/22<\/a><\/li>\n<\/ul>\n<\/td>\n<\/tr>\n<tr>\n<td style=\"background-color: #f74343\">\n<ul>\n<li><span style=\"font-size: 18pt\"><strong><a href=\"https:\/\/blogsaverroes.juntadeandalucia.es\/ceipborbolla\/files\/2021\/08\/Precios-servicios-complementarios-3-8-2021.pdf\" target=\"_blank\" rel=\"noopener noreferrer\">Precios servicios complementarios 3-8-2021<\/a><\/strong><\/span><\/li>\n<\/ul>\n<\/td>\n<\/tr>\n<\/tbody>\n<\/table>\n<p>&nbsp;<\/p>\n<p><\/li><li class=\"tab-pane \" id=\"ert_pane1-3\"><\/p>\n<p>&nbsp;<\/p>\n<table>\n<tbody>\n<tr>\n<td style=\"text-align: center\"><strong>IMPRESOS<\/strong><\/td>\n<\/tr>\n<tr>\n<td>\n<ul>\n<li><a href=\"http:\/\/www.juntadeandalucia.es\/export\/drupaljda\/002563-A05-V01-00.pdf\" target=\"_blank\" rel=\"noopener noreferrer\">Anexo V.- Gratuidad\/bonificaci\u00f3n del precio p\u00fablico por los servicios complementarios de Aula Matinal, Comedor Escolar y Actividades Extraescolares (pdf)<\/a><\/li>\n<\/ul>\n<\/td>\n<\/tr>\n<\/tbody>\n<\/table>\n<p><\/li><\/ul><\/div><\/div>\n<p>&nbsp;<\/p>\n<p style=\"text-align: center\"><a href=\"https:\/\/blogsaverroes.juntadeandalucia.es\/ceipelalmendralcarmona\/files\/2016\/01\/Servicios_Complementarios.jpg\"><img loading=\"lazy\" decoding=\"async\" class=\"size-full wp-image-2274 alignleft\" src=\"https:\/\/blogsaverroes.juntadeandalucia.es\/ceipelalmendralcarmona\/files\/2016\/01\/Servicios_Complementarios.jpg\" alt=\"\" width=\"520\" height=\"173\" srcset=\"https:\/\/blogsaverroes.juntadeandalucia.es\/ceipelalmendralcarmona\/files\/2016\/01\/Servicios_Complementarios.jpg 520w, https:\/\/blogsaverroes.juntadeandalucia.es\/ceipelalmendralcarmona\/files\/2016\/01\/Servicios_Complementarios-300x100.jpg 300w\" sizes=\"(max-width: 520px) 100vw, 520px\" \/><\/a><a href=\"https:\/\/blogsaverroes.juntadeandalucia.es\/ceipelalmendralcarmona\/files\/2014\/12\/comida.jpg\">&nbsp;&nbsp;&nbsp;&nbsp;&nbsp;&nbsp;&nbsp;&nbsp;&nbsp;&nbsp;&nbsp;&nbsp;&nbsp;&nbsp;&nbsp;&nbsp;&nbsp;&nbsp;&nbsp;&nbsp;&nbsp;&nbsp;&nbsp;&nbsp;&nbsp;&nbsp;&nbsp;&nbsp;&nbsp;&nbsp;&nbsp;&nbsp;&nbsp;&nbsp;&nbsp; <img loading=\"lazy\" decoding=\"async\" class=\"wp-image-538 alignright\" src=\"https:\/\/blogsaverroes.juntadeandalucia.es\/ceipelalmendralcarmona\/files\/2014\/12\/comida.jpg\" alt=\"\" width=\"423\" height=\"245\" srcset=\"https:\/\/blogsaverroes.juntadeandalucia.es\/ceipelalmendralcarmona\/files\/2014\/12\/comida.jpg 709w, https:\/\/blogsaverroes.juntadeandalucia.es\/ceipelalmendralcarmona\/files\/2014\/12\/comida-300x173.jpg 300w\" sizes=\"(max-width: 423px) 100vw, 423px\" \/><\/a><a href=\"https:\/\/blogsaverroes.juntadeandalucia.es\/ceipelalmendralcarmona\/files\/2016\/01\/unnamed.jpg\">&nbsp;&nbsp;&nbsp;&nbsp;&nbsp;&nbsp;&nbsp; <\/a><\/p>\n<p>&nbsp;<\/p>\n<p>&nbsp;<\/p>\n<\/div>\n<footer class=\"entry-footer cf\"><\/footer>\n<\/article>\n","protected":false},"excerpt":{"rendered":"<p>Bonificaci\u00f3n de servicios complementarios &nbsp; &nbsp;&nbsp;&nbsp;&nbsp;&nbsp;&nbsp;&nbsp;&nbsp;&nbsp;&nbsp;&nbsp;&nbsp;&nbsp;&nbsp;&nbsp;&nbsp;&nbsp;&nbsp;&nbsp;&nbsp;&nbsp;&nbsp;&nbsp;&nbsp;&nbsp;&nbsp;&nbsp;&nbsp;&nbsp;&nbsp;&nbsp;&nbsp;&nbsp;&nbsp;&nbsp; &nbsp;&nbsp;&nbsp;&nbsp;&nbsp;&nbsp;&nbsp; &nbsp; &nbsp;<\/p>\n","protected":false},"author":2517,"featured_media":0,"parent":0,"menu_order":0,"comment_status":"closed","ping_status":"closed","template":"","meta":{"ngg_post_thumbnail":0,"footnotes":"","_mc_calendar":[]},"aioseo_notices":[],"_links":{"self":[{"href":"https:\/\/blogsaverroes.juntadeandalucia.es\/ceipelalmendralcarmona\/wp-json\/wp\/v2\/pages\/5280"}],"collection":[{"href":"https:\/\/blogsaverroes.juntadeandalucia.es\/ceipelalmendralcarmona\/wp-json\/wp\/v2\/pages"}],"about":[{"href":"https:\/\/blogsaverroes.juntadeandalucia.es\/ceipelalmendralcarmona\/wp-json\/wp\/v2\/types\/page"}],"author":[{"embeddable":true,"href":"https:\/\/blogsaverroes.juntadeandalucia.es\/ceipelalmendralcarmona\/wp-json\/wp\/v2\/users\/2517"}],"replies":[{"embeddable":true,"href":"https:\/\/blogsaverroes.juntadeandalucia.es\/ceipelalmendralcarmona\/wp-json\/wp\/v2\/comments?post=5280"}],"version-history":[{"count":16,"href":"https:\/\/blogsaverroes.juntadeandalucia.es\/ceipelalmendralcarmona\/wp-json\/wp\/v2\/pages\/5280\/revisions"}],"predecessor-version":[{"id":5494,"href":"https:\/\/blogsaverroes.juntadeandalucia.es\/ceipelalmendralcarmona\/wp-json\/wp\/v2\/pages\/5280\/revisions\/5494"}],"wp:attachment":[{"href":"https:\/\/blogsaverroes.juntadeandalucia.es\/ceipelalmendralcarmona\/wp-json\/wp\/v2\/media?parent=5280"}],"curies":[{"name":"wp","href":"https:\/\/api.w.org\/{rel}","templated":true}]}}