{"id":5742,"date":"2021-09-20T00:06:57","date_gmt":"2021-09-19T23:06:57","guid":{"rendered":"https:\/\/blogsaverroes.juntadeandalucia.es\/ceipelalmendralcarmona\/?page_id=5742"},"modified":"2022-01-19T10:12:51","modified_gmt":"2022-01-19T09:12:51","slug":"proyecto-de-transformacion-digital","status":"publish","type":"page","link":"https:\/\/blogsaverroes.juntadeandalucia.es\/ceipelalmendralcarmona\/proyecto-de-transformacion-digital\/","title":{"rendered":"PROYECTO DE TRANSFORMACI\u00d3N DIGITAL"},"content":{"rendered":"<p style=\"text-align: center\"><a href=\"https:\/\/blogsaverroes.juntadeandalucia.es\/ceipelalmendralcarmona\/files\/2021\/09\/d4vg0ac-325163f1-3863-4b94-b3ce-3898c7fdb04f.gif\"><img loading=\"lazy\" decoding=\"async\" class=\"alignnone wp-image-5780\" src=\"https:\/\/blogsaverroes.juntadeandalucia.es\/ceipelalmendralcarmona\/files\/2021\/09\/d4vg0ac-325163f1-3863-4b94-b3ce-3898c7fdb04f.gif\" alt=\"\" width=\"173\" height=\"130\"><\/a><\/p>\n<div class=\"osc-res-tab tabbable   osc-tabs-left\"><div style=\"clear:both;width: 100%;\"><ul class=\"nav osc-res-nav nav-tabs osc-tabs-left-ul\" id=\"oscitas-restabs-1-proyecto-de-transformacion-digital-58497\"><li class=\"active\"><a href=\"#ert_pane1-0\" data-toggle=\"tab\"><strong>ACTIVIDADES<\/strong><\/a><\/li><li class=\"\"><a href=\"#ert_pane1-1\" data-toggle=\"tab\"><strong>PROYECTO<\/strong><\/a><\/li><li class=\"\"><a href=\"#ert_pane1-2\" data-toggle=\"tab\"><strong>RECURSOS<\/strong><\/a><\/li><\/ul><\/div><div style=\"clear:both;width: 100%;\"><ul class=\"tab-content\" id=\"oscitas-restabcontent-1-proyecto-de-transformacion-digital-58497\"><li class=\"tab-pane active\" id=\"ert_pane1-0\"><\/p>\n<p>&nbsp;<\/p>\n<p>&nbsp;<\/p>\n<p>Pulsa sobre en el enlace para conocer las actividades relacionadas con el Proyecto de <span style=\"font-size: 14pt\"><a href=\"https:\/\/blogsaverroes.juntadeandalucia.es\/ceipelalmendralcarmona\/category\/actividades\/transformacion-digital\/\" target=\"_blank\" rel=\"noopener noreferrer\"><strong>TRANSFORMACI\u00d3N DIGITAL<\/strong><\/a><\/span><\/p>\n<p><a href=\"https:\/\/blogsaverroes.juntadeandalucia.es\/ceipelalmendralcarmona\/files\/2021\/09\/a12554880aac6c13a59fcb781d8669fa.gif\"><img loading=\"lazy\" decoding=\"async\" class=\"size-full wp-image-5776 aligncenter\" src=\"https:\/\/blogsaverroes.juntadeandalucia.es\/ceipelalmendralcarmona\/files\/2021\/09\/a12554880aac6c13a59fcb781d8669fa.gif\" alt=\"\" width=\"300\" height=\"240\"><\/a><\/p>\n<p>&nbsp;<\/p>\n<p><\/li><li class=\"tab-pane \" id=\"ert_pane1-1\"><\/p>\n<div style=\"text-align: center\">\n<div style=\"margin: 8px 0px 4px\">&nbsp;<\/div>\n<p><iframe loading=\"lazy\" src=\"\/\/v.calameo.com\/?bkcode=0029771806c1748658404&amp;mode=mini&amp;clickto=view&amp;clicktarget=_self\" scrolling=\"no\" width=\"560\" height=\"350\" frameborder=\"0\"><\/iframe><\/p>\n<\/div>\n<p>&nbsp;<\/p>\n<p><\/li><li class=\"tab-pane \" id=\"ert_pane1-2\"><\/p>\n<p>Recopilaci\u00f3n de portales y enlaces de inter\u00e9s:<\/p>\n<ul>\n<li><strong><a href=\"https:\/\/intef.es\/\" target=\"_blank\" rel=\"noopener noreferrer\">Instituto Nacional de Tecnolog\u00edas Educativas y de Formaci\u00f3n del Profesorado (INTEF)<\/a><\/strong><\/li>\n<li><strong><a href=\"http:\/\/educalab.es\/recursos\" target=\"_blank\" rel=\"noopener noreferrer\">EDUCALAB. Recursos (INTEF)<\/a><\/strong><\/li>\n<li><strong><a href=\"https:\/\/www.juntadeandalucia.es\/educacion\/portals\/web\/buenas-practicas-educativas\/recursos-educativos\" target=\"_blank\" rel=\"noopener noreferrer\">Recursos educativos. Buenas pr\u00e1cticas. Consejer\u00eda de Educaci\u00f3n<\/a><\/strong><\/li>\n<li><strong><a href=\"http:\/\/agrega.educacion.es\/visualizadorcontenidos2\/Portada\/Portada.do\" target=\"_blank\" rel=\"noopener noreferrer\">AGREGA<\/a><\/strong><\/li>\n<li><strong><a href=\"https:\/\/www.ayudaparamaestros.com\/2015\/04\/40-herramientas-tic-y-blogs-educativos.html\" target=\"_blank\" rel=\"noopener noreferrer\">Blog de recursos<\/a><\/strong><\/li>\n<li><strong><a href=\"https:\/\/www.pantallasamigas.net\/\" target=\"_blank\" rel=\"noopener noreferrer\">PANTALLAS AMIGAS.Por un uso seguro y saludable de Internet, redes sociales, m\u00f3viles y videojuegos Por una ciudadan\u00eda digital responsable.<\/a><\/strong><\/li>\n<li><strong><a href=\"https:\/\/www.juntadeandalucia.es\/educacion\/portals\/web\/habitos-vida-saludable\/recursos-uso-positivo-tic\" target=\"_blank\" rel=\"noopener noreferrer\">Uso positivo de las TIC<\/a><\/strong><\/li>\n<\/ul>\n<p><a href=\"https:\/\/blogsaverroes.juntadeandalucia.es\/ceipelalmendralcarmona\/files\/2021\/09\/TE.gif\"><img loading=\"lazy\" decoding=\"async\" class=\" wp-image-5790 aligncenter\" src=\"https:\/\/blogsaverroes.juntadeandalucia.es\/ceipelalmendralcarmona\/files\/2021\/09\/TE.gif\" alt=\"\" width=\"358\" height=\"358\"><\/a><\/p>\n<p><\/li><\/ul><\/div><\/div>\n<p><a href=\"https:\/\/blogsaverroes.juntadeandalucia.es\/ceipelalmendralcarmona\/files\/2021\/09\/b286360ac75c09d34e617884a23c0a82.gif\"><img loading=\"lazy\" decoding=\"async\" class=\" wp-image-5777 aligncenter\" src=\"https:\/\/blogsaverroes.juntadeandalucia.es\/ceipelalmendralcarmona\/files\/2021\/09\/b286360ac75c09d34e617884a23c0a82.gif\" alt=\"\" width=\"329\" height=\"329\"><\/a><\/p>\n","protected":false},"excerpt":{"rendered":"","protected":false},"author":2517,"featured_media":0,"parent":0,"menu_order":0,"comment_status":"closed","ping_status":"closed","template":"","meta":{"ngg_post_thumbnail":0,"footnotes":"","_mc_calendar":[]},"aioseo_notices":[],"_links":{"self":[{"href":"https:\/\/blogsaverroes.juntadeandalucia.es\/ceipelalmendralcarmona\/wp-json\/wp\/v2\/pages\/5742"}],"collection":[{"href":"https:\/\/blogsaverroes.juntadeandalucia.es\/ceipelalmendralcarmona\/wp-json\/wp\/v2\/pages"}],"about":[{"href":"https:\/\/blogsaverroes.juntadeandalucia.es\/ceipelalmendralcarmona\/wp-json\/wp\/v2\/types\/page"}],"author":[{"embeddable":true,"href":"https:\/\/blogsaverroes.juntadeandalucia.es\/ceipelalmendralcarmona\/wp-json\/wp\/v2\/users\/2517"}],"replies":[{"embeddable":true,"href":"https:\/\/blogsaverroes.juntadeandalucia.es\/ceipelalmendralcarmona\/wp-json\/wp\/v2\/comments?post=5742"}],"version-history":[{"count":15,"href":"https:\/\/blogsaverroes.juntadeandalucia.es\/ceipelalmendralcarmona\/wp-json\/wp\/v2\/pages\/5742\/revisions"}],"predecessor-version":[{"id":6283,"href":"https:\/\/blogsaverroes.juntadeandalucia.es\/ceipelalmendralcarmona\/wp-json\/wp\/v2\/pages\/5742\/revisions\/6283"}],"wp:attachment":[{"href":"https:\/\/blogsaverroes.juntadeandalucia.es\/ceipelalmendralcarmona\/wp-json\/wp\/v2\/media?parent=5742"}],"curies":[{"name":"wp","href":"https:\/\/api.w.org\/{rel}","templated":true}]}}

PROYECTO DE TRANSFORMACIÓN DIGITAL

<p style="text-align: center"><a href="https://blogsaverroes.juntadeandalucia.es/ceipelalmendralcarmona/files/2021/09/d4vg0ac-325163f1-3863-4b94-b3ce-3898c7fdb04f.gif"><img loading="lazy" decoding="async" class="alignnone wp-image-5780" src="https://blogsaverroes.juntadeandalucia.es/ceipelalmendralcarmona/files/2021/09/d4vg0ac-325163f1-3863-4b94-b3ce-3898c7fdb04f.gif" alt="" width="173" height="130"></a></p>
<div class="osc-res-tab tabbable   osc-tabs-left"><div style="clear:both;width: 100%;"><ul class="nav osc-res-nav nav-tabs osc-tabs-left-ul" id="oscitas-restabs-1-proyecto-de-transformacion-digital-58497"><li class="active"><a href="#ert_pane1-0" data-toggle="tab"><strong>ACTIVIDADES</strong></a></li><li class=""><a href="#ert_pane1-1" data-toggle="tab"><strong>PROYECTO</strong></a></li><li class=""><a href="#ert_pane1-2" data-toggle="tab"><strong>RECURSOS</strong></a></li></ul></div><div style="clear:both;width: 100%;"><ul class="tab-content" id="oscitas-restabcontent-1-proyecto-de-transformacion-digital-58497"><li class="tab-pane active" id="ert_pane1-0"></p>
<p>&nbsp;</p>
<p>&nbsp;</p>
<p>Pulsa sobre en el enlace para conocer las actividades relacionadas con el Proyecto de <span style="font-size: 14pt"><a href="https://blogsaverroes.juntadeandalucia.es/ceipelalmendralcarmona/category/actividades/transformacion-digital/" target="_blank" rel="noopener noreferrer"><strong>TRANSFORMACIÓN DIGITAL</strong></a></span></p>
<p><a href="https://blogsaverroes.juntadeandalucia.es/ceipelalmendralcarmona/files/2021/09/a12554880aac6c13a59fcb781d8669fa.gif"><img loading="lazy" decoding="async" class="size-full wp-image-5776 aligncenter" src="https://blogsaverroes.juntadeandalucia.es/ceipelalmendralcarmona/files/2021/09/a12554880aac6c13a59fcb781d8669fa.gif" alt="" width="300" height="240"></a></p>
<p>&nbsp;</p>
<p></li><li class="tab-pane " id="ert_pane1-1"></p>
<div style="text-align: center">
<div style="margin: 8px 0px 4px">&nbsp;</div>
<p><iframe loading="lazy" src="//v.calameo.com/?bkcode=0029771806c1748658404&amp;mode=mini&amp;clickto=view&amp;clicktarget=_self" scrolling="no" width="560" height="350" frameborder="0"></iframe></p>
</div>
<p>&nbsp;</p>
<p></li><li class="tab-pane " id="ert_pane1-2"></p>
<p>Recopilación de portales y enlaces de interés:</p>
<ul>
<li><strong><a href="https://intef.es/" target="_blank" rel="noopener noreferrer">Instituto Nacional de Tecnologías Educativas y de Formación del Profesorado (INTEF)</a></strong></li>
<li><strong><a href="http://educalab.es/recursos" target="_blank" rel="noopener noreferrer">EDUCALAB. Recursos (INTEF)</a></strong></li>
<li><strong><a href="https://www.juntadeandalucia.es/educacion/portals/web/buenas-practicas-educativas/recursos-educativos" target="_blank" rel="noopener noreferrer">Recursos educativos. Buenas prácticas. Consejería de Educación</a></strong></li>
<li><strong><a href="http://agrega.educacion.es/visualizadorcontenidos2/Portada/Portada.do" target="_blank" rel="noopener noreferrer">AGREGA</a></strong></li>
<li><strong><a href="https://www.ayudaparamaestros.com/2015/04/40-herramientas-tic-y-blogs-educativos.html" target="_blank" rel="noopener noreferrer">Blog de recursos</a></strong></li>
<li><strong><a href="https://www.pantallasamigas.net/" target="_blank" rel="noopener noreferrer">PANTALLAS AMIGAS.Por un uso seguro y saludable de Internet, redes sociales, móviles y videojuegos Por una ciudadanía digital responsable.</a></strong></li>
<li><strong><a href="https://www.juntadeandalucia.es/educacion/portals/web/habitos-vida-saludable/recursos-uso-positivo-tic" target="_blank" rel="noopener noreferrer">Uso positivo de las TIC</a></strong></li>
</ul>
<p><a href="https://blogsaverroes.juntadeandalucia.es/ceipelalmendralcarmona/files/2021/09/TE.gif"><img loading="lazy" decoding="async" class=" wp-image-5790 aligncenter" src="https://blogsaverroes.juntadeandalucia.es/ceipelalmendralcarmona/files/2021/09/TE.gif" alt="" width="358" height="358"></a></p>
<p></li></ul></div></div>
<p><a href="https://blogsaverroes.juntadeandalucia.es/ceipelalmendralcarmona/files/2021/09/b286360ac75c09d34e617884a23c0a82.gif"><img loading="lazy" decoding="async" class=" wp-image-5777 aligncenter" src="https://blogsaverroes.juntadeandalucia.es/ceipelalmendralcarmona/files/2021/09/b286360ac75c09d34e617884a23c0a82.gif" alt="" width="329" height="329"></a></p>
