{"id":5968,"date":"2021-11-22T02:10:51","date_gmt":"2021-11-22T01:10:51","guid":{"rendered":"https:\/\/blogsaverroes.juntadeandalucia.es\/ceipelalmendralcarmona\/?page_id=5968"},"modified":"2021-12-12T11:13:28","modified_gmt":"2021-12-12T10:13:28","slug":"plan-de-lectura-y-biblioteca","status":"publish","type":"page","link":"https:\/\/blogsaverroes.juntadeandalucia.es\/ceipelalmendralcarmona\/plan-de-lectura-y-biblioteca\/","title":{"rendered":"PLAN DE LECTURA Y BIBLIOTECA"},"content":{"rendered":"<p><a href=\"https:\/\/blogsaverroes.juntadeandalucia.es\/ceipelalmendralcarmona\/files\/2021\/09\/262ded519f9f1653ab18c33930361ec5.gif\"><img loading=\"lazy\" decoding=\"async\" class=\"size-full wp-image-5774 aligncenter\" src=\"https:\/\/blogsaverroes.juntadeandalucia.es\/ceipelalmendralcarmona\/files\/2021\/09\/262ded519f9f1653ab18c33930361ec5.gif\" alt=\"\" width=\"300\" height=\"246\"><\/a><\/p>\n<div class=\"osc-res-tab tabbable   osc-tabs-left\"><div style=\"clear:both;width: 100%;\"><ul class=\"nav osc-res-nav nav-tabs osc-tabs-left-ul\" id=\"oscitas-restabs-1-plan-de-lectura-y-biblioteca-19871\"><li class=\"active\"><a href=\"#ert_pane1-0\" data-toggle=\"tab\"><strong>ACTIVIDADES<\/strong><\/a><\/li><li class=\"\"><a href=\"#ert_pane1-1\" data-toggle=\"tab\"><strong>PROYECTO<\/strong><\/a><\/li><li class=\"\"><a href=\"#ert_pane1-2\" data-toggle=\"tab\"><strong>BIBLIOWEB<\/strong><\/a><\/li><li class=\"\"><a href=\"#ert_pane1-3\" data-toggle=\"tab\"><strong>RECURSOS<\/strong><\/a><\/li><\/ul><\/div><div style=\"clear:both;width: 100%;\"><ul class=\"tab-content\" id=\"oscitas-restabcontent-1-plan-de-lectura-y-biblioteca-19871\"><li class=\"tab-pane active\" id=\"ert_pane1-0\"><\/p>\n<p>&nbsp;<\/p>\n<p>Pulsa sobre el enlaces para consultar el hist\u00f3rico de <a href=\"https:\/\/blogsaverroes.juntadeandalucia.es\/ceipelalmendralcarmona\/category\/actividades\/plan-de-lectura-y-biblioteca\/\" target=\"_blank\" rel=\"noopener noreferrer\"><strong>actividades realizadas dentro del Plan de Lectura y Biblioteca.<\/strong><\/a><\/p>\n<p><a href=\"https:\/\/blogsaverroes.juntadeandalucia.es\/ceipelalmendralcarmona\/files\/2018\/07\/libros.jpg\"><img loading=\"lazy\" decoding=\"async\" class=\" wp-image-3043 alignright\" src=\"https:\/\/blogsaverroes.juntadeandalucia.es\/ceipelalmendralcarmona\/files\/2018\/07\/libros.jpg\" alt=\"\" width=\"295\" height=\"221\" srcset=\"https:\/\/blogsaverroes.juntadeandalucia.es\/ceipelalmendralcarmona\/files\/2018\/07\/libros.jpg 720w, https:\/\/blogsaverroes.juntadeandalucia.es\/ceipelalmendralcarmona\/files\/2018\/07\/libros-300x225.jpg 300w, https:\/\/blogsaverroes.juntadeandalucia.es\/ceipelalmendralcarmona\/files\/2018\/07\/libros-24x18.jpg 24w, https:\/\/blogsaverroes.juntadeandalucia.es\/ceipelalmendralcarmona\/files\/2018\/07\/libros-36x27.jpg 36w, https:\/\/blogsaverroes.juntadeandalucia.es\/ceipelalmendralcarmona\/files\/2018\/07\/libros-48x36.jpg 48w\" sizes=\"(max-width: 295px) 100vw, 295px\" \/><\/a><\/p>\n<p>&nbsp;<\/p>\n<p>En estos enlaces podr\u00e1s ver una selecci\u00f3n de las actividades de animaci\u00f3n a la lectura realizadas en cursos anteriores:<\/p>\n<ul>\n<li><a href=\"https:\/\/blogsaverroes.juntadeandalucia.es\/ceipelalmendralcarmona\/2021\/04\/23\/23-de-abril-dia-del-libro\/\" target=\"_blank\" rel=\"noopener noreferrer\"><strong>Curso 2020\/2021: 23 de Abril. D\u00eda del Libro<\/strong><\/a><\/li>\n<li><strong><a href=\"https:\/\/photos.app.goo.gl\/85Rpot7oJ1inxLWA6\" target=\"_blank\" rel=\"noopener noreferrer\">Curso 2019\/2020: \u00abArturo y Clementina en la Biblioteca\u00bb<\/a><\/strong><\/li>\n<li><a href=\"https:\/\/photos.app.goo.gl\/psbbF2sRvNBZ4xJU8\" target=\"_blank\" rel=\"noopener noreferrer\"><strong>Curso 2018\/2019: D\u00eda del Libro: Encuentro con el poeta Juan Cruz<\/strong><\/a><\/li>\n<li><a href=\"https:\/\/photos.app.goo.gl\/ncWPC75bGgfH8n2X2\" target=\"_blank\" rel=\"noopener noreferrer\"><strong>Curso 2017\/2018: D\u00eda del libro en nuestra biblioteca.<\/strong><\/a><\/li>\n<li><a href=\"https:\/\/goo.gl\/photos\/D5R7hAns7ZZv2AD88\" target=\"_blank\" rel=\"noopener noreferrer\"><strong>Curso 2016\/2017: Presentaci\u00f3n de la Biblioteca: \u00abLa ni\u00f1a que riega la albahaca\u00bb.<\/strong><\/a><\/li>\n<li><a href=\"https:\/\/goo.gl\/photos\/8b7Fw9wjCtsSmfvV6\" target=\"_blank\" rel=\"noopener noreferrer\"><strong>Curso 2015\/2016: Presentaci\u00f3n de la Biblioteca<\/strong><\/a><\/li>\n<li><a href=\"https:\/\/youtu.be\/P6TMQn4DNJc\" target=\"_blank\" rel=\"noopener noreferrer\"><strong>Curso 2014\/2015:&nbsp; V\u00eddeo de&nbsp; Apertura de la Biblioteca \u00abEl pececito Tris\u00bb<\/strong><\/a><\/li>\n<li><a href=\"https:\/\/youtu.be\/JmhAd98Ir0M\" target=\"_blank\" rel=\"noopener noreferrer\"><strong>Curso 2014\/2015: V\u00eddeo: Apadrinamiento lector 6\u00baB\/2\u00baA: \u00abRufino, el cient\u00edfico loco\u00bb<\/strong><\/a><\/li>\n<li><a href=\"https:\/\/goo.gl\/photos\/ofedfW6Ucmtretqr6\" target=\"_blank\" rel=\"noopener noreferrer\"><strong>Curso 2011\/2012: Presentaci\u00f3n de la biblioteca escolar<\/strong><\/a><\/li>\n<li><a href=\"https:\/\/goo.gl\/photos\/FjEZ87F3U4HNdbvE8\" target=\"_blank\" rel=\"noopener noreferrer\"><strong>Curso 2011\/2012: Apertura de la Biblioteca: \u00abTito busca nariz\u00bb<\/strong><\/a><\/li>\n<\/ul>\n<p>&nbsp;<\/p>\n<p>Accede a <a href=\"https:\/\/blogsaverroes.juntadeandalucia.es\/ceipelalmendralcarmona\/imagenes\/\" target=\"_blank\" rel=\"noopener noreferrer\"><strong>GALERIA DE IMAGENES Y V\u00cdDEOS<\/strong> <\/a>para ver actividades de apadrinamiento lector, animaciones a la lectura,&#8230;<\/p>\n<p>&nbsp;<\/p>\n<p><\/li><li class=\"tab-pane \" id=\"ert_pane1-1\"><\/p>\n<p>&nbsp;<\/p>\n<p>&nbsp;<\/p>\n<div style=\"text-align: center\">\n<div style=\"margin: 8px 0px 4px\"><a href=\"https:\/\/www.calameo.com\/books\/0029771808e6c2681a5ec\" target=\"_blank\" rel=\"noopener noreferrer\">Plan De Lectura Y Biblioteca 2021 22 W<\/a><\/div>\n<p><iframe loading=\"lazy\" src=\"\/\/v.calameo.com\/?bkcode=0029771808e6c2681a5ec&amp;mode=mini&amp;clickto=view&amp;clicktarget=_self\" scrolling=\"no\" width=\"700\" height=\"450\" frameborder=\"0\"><\/iframe><\/p>\n<div style=\"margin: 4px 0px 8px\">&nbsp;<\/div>\n<\/div>\n<p>&nbsp;<\/p>\n<p>&nbsp;<\/p>\n<p><\/li><li class=\"tab-pane \" id=\"ert_pane1-2\"><\/p>\n<p>&nbsp;<\/p>\n<p>&nbsp;<\/p>\n<p>En este enlace podr\u00e1s acceder a la <strong><a href=\"https:\/\/blogsaverroes.juntadeandalucia.es\/ceipelalmendralcarmona\/biblioteca\/bibliop\/\" target=\"_blank\" rel=\"noopener noreferrer\">BIBLIOWEB S\u00c9NECA<\/a><\/strong> del colegio.<\/p>\n<p><a href=\"https:\/\/blogsaverroes.juntadeandalucia.es\/ceipelalmendralcarmona\/biblioteca\/bibliop\/\" target=\"_blank\" rel=\"noopener noreferrer\"><img loading=\"lazy\" decoding=\"async\" class=\"aligncenter wp-image-5279 \" src=\"https:\/\/blogsaverroes.juntadeandalucia.es\/ceipelalmendralcarmona\/files\/2021\/08\/biblioweb_ini250.png\" alt=\"\" width=\"356\" height=\"178\"><\/a><\/p>\n<p><\/li><li class=\"tab-pane \" id=\"ert_pane1-3\"><\/p>\n<p>&nbsp;<\/p>\n<p>Pulsa sobre los enlaces para acceder a los portales y recursos&#8230;<a href=\"https:\/\/blogsaverroes.juntadeandalucia.es\/ceipelalmendralcarmona\/files\/2021\/11\/unnamed.gif\"><img loading=\"lazy\" decoding=\"async\" class=\"wp-image-5978 alignright\" src=\"https:\/\/blogsaverroes.juntadeandalucia.es\/ceipelalmendralcarmona\/files\/2021\/11\/unnamed.gif\" alt=\"\" width=\"232\" height=\"330\"><\/a><\/p>\n<ul>\n<li><a href=\"https:\/\/www.juntadeandalucia.es\/educacion\/webportal\/web\/lecturas-y-bibliotecas-escolares\" target=\"_blank\" rel=\"noopener noreferrer\"><strong>Lecturas y Bibliotecas escolares en Andaluc\u00eda<\/strong><\/a><\/li>\n<li><a href=\"https:\/\/www.juntadeandalucia.es\/organismos\/transparencia\/planificacion-evaluacion-estadistica\/planes\/detalle\/11681.html\" target=\"_blank\" rel=\"noopener noreferrer\"><strong>Plan de Lectura y de Bibliotecas Escolares en los Centros Educativos de Andaluc\u00eda. <\/strong><\/a><\/li>\n<li><a href=\"https:\/\/www.juntadeandalucia.es\/educacion\/portals\/web\/libro-abierto\/como-lo-hacemos\" target=\"_blank\" rel=\"noopener noreferrer\"><strong>Portal Libro Abierto: C\u00f3mo lo hacemos.<\/strong><\/a><\/li>\n<li><a href=\"https:\/\/www.juntadeandalucia.es\/educacion\/webportal\/web\/lecturas-y-bibliotecas-escolares\/red-andaluza-de-bibliotecas-escolares\" target=\"_blank\" rel=\"noopener noreferrer\"><strong>Red Andaluza de Bibliotecas Escolares<\/strong><\/a><\/li>\n<\/ul>\n<p><\/li><\/ul><\/div><\/div>\n<p>&nbsp;&nbsp;&nbsp;&nbsp;&nbsp;&nbsp; <a href=\"https:\/\/blogsaverroes.juntadeandalucia.es\/ceipelalmendralcarmona\/files\/2021\/09\/gif-exposici\u00f3n-oral.gif\">&nbsp;&nbsp; &nbsp;&nbsp;&nbsp;&nbsp;&nbsp;&nbsp;&nbsp;&nbsp;&nbsp;&nbsp;&nbsp;&nbsp;&nbsp;&nbsp;&nbsp;&nbsp; <img loading=\"lazy\" decoding=\"async\" class=\"wp-image-5784 alignnone\" src=\"https:\/\/blogsaverroes.juntadeandalucia.es\/ceipelalmendralcarmona\/files\/2021\/09\/gif-exposici\u00f3n-oral.gif\" alt=\"\" width=\"197\" height=\"225\"><\/a><a href=\"https:\/\/blogsaverroes.juntadeandalucia.es\/ceipelalmendralcarmona\/files\/2021\/09\/f54cd0e678bfff0802eb8871dca5dcef.gif\"><img loading=\"lazy\" decoding=\"async\" class=\"size-full wp-image-5782 alignleft\" src=\"https:\/\/blogsaverroes.juntadeandalucia.es\/ceipelalmendralcarmona\/files\/2021\/09\/f54cd0e678bfff0802eb8871dca5dcef.gif\" alt=\"\" width=\"182\" height=\"208\"><\/a><\/p>\n","protected":false},"excerpt":{"rendered":"<p>&nbsp;&nbsp;&nbsp; &nbsp;&nbsp;&nbsp;&nbsp;&nbsp;&nbsp; &nbsp;&nbsp; &nbsp;&nbsp;&nbsp;&nbsp;&nbsp;&nbsp;&nbsp;&nbsp;&nbsp;&nbsp;&nbsp;&nbsp;&nbsp;&nbsp;&nbsp;&nbsp;<\/p>\n","protected":false},"author":2517,"featured_media":0,"parent":0,"menu_order":0,"comment_status":"closed","ping_status":"closed","template":"","meta":{"ngg_post_thumbnail":0,"footnotes":"","_mc_calendar":[]},"aioseo_notices":[],"_links":{"self":[{"href":"https:\/\/blogsaverroes.juntadeandalucia.es\/ceipelalmendralcarmona\/wp-json\/wp\/v2\/pages\/5968"}],"collection":[{"href":"https:\/\/blogsaverroes.juntadeandalucia.es\/ceipelalmendralcarmona\/wp-json\/wp\/v2\/pages"}],"about":[{"href":"https:\/\/blogsaverroes.juntadeandalucia.es\/ceipelalmendralcarmona\/wp-json\/wp\/v2\/types\/page"}],"author":[{"embeddable":true,"href":"https:\/\/blogsaverroes.juntadeandalucia.es\/ceipelalmendralcarmona\/wp-json\/wp\/v2\/users\/2517"}],"replies":[{"embeddable":true,"href":"https:\/\/blogsaverroes.juntadeandalucia.es\/ceipelalmendralcarmona\/wp-json\/wp\/v2\/comments?post=5968"}],"version-history":[{"count":31,"href":"https:\/\/blogsaverroes.juntadeandalucia.es\/ceipelalmendralcarmona\/wp-json\/wp\/v2\/pages\/5968\/revisions"}],"predecessor-version":[{"id":6063,"href":"https:\/\/blogsaverroes.juntadeandalucia.es\/ceipelalmendralcarmona\/wp-json\/wp\/v2\/pages\/5968\/revisions\/6063"}],"wp:attachment":[{"href":"https:\/\/blogsaverroes.juntadeandalucia.es\/ceipelalmendralcarmona\/wp-json\/wp\/v2\/media?parent=5968"}],"curies":[{"name":"wp","href":"https:\/\/api.w.org\/{rel}","templated":true}]}}