{"id":870,"date":"2015-03-16T07:24:27","date_gmt":"2015-03-16T07:24:27","guid":{"rendered":"http:\/\/blogsaverroes.juntadeandalucia.es\/pre\/ceip\/?page_id=103"},"modified":"2021-09-03T06:41:05","modified_gmt":"2021-09-03T05:41:05","slug":"aula-matinal","status":"publish","type":"page","link":"https:\/\/blogsaverroes.juntadeandalucia.es\/ceipelalmendralcarmona\/aula-matinal\/","title":{"rendered":"Aula Matinal"},"content":{"rendered":"<div class=\"osc-res-tab tabbable   osc-tabs-left\"><div style=\"clear:both;width: 100%;\"><ul class=\"nav osc-res-nav nav-tabs osc-tabs-left-ul\" id=\"oscitas-restabs-1-aula-matinal-93198\"><li class=\"active\"><a href=\"#ert_pane1-0\" data-toggle=\"tab\"><strong>Objetivos<\/strong><\/a><\/li><li class=\"\"><a href=\"#ert_pane1-1\" data-toggle=\"tab\"><strong>Normativa<\/strong><\/a><\/li><li class=\"\"><a href=\"#ert_pane1-2\" data-toggle=\"tab\"><strong>Horario<\/strong><\/a><\/li><li class=\"\"><a href=\"#ert_pane1-3\" data-toggle=\"tab\"><strong>Impresos<\/strong><\/a><\/li><li class=\"\"><a href=\"#ert_pane1-4\" data-toggle=\"tab\"><strong>Actividades<\/strong><\/a><\/li><\/ul><\/div><div style=\"clear:both;width: 100%;\"><ul class=\"tab-content\" id=\"oscitas-restabcontent-1-aula-matinal-93198\"><li class=\"tab-pane active\" id=\"ert_pane1-0\"><\/p>\n<p lang=\"es-ES\" align=\"JUSTIFY\">&nbsp; &nbsp; &nbsp; &nbsp; &nbsp; &nbsp; &nbsp; &nbsp;En la sociedad actual son cada vez m\u00e1s numerosos los casos de familias en que trabajan ambos c\u00f3nyuges fuera del hogar, a los que supone un gran problema la atenci\u00f3n de sus hijos, especialmente a los m\u00e1s peque\u00f1os, durante el periodo coincidente con su horario de incorporaci\u00f3n al trabajo. El Aula Matinal viene a solucionar de forma adecuada esta necesidad.<\/p>\n<h3 style=\"padding-left: 60px\"><span style=\"text-decoration: underline\"><strong>OBJETIVOS<\/strong><\/span><\/h3>\n<ul>\n<li><span style=\"font-family: Arimo, sans-serif;font-size: 15px;line-height: 1.6\">Atender a los ni\u00f1os y ni\u00f1as de las familias de nuestro entorno en horario no lectivo del centro.<\/span><\/li>\n<li>Favorecer la escolarizaci\u00f3n de alumnos de familias con problemas de horario por motivos de trabajo.<\/li>\n<li>Estimular la socializaci\u00f3n entre alumnos\/as de diferentes edades.<\/li>\n<li>Evitar el posible absentismo de ciertos alumnos que en horario normal no podr\u00edan asistir por incompatibilidad con el horario de sus padres.<\/li>\n<li>Inculcar en los alumnos\/as h\u00e1bitos sanitarios y educativos, higiene personal, responsabilidad ante el trabajo, respeto hacia los dem\u00e1s,&#8230;<\/li>\n<\/ul>\n<p><\/li><li class=\"tab-pane \" id=\"ert_pane1-1\"><\/p>\n<p>&nbsp;<\/p>\n<p style=\"padding-left: 40px\">Enlace con la web de Consejer\u00eda de Educaci\u00f3n con acceso a la NORMATIVA actualizada sobre el tema:<\/p>\n<ul>\n<li style=\"list-style-type: none\">\n<ul>\n<li style=\"list-style-type: none\">\n<ul>\n<li><a href=\"http:\/\/blogsaverroes.juntadeandalucia.es\/ceipborbolla\/files\/2015\/12\/pdf-icono.gif\"><img loading=\"lazy\" decoding=\"async\" class=\" size-full wp-image-2203 alignleft\" src=\"http:\/\/blogsaverroes.juntadeandalucia.es\/ceipborbolla\/files\/2015\/12\/pdf-icono.gif\" alt=\"pdf-icono\" width=\"18\" height=\"18\"><\/a><a href=\"https:\/\/www.juntadeandalucia.es\/organismos\/educacionydeporte\/areas\/educacion-familias\/servicios-complementarios\/paginas\/servicio-aula-matinal.html\" target=\"_blank\" rel=\"noopener noreferrer\"><strong><span style=\"font-size: 18pt\">Normativa Web Consejer\u00eda Educaci\u00f3n:&nbsp; AULA MATINAL<\/span><\/strong><\/a><\/li>\n<\/ul>\n<\/li>\n<\/ul>\n<\/li>\n<\/ul>\n<p>&nbsp;<\/p>\n<p style=\"text-align: center\"><a href=\"http:\/\/blogsaverroes.juntadeandalucia.es\/ceipelalmendralcarmona\/files\/2015\/03\/portada_graphene.jpg\"><img loading=\"lazy\" decoding=\"async\" class=\"alignnone wp-image-130\" src=\"http:\/\/blogsaverroes.juntadeandalucia.es\/ceipelalmendralcarmona\/files\/2015\/03\/portada_graphene-300x42.jpg\" alt=\"portada_graphene\" width=\"658\" height=\"92\" srcset=\"https:\/\/blogsaverroes.juntadeandalucia.es\/ceipelalmendralcarmona\/files\/2015\/03\/portada_graphene-300x42.jpg 300w, https:\/\/blogsaverroes.juntadeandalucia.es\/ceipelalmendralcarmona\/files\/2015\/03\/portada_graphene-1024x144.jpg 1024w, https:\/\/blogsaverroes.juntadeandalucia.es\/ceipelalmendralcarmona\/files\/2015\/03\/portada_graphene.jpg 1140w\" sizes=\"(max-width: 658px) 100vw, 658px\" \/><\/a><\/p>\n<p><\/li><li class=\"tab-pane \" id=\"ert_pane1-2\"><\/p>\n<p style=\"text-align: center\"><strong><span style=\"text-decoration: underline\">Servicio de Aula Matinal:<\/span><\/strong><\/p>\n<ul>\n<li><strong>Horario:<\/strong> de 7.30 h. hasta las 9.00 h. de lunes a viernes.<\/li>\n<li><strong>Precio actual: &nbsp;<a href=\"https:\/\/blogsaverroes.juntadeandalucia.es\/ceipborbolla\/files\/2021\/08\/Precios-servicios-complementarios-3-8-2021.pdf\" target=\"_blank\" rel=\"noopener noreferrer\">Precios servicios complementarios 3-8-2021<\/a> &nbsp;<\/strong>&nbsp;<\/li>\n<\/ul>\n<p align=\"JUSTIFY\"><span lang=\"es-ES\">&nbsp; &nbsp; &nbsp; El Aula Matinal est\u00e1 ubicada en el SUM, planta baja, en un espacio adaptado al efecto.<\/span><\/p>\n<p lang=\"es-ES\" align=\"JUSTIFY\">&nbsp; &nbsp; El precio de este servicio ser\u00e1 el que seg\u00fan la normativa deba aplicarse en cada curso escolar, ajust\u00e1ndose al procedimiento que expresamente fijen y a las bonificaciones en la cuant\u00eda que espec\u00edficamente le corresponda a cada unidad familiar. En principio se podr\u00e1n atender solicitudes por meses completos, o bien, en d\u00edas sueltos, seg\u00fan las necesidades y planificaci\u00f3n del servicio. La administraci\u00f3n fijar\u00e1 el n\u00famero m\u00ednimo de alumnos para mantener el funcionamiento de forma adecuada este servicio.<\/p>\n<ul>\n<li>&nbsp;<\/li>\n<\/ul>\n<p lang=\"es-ES\" align=\"JUSTIFY\">&nbsp;<\/p>\n<p><\/li><li class=\"tab-pane \" id=\"ert_pane1-3\"><\/p>\n<h3 style=\"padding-left: 60px\"><span style=\"text-decoration: underline\"><strong>IMPRESOS CONJUNTOS<\/strong><\/span><\/h3>\n<ul>\n<li><a href=\"http:\/\/www.juntadeandalucia.es\/export\/drupaljda\/002563-A00-V02-00.pdf\" target=\"_blank\" rel=\"noopener noreferrer\">Anexo II.- Servicio de Aula Matinal, Comedor Escolar y actividades Extraescolares (pdf)<\/a>&nbsp;<\/li>\n<li><a href=\"http:\/\/www.juntadeandalucia.es\/export\/drupaljda\/002563-A05-V01-00.pdf\" target=\"_blank\" rel=\"noopener noreferrer\">Anexo V.- Gratuidad\/bonificaci\u00f3n del precio p\u00fablico por los servicios complementarios de Aula Matinal, Comedor Escolar y Actividades Extraescolares (pdf)<\/a>\n<ul>\n<li><a href=\"https:\/\/blogsaverroes.juntadeandalucia.es\/ceipelalmendralcarmona\/files\/2021\/08\/FICHA_ALTA_COMEDOR_21_22.pdf\" target=\"_blank\" rel=\"noopener noreferrer\">FICHA ALTA COMEDOR 21\/22<\/a><\/li>\n<\/ul>\n<\/li>\n<li><a href=\"http:\/\/blogsaverroes.juntadeandalucia.es\/ceipborbolla\/files\/2015\/12\/pdf-icono.gif\"><img loading=\"lazy\" decoding=\"async\" class=\" size-full wp-image-2203 alignleft\" src=\"http:\/\/blogsaverroes.juntadeandalucia.es\/ceipborbolla\/files\/2015\/12\/pdf-icono.gif\" alt=\"pdf-icono\" width=\"18\" height=\"18\"><\/a><a href=\"https:\/\/blogsaverroes.juntadeandalucia.es\/ceipborbolla\/files\/2020\/01\/Solicitud-Baja-PAF.pdf\" target=\"_blank\" rel=\"noopener noreferrer\">SOLICITUD DE BAJA DE SERVICIOS COMPLEMENTARIOS.<\/a><\/li>\n<\/ul>\n<p style=\"text-align: center\"><a href=\"http:\/\/blogsaverroes.juntadeandalucia.es\/ceipelalmendralcarmona\/files\/2015\/03\/planes.png\"><img loading=\"lazy\" decoding=\"async\" class=\"alignnone size-medium wp-image-1667\" src=\"http:\/\/blogsaverroes.juntadeandalucia.es\/ceipelalmendralcarmona\/files\/2015\/03\/planes-300x150.png\" alt=\"planes\" width=\"300\" height=\"150\" srcset=\"https:\/\/blogsaverroes.juntadeandalucia.es\/ceipelalmendralcarmona\/files\/2015\/03\/planes-300x150.png 300w, https:\/\/blogsaverroes.juntadeandalucia.es\/ceipelalmendralcarmona\/files\/2015\/03\/planes.png 640w\" sizes=\"(max-width: 300px) 100vw, 300px\" \/><\/a><\/p>\n<ul>\n<li>&nbsp;<\/li>\n<\/ul>\n<p><\/li><li class=\"tab-pane \" id=\"ert_pane1-4\"><\/p>\n<h3 style=\"padding-left: 60px\" align=\"JUSTIFY\"><span style=\"text-decoration: underline\"><strong>PROGRAMA DE ACTIVIDADES<\/strong><\/span><\/h3>\n<p lang=\"es-ES\" align=\"JUSTIFY\">Durante el periodo de tiempo que los alumnos y alumnas permanezcan en el Aula Matinal desarrollaran un conjunto de actividades encaminadas fundamentalmente a la preparaci\u00f3n para el inicio de su jornada escolar habitual, con ejercicios de juego y relajaci\u00f3n y de preparaci\u00f3n de los materiales para clase.<\/p>\n<p lang=\"es-ES\" align=\"JUSTIFY\"><span lang=\"es-ES\">Se podr\u00e1 aprovechar este tiempo para realizar los <\/span><span lang=\"es-ES\">deberes<\/span> <span lang=\"es-ES\">de casa que no pudieron terminar el d\u00eda anterior, mentalizando a los alumnos de que el momento m\u00e1s adecuado para que realicen las tareas es durante la tarde. Esto afecta principalmente a los m\u00e1s mayores. Las monitoras establecer\u00e1n un sistema para poder dedicar un tiempo al<\/span><span lang=\"es-ES\"> estudio controlado<\/span><span lang=\"es-ES\">, pudiendo resolver las dudas de los alumnos.<\/span><\/p>\n<p lang=\"es-ES\" align=\"JUSTIFY\"><span lang=\"es-ES\">Tambi\u00e9n dedicaremos un tiempo a <\/span><span lang=\"es-ES\">juegos educativos<\/span><span lang=\"es-ES\"> por equipos y con los m\u00e1s peque\u00f1os,<\/span> <span lang=\"es-ES\">cuenta cuentos<\/span><span lang=\"es-ES\">.<\/span><\/p>\n<p lang=\"es-ES\" align=\"JUSTIFY\">Trataremos de inculcar a los alumnos\/as los h\u00e1bitos sanitarios y educativos propios para conseguir: Higiene personal, empleo adecuado de los utensilios para comer, etc&#8230;<\/p>\n<h3 style=\"padding-left: 30px\" align=\"JUSTIFY\"><strong>Calendario de realizaci\u00f3n<\/strong><\/h3>\n<p lang=\"es-ES\" align=\"JUSTIFY\">-Fecha de comienzo: mes de septiembre de cada curso escolar.<\/p>\n<p lang=\"es-ES\" align=\"JUSTIFY\">-Fecha de terminaci\u00f3n: Mes de junio, en la fecha que determine el calendario escolar.<\/p>\n<h3 style=\"padding-left: 30px\" align=\"JUSTIFY\"><strong>Materiales del Aula<\/strong><\/h3>\n<p style=\"padding-left: 90px\" lang=\"es-ES\" align=\"JUSTIFY\">-Mobiliario espec\u00edfico para el Aula.<\/p>\n<p style=\"padding-left: 90px\" lang=\"es-ES\" align=\"JUSTIFY\">&#8211; Cuentos infantiles<\/p>\n<p style=\"padding-left: 90px\" lang=\"es-ES\" align=\"JUSTIFY\">-Juegos educativos<\/p>\n<p style=\"padding-left: 90px\" lang=\"es-ES\" align=\"JUSTIFY\">-Televisi\u00f3n y DVD<\/p>\n<p style=\"padding-left: 90px\" lang=\"es-ES\" align=\"JUSTIFY\">-Microondas<\/p>\n<p style=\"padding-left: 90px\" lang=\"es-ES\" align=\"JUSTIFY\">-Frigor\u00edfico<\/p>\n<p style=\"padding-left: 90px\" lang=\"es-ES\" align=\"JUSTIFY\">-Camitas para los alumnos de infantil.<\/p>\n<p style=\"padding-left: 90px\" lang=\"es-ES\" align=\"JUSTIFY\">-&#8230;<\/p>\n<p><\/li><\/ul><\/div><\/div>\n<p><a href=\"http:\/\/blogsaverroes.juntadeandalucia.es\/ceipelalmendralcarmona\/files\/2016\/01\/aula-matinal1.jpg\"><img loading=\"lazy\" decoding=\"async\" class=\" size-medium wp-image-2280 aligncenter\" src=\"http:\/\/blogsaverroes.juntadeandalucia.es\/ceipelalmendralcarmona\/files\/2016\/01\/aula-matinal1-300x134.jpg\" alt=\"aula-matinal1\" width=\"300\" height=\"134\" srcset=\"https:\/\/blogsaverroes.juntadeandalucia.es\/ceipelalmendralcarmona\/files\/2016\/01\/aula-matinal1-300x134.jpg 300w, https:\/\/blogsaverroes.juntadeandalucia.es\/ceipelalmendralcarmona\/files\/2016\/01\/aula-matinal1.jpg 400w\" sizes=\"(max-width: 300px) 100vw, 300px\" \/><\/a><\/p>\n","protected":false},"excerpt":{"rendered":"","protected":false},"author":1,"featured_media":0,"parent":0,"menu_order":0,"comment_status":"closed","ping_status":"open","template":"page-cs.php","meta":{"ngg_post_thumbnail":0,"footnotes":"","_mc_calendar":[]},"aioseo_notices":[],"_links":{"self":[{"href":"https:\/\/blogsaverroes.juntadeandalucia.es\/ceipelalmendralcarmona\/wp-json\/wp\/v2\/pages\/870"}],"collection":[{"href":"https:\/\/blogsaverroes.juntadeandalucia.es\/ceipelalmendralcarmona\/wp-json\/wp\/v2\/pages"}],"about":[{"href":"https:\/\/blogsaverroes.juntadeandalucia.es\/ceipelalmendralcarmona\/wp-json\/wp\/v2\/types\/page"}],"author":[{"embeddable":true,"href":"https:\/\/blogsaverroes.juntadeandalucia.es\/ceipelalmendralcarmona\/wp-json\/wp\/v2\/users\/1"}],"replies":[{"embeddable":true,"href":"https:\/\/blogsaverroes.juntadeandalucia.es\/ceipelalmendralcarmona\/wp-json\/wp\/v2\/comments?post=870"}],"version-history":[{"count":26,"href":"https:\/\/blogsaverroes.juntadeandalucia.es\/ceipelalmendralcarmona\/wp-json\/wp\/v2\/pages\/870\/revisions"}],"predecessor-version":[{"id":5713,"href":"https:\/\/blogsaverroes.juntadeandalucia.es\/ceipelalmendralcarmona\/wp-json\/wp\/v2\/pages\/870\/revisions\/5713"}],"wp:attachment":[{"href":"https:\/\/blogsaverroes.juntadeandalucia.es\/ceipelalmendralcarmona\/wp-json\/wp\/v2\/media?parent=870"}],"curies":[{"name":"wp","href":"https:\/\/api.w.org\/{rel}","templated":true}]}}