{"id":871,"date":"2015-03-16T07:25:46","date_gmt":"2015-03-16T07:25:46","guid":{"rendered":"http:\/\/blogsaverroes.juntadeandalucia.es\/pre\/ceip\/?page_id=106"},"modified":"2021-09-04T00:28:26","modified_gmt":"2021-09-03T23:28:26","slug":"actividades-extraescolares","status":"publish","type":"page","link":"https:\/\/blogsaverroes.juntadeandalucia.es\/ceipelalmendralcarmona\/actividades-extraescolares\/","title":{"rendered":"Actividades extraescolares"},"content":{"rendered":"<div class=\"osc-res-tab tabbable   osc-tabs-left\"><div style=\"clear:both;width: 100%;\"><ul class=\"nav osc-res-nav nav-tabs osc-tabs-left-ul\" id=\"oscitas-restabs-1-actividades-extraescolares-76225\"><li class=\"active\"><a href=\"#ert_pane1-0\" data-toggle=\"tab\"><strong>Objetivos<\/strong><\/a><\/li><li class=\"\"><a href=\"#ert_pane1-1\" data-toggle=\"tab\"><strong>Normativa<\/strong><\/a><\/li><li class=\"\"><a href=\"#ert_pane1-2\" data-toggle=\"tab\"><strong>Horario<\/strong><\/a><\/li><li class=\"\"><a href=\"#ert_pane1-3\" data-toggle=\"tab\"><strong>Impresos<\/strong><\/a><\/li><li class=\"\"><a href=\"#ert_pane1-4\" data-toggle=\"tab\"><strong>Talleres \/ Organizaci\u00f3n<\/strong><\/a><\/li><\/ul><\/div><div style=\"clear:both;width: 100%;\"><ul class=\"tab-content\" id=\"oscitas-restabcontent-1-actividades-extraescolares-76225\"><li class=\"tab-pane active\" id=\"ert_pane1-0\"><\/p>\n<p style=\"text-align: left;padding-left: 30px\">Las actividades extraescolares tienen lugar en horario de tarde, hasta las 18.00, y abarcan aspectos como la lectura, el deporte, la m\u00fasica, la inform\u00e1tica, los idiomas, la danza o el teatro, entre otras actividades l\u00fadicas y formativas.<\/p>\n<p style=\"padding-left: 30px\">Para hacer posible la realizaci\u00f3n de estas actividades fuera del horario lectivo, el centro abre sus instalaciones hasta las 18.00 todos los d\u00edas lectivos con excepci\u00f3n de los viernes, en los que el cierre se establece a las 16.00.<\/p>\n<h3 style=\"padding-left: 60px\"><span style=\"text-decoration: underline\"><strong>OBJETIVOS<\/strong><\/span><\/h3>\n<ul>\n<li>\n<p lang=\"es-ES\" align=\"JUSTIFY\">Permitir al alumnado el descubrimiento y disfrute de todo un abanico de actividades con las que ocupar su tiempo libre o de ocio, de forma colectiva y enriquecedora.<\/p>\n<\/li>\n<li>\n<p lang=\"es-ES\" align=\"JUSTIFY\">Conseguir que, a trav\u00e9s de toda la variedad de actividades que se ofrecen, se beneficie todo el alumnado, teniendo siempre en cuenta tanto la actividad ofrecida como el colectivo de alumnos\/as a quienes va dirigida.<\/p>\n<\/li>\n<li>\n<p lang=\"es-ES\" align=\"JUSTIFY\">Ofrecer al alumnado una serie de apoyos y refuerzos a los contenidos acad\u00e9micos con el fin de fortalecer la adquisici\u00f3n de aprendizajes, ampliando el curr\u00edculo.<\/p>\n<\/li>\n<\/ul>\n<p lang=\"es-ES\" align=\"JUSTIFY\"><\/li><li class=\"tab-pane \" id=\"ert_pane1-1\"><\/p>\n<p style=\"padding-left: 60px\"><u><strong>Enlace a la web de Consejer\u00eda de Educaci\u00f3n que publica la legislaci\u00f3n que regula los servicios complementarios.<\/strong><br \/>\n<\/u><\/p>\n<ul>\n<li><span style=\"font-size: 14pt\"><strong><a href=\"https:\/\/www.juntadeandalucia.es\/organismos\/educacionydeporte\/areas\/educacion-familias\/servicios-complementarios\/paginas\/servicio-extraescolares.html\" target=\"_blank\" rel=\"noopener noreferrer\">NORMATIVA SERVICIOS COMPLEMENTARIOS<\/a><\/strong><\/span><\/li>\n<\/ul>\n<p style=\"text-align: center\"><a href=\"http:\/\/blogsaverroes.juntadeandalucia.es\/ceipelalmendralcarmona\/files\/2015\/03\/portada_graphene.jpg\"><img loading=\"lazy\" decoding=\"async\" class=\"alignnone wp-image-130\" src=\"http:\/\/blogsaverroes.juntadeandalucia.es\/ceipelalmendralcarmona\/files\/2015\/03\/portada_graphene-300x42.jpg\" alt=\"portada_graphene\" width=\"658\" height=\"92\" srcset=\"https:\/\/blogsaverroes.juntadeandalucia.es\/ceipelalmendralcarmona\/files\/2015\/03\/portada_graphene-300x42.jpg 300w, https:\/\/blogsaverroes.juntadeandalucia.es\/ceipelalmendralcarmona\/files\/2015\/03\/portada_graphene-1024x144.jpg 1024w, https:\/\/blogsaverroes.juntadeandalucia.es\/ceipelalmendralcarmona\/files\/2015\/03\/portada_graphene.jpg 1140w\" sizes=\"(max-width: 658px) 100vw, 658px\" \/><\/a><\/p>\n<p><\/li><li class=\"tab-pane \" id=\"ert_pane1-2\"><\/p>\n<p style=\"text-align: center\"><strong><span style=\"text-decoration: underline\">Servicio de Actividades Extraescolares<\/span><\/strong><\/p>\n<ul>\n<li><strong>Horario:<\/strong> de 16:00 h. hasta las 18:00 h. de lunes a jueves.<\/li>\n<li><strong>Precio actual<\/strong>: <a href=\"https:\/\/blogsaverroes.juntadeandalucia.es\/ceipborbolla\/files\/2021\/08\/Precios-servicios-complementarios-3-8-2021.pdf\" target=\"_blank\" rel=\"noopener noreferrer\"><span style=\"font-size: 14pt\"><strong>Precios servicios complementarios 3-8-2021<\/strong> <\/span><\/a><\/li>\n<\/ul>\n<p align=\"JUSTIFY\"><span lang=\"es-ES\">&nbsp; &nbsp; &nbsp; <\/span>El precio de este servicio ser\u00e1 el que seg\u00fan la normativa deba aplicarse en cada curso escolar, ajust\u00e1ndose al procedimiento que expresamente fijen y a las bonificaciones en la cuant\u00eda que espec\u00edficamente le corresponda a cada unidad familiar. Para el funcionamiento de un grupo la administraci\u00f3n fija un n\u00famero m\u00ednimo de 10 alumnos para mantener su funcionamiento.<\/p>\n<p><\/li><li class=\"tab-pane \" id=\"ert_pane1-3\"><\/p>\n<h3 style=\"padding-left: 60px\"><span style=\"text-decoration: underline\"><strong>IMPRESOS CONJUNTOS<\/strong><\/span><\/h3>\n<p style=\"text-align: center\"><a href=\"http:\/\/blogsaverroes.juntadeandalucia.es\/ceipelalmendralcarmona\/files\/2015\/03\/planes.png\"><img loading=\"lazy\" decoding=\"async\" class=\"alignnone size-medium wp-image-1667\" src=\"http:\/\/blogsaverroes.juntadeandalucia.es\/ceipelalmendralcarmona\/files\/2015\/03\/planes-300x150.png\" alt=\"planes\" width=\"300\" height=\"150\" srcset=\"https:\/\/blogsaverroes.juntadeandalucia.es\/ceipelalmendralcarmona\/files\/2015\/03\/planes-300x150.png 300w, https:\/\/blogsaverroes.juntadeandalucia.es\/ceipelalmendralcarmona\/files\/2015\/03\/planes.png 640w\" sizes=\"(max-width: 300px) 100vw, 300px\" \/><\/a><\/p>\n<ul>\n<li><a href=\"http:\/\/www.juntadeandalucia.es\/export\/drupaljda\/002563-A00-V02-00.pdf\" target=\"_blank\" rel=\"noopener noreferrer\">Anexo II.- Servicio de Aula Matinal, Comedor Escolar y actividades Extraescolares (pdf)<\/a><\/li>\n<li><a href=\"http:\/\/www.juntadeandalucia.es\/export\/drupaljda\/002563-A05-V01-00.pdf\" target=\"_blank\" rel=\"noopener noreferrer\">Anexo V.- Gratuidad\/bonificaci\u00f3n del precio p\u00fablico por los servicios complementarios de Aula Matinal, Comedor Escolar y Actividades Extraescolares (pdf)<\/a><\/li>\n<li><a href=\"https:\/\/blogsaverroes.juntadeandalucia.es\/ceipelalmendralcarmona\/files\/2021\/08\/FICHA_ALTA_ACTIV_EXTRAES_21_22.pdf\" target=\"_blank\" rel=\"noopener noreferrer\">FICHA DE ALTA ACTIVIDADES EXTRAESCOLARES 21\/22.<\/a><\/li>\n<li>&nbsp;<\/li>\n<\/ul>\n<p>&nbsp;<\/p>\n<p>&nbsp;<\/p>\n<p><\/li><li class=\"tab-pane \" id=\"ert_pane1-4\"><\/p>\n<h3 style=\"padding-left: 60px\" align=\"JUSTIFY\"><span style=\"text-decoration: underline\"><strong>TALLER DE MANUALIDADES<\/strong><\/span><\/h3>\n<p><a href=\"https:\/\/blogsaverroes.juntadeandalucia.es\/ceipelalmendralcarmona\/2017\/03\/02\/tablon-de-anuncios-procedimiento-de-admision-20162017\/escuela-16\/\" rel=\"attachment wp-att-2590\"><img loading=\"lazy\" decoding=\"async\" class=\"size-full wp-image-2590 alignright\" src=\"https:\/\/blogsaverroes.juntadeandalucia.es\/ceipelalmendralcarmona\/files\/2016\/03\/Escuela-16.gif\" alt=\"\" width=\"156\" height=\"156\"><\/a><\/p>\n<p style=\"padding-left: 60px\" lang=\"es-ES\" align=\"JUSTIFY\"><span style=\"text-decoration: underline\"><strong>Objetivos.<\/strong><\/span><\/p>\n<p>&nbsp;<\/p>\n<p>&nbsp;<\/p>\n<ul>\n<li>\n<p lang=\"es-ES\" align=\"JUSTIFY\">Desarrollar la sensibilidad y el gusto por la expresi\u00f3n pl\u00e1stica.<\/p>\n<\/li>\n<li>\n<p lang=\"es-ES\" align=\"JUSTIFY\">Fomentar la creatividad y la imaginaci\u00f3n.<\/p>\n<\/li>\n<li>\n<p lang=\"es-ES\" align=\"JUSTIFY\">Potenciar el gusto por el trabajo bien hecho.<\/p>\n<\/li>\n<\/ul>\n<h3 style=\"padding-left: 60px\" align=\"JUSTIFY\"><span style=\"text-decoration: underline\"><strong>TALLER DE BAILE Y EXPRESI\u00d3N CORPORAL<\/strong><\/span><\/h3>\n<p style=\"padding-left: 60px\" lang=\"es-ES\" align=\"JUSTIFY\"><span style=\"text-decoration: underline\"><strong><br \/>\nObjetivos.<\/strong><\/span><\/p>\n<ul>\n<li>\n<p lang=\"es-ES\" align=\"JUSTIFY\">Desarrollar la capacidad de expresi\u00f3n corporal tanto pl\u00e1stica como musical, desde un enfoque globalizador a trav\u00e9s del juego.<\/p>\n<\/li>\n<li>\n<p lang=\"es-ES\" align=\"JUSTIFY\">Despertar la sensibilidad y el gusto por la expresi\u00f3n corporal y el baile.<\/p>\n<\/li>\n<li>\n<p lang=\"es-ES\" align=\"JUSTIFY\">Fomentar la creatividad y la imaginaci\u00f3n.<\/p>\n<\/li>\n<\/ul>\n<h3 style=\"padding-left: 60px\" align=\"JUSTIFY\"><span style=\"text-decoration: underline\"><strong>TALLER DE ANIMACI\u00d3N A LA LECTURA<\/strong><\/span><\/h3>\n<h3 style=\"padding-left: 60px\" align=\"JUSTIFY\"><a href=\"http:\/\/blogsaverroes.juntadeandalucia.es\/ceipelalmendralcarmona\/files\/2014\/12\/libros1.png\"><img loading=\"lazy\" decoding=\"async\" class=\" size-medium wp-image-551 alignright\" src=\"http:\/\/blogsaverroes.juntadeandalucia.es\/ceipelalmendralcarmona\/files\/2014\/12\/libros1-300x246.png\" alt=\"libros1\" width=\"300\" height=\"246\" srcset=\"https:\/\/blogsaverroes.juntadeandalucia.es\/ceipelalmendralcarmona\/files\/2014\/12\/libros1-300x246.png 300w, https:\/\/blogsaverroes.juntadeandalucia.es\/ceipelalmendralcarmona\/files\/2014\/12\/libros1.png 640w\" sizes=\"(max-width: 300px) 100vw, 300px\" \/><\/a><\/h3>\n<p style=\"padding-left: 60px\" lang=\"es-ES\" align=\"JUSTIFY\"><span style=\"text-decoration: underline\"><strong>Objetivos.<\/strong><\/span><\/p>\n<ul>\n<li>\n<p lang=\"es-ES\" align=\"JUSTIFY\">Desarrollar la imaginaci\u00f3n, la creatividad y la fantas\u00eda.<\/p>\n<\/li>\n<li>\n<p lang=\"es-ES\" align=\"JUSTIFY\">Estimular el inter\u00e9s y gusto por la lectura.<\/p>\n<h3 style=\"padding-left: 60px\" align=\"JUSTIFY\">&nbsp;<\/h3>\n<h3 style=\"padding-left: 60px\" align=\"JUSTIFY\">&nbsp;<\/h3>\n<\/li>\n<li>\n<p lang=\"es-ES\" align=\"JUSTIFY\">Implicar a las familias en el proceso de creaci\u00f3n del h\u00e1bito lector.<\/p>\n<\/li>\n<li>\n<p lang=\"es-ES\" align=\"JUSTIFY\">Acercar a los ni\u00f1os las obras literarias de forma l\u00fadica y divertida.<\/p>\n<\/li>\n<\/ul>\n<h3 style=\"padding-left: 60px\" align=\"JUSTIFY\">&nbsp;<\/h3>\n<h3 style=\"padding-left: 60px\" align=\"JUSTIFY\"><span style=\"text-decoration: underline\"><strong>TALLER DE APOYO Y REFUERZO<\/strong><\/span><\/h3>\n<p style=\"padding-left: 60px\"><span style=\"text-decoration: underline\"><strong>Objetivos<\/strong><\/span><\/p>\n<ul>\n<li>\n<p lang=\"es-MX\" align=\"JUSTIFY\">Estimular y desarrollar en los alumnos\/as el inter\u00e9s por la faceta pr\u00e1ctica de todo aquello que aprenden en las materias regladas.<\/p>\n<\/li>\n<li>\n<p lang=\"es-MX\" align=\"JUSTIFY\">Fomentar los juegos culturales, haciendo divertido lo que a priori el alumno pod\u00eda catalogar como aburrido.<\/p>\n<\/li>\n<li>\n<p lang=\"es-MX\" align=\"JUSTIFY\">Elevar el nivel cultural de los alumnos\/as, en el centro.<\/p>\n<\/li>\n<\/ul>\n<h3 style=\"padding-left: 60px\" align=\"JUSTIFY\"><span style=\"text-decoration: underline\"><strong> TALLER DE INGL\u00c9S<\/strong><\/span><\/h3>\n<p style=\"padding-left: 60px\" lang=\"es-ES\"><span style=\"text-decoration: underline\"><strong>Objetivos<\/strong><\/span><\/p>\n<ul>\n<li>Este taller se ha marcado como objetivo el aprendizaje integral del idioma dentro del nivel en el que se encaja el alumno, siempre en coordinaci\u00f3n con el profesorado de Ingl\u00e9s del Centro.<\/li>\n<\/ul>\n<h3 style=\"padding-left: 60px\" align=\"JUSTIFY\"><span style=\"text-decoration: underline\"><strong>ORGANIZACI\u00d3N<\/strong><\/span><\/h3>\n<p lang=\"es-ES\" align=\"JUSTIFY\"><a href=\"http:\/\/blogsaverroes.juntadeandalucia.es\/ceipelalmendralcarmona\/files\/2016\/01\/005-abstract-3d-art-paul-corfield.jpg\"><img loading=\"lazy\" decoding=\"async\" class=\" size-medium wp-image-2270 alignleft\" src=\"http:\/\/blogsaverroes.juntadeandalucia.es\/ceipelalmendralcarmona\/files\/2016\/01\/005-abstract-3d-art-paul-corfield-300x225.jpg\" alt=\"005-abstract-3d-art-paul-corfield\" width=\"300\" height=\"225\" srcset=\"https:\/\/blogsaverroes.juntadeandalucia.es\/ceipelalmendralcarmona\/files\/2016\/01\/005-abstract-3d-art-paul-corfield-300x225.jpg 300w, https:\/\/blogsaverroes.juntadeandalucia.es\/ceipelalmendralcarmona\/files\/2016\/01\/005-abstract-3d-art-paul-corfield.jpg 620w\" sizes=\"(max-width: 300px) 100vw, 300px\" \/><\/a><\/p>\n<p lang=\"es-ES\" align=\"JUSTIFY\">En funci\u00f3n de las solicitudes presentadas se organizar\u00e1n los talleres y grupos al comenzar cada curso escolar. Si as\u00ed fuese demandado por las familias se podr\u00eda crear alg\u00fan nuevo taller de tem\u00e1tica diferente<\/p>\n<p lang=\"es-ES\" align=\"JUSTIFY\">El personal contratado por la empresa con la que se formalice la gesti\u00f3n y desarrollo del conjunto de actividades extraescolares que se realicen cada curso escolar, ser\u00e1 el encargado de su puesta en marcha efectiva, siguiendo las pautas marcadas por el Claustro de Profesores y el Consejo Escolar. Les corresponde directamente la vigilancia y control del alumnado, as\u00ed como la correcta utilizaci\u00f3n de las instalaciones, del mobiliario y los materiales que aporte el colegio.<\/p>\n<p lang=\"es-ES\" align=\"JUSTIFY\"><strong>Calendario de realizaci\u00f3n<\/strong><\/p>\n<p lang=\"es-ES\" align=\"JUSTIFY\">-Fecha de comienzo: mes de octubre de cada curso escolar.<\/p>\n<p lang=\"es-ES\" align=\"JUSTIFY\">-Fecha de terminaci\u00f3n: finales del mes de mayo de cada curso escolar.<\/p>\n<h3 style=\"padding-left: 30px\" align=\"JUSTIFY\">&nbsp;<\/h3>\n<p><\/li><\/ul><\/div><\/div>\n<p style=\"text-align: center\"><a href=\"http:\/\/blogsaverroes.juntadeandalucia.es\/ceipelalmendralcarmona\/files\/2016\/01\/Extraescolares.jpg\"><img loading=\"lazy\" decoding=\"async\" class=\"alignnone wp-image-2277 size-medium\" src=\"http:\/\/blogsaverroes.juntadeandalucia.es\/ceipelalmendralcarmona\/files\/2016\/01\/Extraescolares-300x144.jpg\" alt=\"Extraescolares\" width=\"300\" height=\"144\" srcset=\"https:\/\/blogsaverroes.juntadeandalucia.es\/ceipelalmendralcarmona\/files\/2016\/01\/Extraescolares-300x144.jpg 300w, https:\/\/blogsaverroes.juntadeandalucia.es\/ceipelalmendralcarmona\/files\/2016\/01\/Extraescolares.jpg 320w\" sizes=\"(max-width: 300px) 100vw, 300px\" \/><\/a><\/p>\n<h4>&nbsp;<\/h4>\n","protected":false},"excerpt":{"rendered":"<p>&nbsp;<\/p>\n","protected":false},"author":1,"featured_media":0,"parent":0,"menu_order":0,"comment_status":"closed","ping_status":"open","template":"page-cs.php","meta":{"ngg_post_thumbnail":0,"footnotes":"","_mc_calendar":[]},"aioseo_notices":[],"_links":{"self":[{"href":"https:\/\/blogsaverroes.juntadeandalucia.es\/ceipelalmendralcarmona\/wp-json\/wp\/v2\/pages\/871"}],"collection":[{"href":"https:\/\/blogsaverroes.juntadeandalucia.es\/ceipelalmendralcarmona\/wp-json\/wp\/v2\/pages"}],"about":[{"href":"https:\/\/blogsaverroes.juntadeandalucia.es\/ceipelalmendralcarmona\/wp-json\/wp\/v2\/types\/page"}],"author":[{"embeddable":true,"href":"https:\/\/blogsaverroes.juntadeandalucia.es\/ceipelalmendralcarmona\/wp-json\/wp\/v2\/users\/1"}],"replies":[{"embeddable":true,"href":"https:\/\/blogsaverroes.juntadeandalucia.es\/ceipelalmendralcarmona\/wp-json\/wp\/v2\/comments?post=871"}],"version-history":[{"count":21,"href":"https:\/\/blogsaverroes.juntadeandalucia.es\/ceipelalmendralcarmona\/wp-json\/wp\/v2\/pages\/871\/revisions"}],"predecessor-version":[{"id":5435,"href":"https:\/\/blogsaverroes.juntadeandalucia.es\/ceipelalmendralcarmona\/wp-json\/wp\/v2\/pages\/871\/revisions\/5435"}],"wp:attachment":[{"href":"https:\/\/blogsaverroes.juntadeandalucia.es\/ceipelalmendralcarmona\/wp-json\/wp\/v2\/media?parent=871"}],"curies":[{"name":"wp","href":"https:\/\/api.w.org\/{rel}","templated":true}]}}