{"id":2204,"date":"2018-10-09T11:57:59","date_gmt":"2018-10-09T11:57:59","guid":{"rendered":"https:\/\/blogsaverroes.juntadeandalucia.es\/ceipeljuncal\/?page_id=2204"},"modified":"2018-10-18T07:32:35","modified_gmt":"2018-10-18T07:32:35","slug":"biblioteca","status":"publish","type":"page","link":"https:\/\/blogsaverroes.juntadeandalucia.es\/ceipeljuncal\/biblioteca\/","title":{"rendered":"Biblioteca"},"content":{"rendered":"<p><a href=\"https:\/\/blogsaverroes.juntadeandalucia.es\/ceipeljuncal\/files\/2014\/12\/libros1.png\"><img loading=\"lazy\" decoding=\"async\" class=\"alignnone size-medium wp-image-551\" src=\"https:\/\/blogsaverroes.juntadeandalucia.es\/ceipeljuncal\/files\/2014\/12\/libros1-300x246.png\" alt=\"\" width=\"300\" height=\"246\" srcset=\"https:\/\/blogsaverroes.juntadeandalucia.es\/ceipeljuncal\/files\/2014\/12\/libros1-300x246.png 300w, https:\/\/blogsaverroes.juntadeandalucia.es\/ceipeljuncal\/files\/2014\/12\/libros1.png 640w\" sizes=\"(max-width: 300px) 100vw, 300px\" \/><\/a><\/p>\n<p>La biblioteca es un espacio fundamental de nuestro centro. No es solo un enclave para la lectura sino que proporciona al alumnado la oportunidad de participar en el sistema de pr\u00e9stamo de nuestro cat\u00e1logo de libros que a\u00f1o a a\u00f1o intentamos actualizar.<\/p>\n<p>Adem\u00e1s de esto, la biblioteca es el centro del que nacen distintas actividades e iniciativas que implican a todo el alumnado del centro e intenta tambi\u00e9n hacer lo propio con las familias.&nbsp;<\/p>\n<p>Contamos adem\u00e1s con un blog espec\u00edfico de nuestra biblioteca que se puede visitar pinchando <a href=\"http:\/\/bibliotecaceipeljuncal.blogspot.com\/\">aqu\u00ed<\/a>.<\/p>\n<p>&nbsp;<\/p>\n","protected":false},"excerpt":{"rendered":"<p>La biblioteca es un espacio fundamental de nuestro centro. No es solo un enclave para la lectura sino que proporciona al alumnado la oportunidad de participar en el sistema de pr\u00e9stamo de nuestro cat\u00e1logo de libros que a\u00f1o a a\u00f1o intentamos actualizar. Adem\u00e1s de esto, la biblioteca es el centro del que nacen distintas actividades &hellip; <\/p>\n<p><a class=\"more-link btn\" href=\"https:\/\/blogsaverroes.juntadeandalucia.es\/ceipeljuncal\/biblioteca\/\">Seguir leyendo<\/a><\/p>\n","protected":false},"author":5646,"featured_media":0,"parent":0,"menu_order":0,"comment_status":"closed","ping_status":"closed","template":"","meta":{"ngg_post_thumbnail":0,"footnotes":"","_mc_calendar":[]},"aioseo_notices":[],"_links":{"self":[{"href":"https:\/\/blogsaverroes.juntadeandalucia.es\/ceipeljuncal\/wp-json\/wp\/v2\/pages\/2204"}],"collection":[{"href":"https:\/\/blogsaverroes.juntadeandalucia.es\/ceipeljuncal\/wp-json\/wp\/v2\/pages"}],"about":[{"href":"https:\/\/blogsaverroes.juntadeandalucia.es\/ceipeljuncal\/wp-json\/wp\/v2\/types\/page"}],"author":[{"embeddable":true,"href":"https:\/\/blogsaverroes.juntadeandalucia.es\/ceipeljuncal\/wp-json\/wp\/v2\/users\/5646"}],"replies":[{"embeddable":true,"href":"https:\/\/blogsaverroes.juntadeandalucia.es\/ceipeljuncal\/wp-json\/wp\/v2\/comments?post=2204"}],"version-history":[{"count":4,"href":"https:\/\/blogsaverroes.juntadeandalucia.es\/ceipeljuncal\/wp-json\/wp\/v2\/pages\/2204\/revisions"}],"predecessor-version":[{"id":2275,"href":"https:\/\/blogsaverroes.juntadeandalucia.es\/ceipeljuncal\/wp-json\/wp\/v2\/pages\/2204\/revisions\/2275"}],"wp:attachment":[{"href":"https:\/\/blogsaverroes.juntadeandalucia.es\/ceipeljuncal\/wp-json\/wp\/v2\/media?parent=2204"}],"curies":[{"name":"wp","href":"https:\/\/api.w.org\/{rel}","templated":true}]}}