{"id":2222,"date":"2018-10-10T10:25:11","date_gmt":"2018-10-10T10:25:11","guid":{"rendered":"https:\/\/blogsaverroes.juntadeandalucia.es\/ceipeljuncal\/?page_id=2222"},"modified":"2019-11-28T08:53:10","modified_gmt":"2019-11-28T08:53:10","slug":"plc","status":"publish","type":"page","link":"https:\/\/blogsaverroes.juntadeandalucia.es\/ceipeljuncal\/plc\/","title":{"rendered":"PLC"},"content":{"rendered":"<p style=\"text-align: center\"><a href=\"https:\/\/blogsaverroes.juntadeandalucia.es\/ceipeljuncal\/files\/2018\/10\/PLC_logo_6.png\"><img loading=\"lazy\" decoding=\"async\" class=\"alignnone wp-image-2240 size-medium\" src=\"https:\/\/blogsaverroes.juntadeandalucia.es\/ceipeljuncal\/files\/2018\/10\/PLC_logo_6-300x123.png\" alt=\"\" width=\"300\" height=\"123\" srcset=\"https:\/\/blogsaverroes.juntadeandalucia.es\/ceipeljuncal\/files\/2018\/10\/PLC_logo_6-300x123.png 300w, https:\/\/blogsaverroes.juntadeandalucia.es\/ceipeljuncal\/files\/2018\/10\/PLC_logo_6-24x10.png 24w, https:\/\/blogsaverroes.juntadeandalucia.es\/ceipeljuncal\/files\/2018\/10\/PLC_logo_6-36x15.png 36w, https:\/\/blogsaverroes.juntadeandalucia.es\/ceipeljuncal\/files\/2018\/10\/PLC_logo_6-48x20.png 48w, https:\/\/blogsaverroes.juntadeandalucia.es\/ceipeljuncal\/files\/2018\/10\/PLC_logo_6.png 940w\" sizes=\"(max-width: 300px) 100vw, 300px\" \/><\/a><\/p>\n<p id=\"aui_3_2_0_1148\">\u00abEl Proyecto Ling\u00fc\u00edstico de Centro (PLC) posee como objetivo fundamental impulsar y apoyar la puesta en marcha en los centros educativos de un proyecto global para la mejora de la competencia en comunicaci\u00f3n ling\u00fc\u00edstica en el que participe el profesorado de las distintas \u00e1reas y materias.<\/p>\n<p>Un Proyecto Ling\u00fc\u00edstico de Centro constituye un proyecto ambicioso que debe irse elaborando e implementando de manera progresiva.<\/p>\n<p>El programa PLC es un proyecto de car\u00e1cter plurianual, que se desarrollar\u00e1 en progresi\u00f3n a lo largo de tres cursos acad\u00e9micos.<\/p>\n<p>El Proyecto Ling\u00fc\u00edstico de Centro implica a todo el profesorado y a la comunidad educativa, liderados por el equipo directivo y la persona coordinadora del PLC.<\/p>\n<p>En este sentido, el programa facilita una metodolog\u00eda, unas estrategias y unos materiales b\u00e1sicos de referencia para el proceso de construcci\u00f3n y experimentaci\u00f3n de un PLC base, consensuado y asumido por todos.<\/p>\n<p>Una vez finalizado este proceso de construcci\u00f3n y experimentaci\u00f3n a lo largo de los tres a\u00f1os de duraci\u00f3n del programa, el centro habr\u00e1 de continuar revis\u00e1ndolo e implement\u00e1ndolo en funci\u00f3n de sus necesidades y circunstancias\u00bb.<\/p>\n<p>&nbsp;<\/p>\n<p><em>(Fuente: Portal PLC de la Consejer\u00eda de Educaci\u00f3n)<\/em><\/p>\n<p>&nbsp;<\/p>\n<p>El pasado mes de junio de 2019, el Claustro de profesorado del CEIP El Juncal aprob\u00f3 por unanimidad el documento final de PLC que culmina los tres a\u00f1os de trabajo en este proyecto y que servir\u00e1 de marco de regulaci\u00f3n del tratamiento de la competencia en comunicaci\u00f3n ling\u00fc\u00edstica en nuestro centro de ahora en adelante.<\/p>\n<p><a href=\"https:\/\/drive.google.com\/file\/d\/17eKBdoGwGhvZDXTFyf2p899cvvCx_69p\/view?usp=sharing\" target=\"_blank\" rel=\"noopener noreferrer\">Puede concultar el documento pinchando aqu\u00ed<\/a><\/p>\n","protected":false},"excerpt":{"rendered":"<p>\u00abEl Proyecto Ling\u00fc\u00edstico de Centro (PLC) posee como objetivo fundamental impulsar y apoyar la puesta en marcha en los centros educativos de un proyecto global para la mejora de la competencia en comunicaci\u00f3n ling\u00fc\u00edstica en el que participe el profesorado de las distintas \u00e1reas y materias. Un Proyecto Ling\u00fc\u00edstico de Centro constituye un proyecto ambicioso &hellip; <\/p>\n<p><a class=\"more-link btn\" href=\"https:\/\/blogsaverroes.juntadeandalucia.es\/ceipeljuncal\/plc\/\">Seguir leyendo<\/a><\/p>\n","protected":false},"author":5646,"featured_media":2240,"parent":0,"menu_order":0,"comment_status":"closed","ping_status":"closed","template":"","meta":{"ngg_post_thumbnail":0,"footnotes":"","_mc_calendar":[]},"aioseo_notices":[],"_links":{"self":[{"href":"https:\/\/blogsaverroes.juntadeandalucia.es\/ceipeljuncal\/wp-json\/wp\/v2\/pages\/2222"}],"collection":[{"href":"https:\/\/blogsaverroes.juntadeandalucia.es\/ceipeljuncal\/wp-json\/wp\/v2\/pages"}],"about":[{"href":"https:\/\/blogsaverroes.juntadeandalucia.es\/ceipeljuncal\/wp-json\/wp\/v2\/types\/page"}],"author":[{"embeddable":true,"href":"https:\/\/blogsaverroes.juntadeandalucia.es\/ceipeljuncal\/wp-json\/wp\/v2\/users\/5646"}],"replies":[{"embeddable":true,"href":"https:\/\/blogsaverroes.juntadeandalucia.es\/ceipeljuncal\/wp-json\/wp\/v2\/comments?post=2222"}],"version-history":[{"count":6,"href":"https:\/\/blogsaverroes.juntadeandalucia.es\/ceipeljuncal\/wp-json\/wp\/v2\/pages\/2222\/revisions"}],"predecessor-version":[{"id":2421,"href":"https:\/\/blogsaverroes.juntadeandalucia.es\/ceipeljuncal\/wp-json\/wp\/v2\/pages\/2222\/revisions\/2421"}],"wp:featuredmedia":[{"embeddable":true,"href":"https:\/\/blogsaverroes.juntadeandalucia.es\/ceipeljuncal\/wp-json\/wp\/v2\/media\/2240"}],"wp:attachment":[{"href":"https:\/\/blogsaverroes.juntadeandalucia.es\/ceipeljuncal\/wp-json\/wp\/v2\/media?parent=2222"}],"curies":[{"name":"wp","href":"https:\/\/api.w.org\/{rel}","templated":true}]}}

<p style="text-align: center"><a href="https://blogsaverroes.juntadeandalucia.es/ceipeljuncal/files/2018/10/PLC_logo_6.png"><img loading="lazy" decoding="async" class="alignnone wp-image-2240 size-medium" src="https://blogsaverroes.juntadeandalucia.es/ceipeljuncal/files/2018/10/PLC_logo_6-300x123.png" alt="" width="300" height="123" srcset="https://blogsaverroes.juntadeandalucia.es/ceipeljuncal/files/2018/10/PLC_logo_6-300x123.png 300w, https://blogsaverroes.juntadeandalucia.es/ceipeljuncal/files/2018/10/PLC_logo_6-24x10.png 24w, https://blogsaverroes.juntadeandalucia.es/ceipeljuncal/files/2018/10/PLC_logo_6-36x15.png 36w, https://blogsaverroes.juntadeandalucia.es/ceipeljuncal/files/2018/10/PLC_logo_6-48x20.png 48w, https://blogsaverroes.juntadeandalucia.es/ceipeljuncal/files/2018/10/PLC_logo_6.png 940w" sizes="(max-width: 300px) 100vw, 300px" /></a></p>
<p id="aui_3_2_0_1148">«El Proyecto Lingüístico de Centro (PLC) posee como objetivo fundamental impulsar y apoyar la puesta en marcha en los centros educativos de un proyecto global para la mejora de la competencia en comunicación lingüística en el que participe el profesorado de las distintas áreas y materias.</p>
<p>Un Proyecto Lingüístico de Centro constituye un proyecto ambicioso que debe irse elaborando e implementando de manera progresiva.</p>
<p>El programa PLC es un proyecto de carácter plurianual, que se desarrollará en progresión a lo largo de tres cursos académicos.</p>
<p>El Proyecto Lingüístico de Centro implica a todo el profesorado y a la comunidad educativa, liderados por el equipo directivo y la persona coordinadora del PLC.</p>
<p>En este sentido, el programa facilita una metodología, unas estrategias y unos materiales básicos de referencia para el proceso de construcción y experimentación de un PLC base, consensuado y asumido por todos.</p>
<p>Una vez finalizado este proceso de construcción y experimentación a lo largo de los tres años de duración del programa, el centro habrá de continuar revisándolo e implementándolo en función de sus necesidades y circunstancias».</p>
<p>&nbsp;</p>
<p><em>(Fuente: Portal PLC de la Consejería de Educación)</em></p>
<p>&nbsp;</p>
<p>El pasado mes de junio de 2019, el Claustro de profesorado del CEIP El Juncal aprobó por unanimidad el documento final de PLC que culmina los tres años de trabajo en este proyecto y que servirá de marco de regulación del tratamiento de la competencia en comunicación lingüística en nuestro centro de ahora en adelante.</p>
<p><a href="https://drive.google.com/file/d/17eKBdoGwGhvZDXTFyf2p899cvvCx_69p/view?usp=sharing" target="_blank" rel="noopener noreferrer">Puede concultar el documento pinchando aquí</a></p>

<p>«El Proyecto Lingüístico de Centro (PLC) posee como objetivo fundamental impulsar y apoyar la puesta en marcha en los centros educativos de un proyecto global para la mejora de la competencia en comunicación lingüística en el que participe el profesorado de las distintas áreas y materias. Un Proyecto Lingüístico de Centro constituye un proyecto ambicioso &hellip; </p>
<p><a class="more-link btn" href="https://blogsaverroes.juntadeandalucia.es/ceipeljuncal/plc/">Seguir leyendo</a></p>
