{"id":430,"date":"2015-03-20T07:07:04","date_gmt":"2015-03-20T07:07:04","guid":{"rendered":"http:\/\/blogsaverroes.juntadeandalucia.es\/pre\/ceip\/?page_id=430"},"modified":"2018-10-16T11:35:52","modified_gmt":"2018-10-16T11:35:52","slug":"materiales-recursos","status":"publish","type":"page","link":"https:\/\/blogsaverroes.juntadeandalucia.es\/ceipeljuncal\/ed-primaria-1o-ciclo\/materiales-recursos\/","title":{"rendered":"E.P. 1\u00ba ciclo. Materiales, recursos&#8230;"},"content":{"rendered":"<p>Los materiales del primer ciclo de Educaci\u00f3n Primaria son los que proporciona la editorial SM en su proyecto SAVIA.<\/p>\n<p>Adem\u00e1s, los alumnos y alumnas usar\u00e1n a lo largo del curso los siguientes materiales:<\/p>\n<p>1\u00ba EP<\/p>\n<p>3 l\u00e1pices \u201cStaedtler\u201d&nbsp; n\u00ba 2<\/p>\n<p>3 gomas blandas<\/p>\n<p>3 l\u00e1pices bicolor \u201cFaber Castell\u201d<\/p>\n<p>2 sacapuntas<\/p>\n<p>1 tijeras<\/p>\n<p>2 cajas de plastidecor de 12 colores<\/p>\n<p>2 cajas de l\u00e1pices de madera \u201cAlpino\u201d de 12 colores<\/p>\n<p>1 caja de rotuladores<\/p>\n<p>2 pegamentos<\/p>\n<p>1 plastilina<\/p>\n<p>15 fundas de pl\u00e1stico, tama\u00f1o folio<\/p>\n<p>1 Archivador marr\u00f3n con anilla tama\u00f1o folio (vertical)<\/p>\n<p>1 carpeta de pl\u00e1stico con broche y forma de sobre, tama\u00f1o folio<\/p>\n<p>3 carpetas azules (una para M\u00fasica, otra para Ingl\u00e9s y otra para Religi\u00f3n)<\/p>\n<p>2 cartucheras grandes<\/p>\n<p>1 libreta \u201cCuadrovia&nbsp; Lamela\u201d de 6mm tama\u00f1o cuartilla para el primer trimestre<\/p>\n<p>2 libretas \u201cCuadrovia Lamela\u201d de 4mm tama\u00f1o folio para segundo y tercer trimestre<\/p>\n<p>1 paquete hojas tama\u00f1o cuartilla 4mm para carpeta de anillas<\/p>\n<p>1 bloc de papeles surtidos (cartulina, seda y charol)<\/p>\n<p>1 paquete de 500 folios de 80gr<\/p>\n<p>&nbsp;<\/p>\n<p>2\u00ba EP<\/p>\n<p>2&nbsp; L\u00e1pices \u201cStaedtler\u201d n\u00ba2<\/p>\n<p>2&nbsp; Gomas blandas.<\/p>\n<p>2&nbsp; L\u00e1pices bicolor \u201cFaber Castell\u201d.<\/p>\n<p>2&nbsp;&nbsp; Sacapuntas.<\/p>\n<p>2&nbsp; Tijeras de punta redonda.<\/p>\n<p>2&nbsp; Cajas de plastidecor de 12 colores.<\/p>\n<p>2&nbsp; Cajas de l\u00e1pices de madera \u201cAlpino\u201d de 12 colores.<\/p>\n<p>1&nbsp; Caja de rotuladores.<\/p>\n<p>1&nbsp; Rotulador para pizarra Villeda negro o azul.<\/p>\n<p>2&nbsp; Pegamentos de barra.<\/p>\n<p>15 Fundas de pl\u00e1stico, tama\u00f1o folio.<\/p>\n<p>1 Archivador marr\u00f3n con anilla.<\/p>\n<p>1 Carpeta de pl\u00e1stico con broche y forma de sobre, tama\u00f1o folio.<\/p>\n<p>3 Carpetas azules (M\u00fasica, Ingl\u00e9s, Religi\u00f3n)<\/p>\n<p>2 Cartucheras grandes.<\/p>\n<p>1 Regla peque\u00f1a (30 cm. de largo).<\/p>\n<p>2 libretas \u201cCuadrov\u00eda Lamela\u201d de 4 mm, de espiral tama\u00f1o cuartilla para el primer trimestre.<\/p>\n<p>2 libretas \u201cCuadrov\u00eda Lamela\u201d de 4 mm, de espiral tama\u00f1o folio para el segundo y tercer trimestre.<\/p>\n<p>Para el portfolio:<\/p>\n<p>1 Recambio de anillas tama\u00f1o cuartilla 4 mm.<\/p>\n<p>1 Recambio anillas tama\u00f1o folio 4 mm.<\/p>\n<p>1 Bloc de papeles surtidos (cartulina, seda, charol).<\/p>\n<p>1 paquete de 500 folios de 80gr.<\/p>\n","protected":false},"excerpt":{"rendered":"<p>Los materiales del primer ciclo de Educaci\u00f3n Primaria son los que proporciona la editorial SM en su proyecto SAVIA. Adem\u00e1s, los alumnos y alumnas usar\u00e1n a lo largo del curso los siguientes materiales: 1\u00ba EP 3 l\u00e1pices \u201cStaedtler\u201d&nbsp; n\u00ba 2 3 gomas blandas 3 l\u00e1pices bicolor \u201cFaber Castell\u201d 2 sacapuntas 1 tijeras 2 cajas de &hellip; <\/p>\n<p><a class=\"more-link btn\" href=\"https:\/\/blogsaverroes.juntadeandalucia.es\/ceipeljuncal\/ed-primaria-1o-ciclo\/materiales-recursos\/\">Seguir leyendo<\/a><\/p>\n","protected":false},"author":1,"featured_media":0,"parent":428,"menu_order":0,"comment_status":"closed","ping_status":"open","template":"page-sc.php","meta":{"ngg_post_thumbnail":0,"footnotes":"","_mc_calendar":[]},"aioseo_notices":[],"_links":{"self":[{"href":"https:\/\/blogsaverroes.juntadeandalucia.es\/ceipeljuncal\/wp-json\/wp\/v2\/pages\/430"}],"collection":[{"href":"https:\/\/blogsaverroes.juntadeandalucia.es\/ceipeljuncal\/wp-json\/wp\/v2\/pages"}],"about":[{"href":"https:\/\/blogsaverroes.juntadeandalucia.es\/ceipeljuncal\/wp-json\/wp\/v2\/types\/page"}],"author":[{"embeddable":true,"href":"https:\/\/blogsaverroes.juntadeandalucia.es\/ceipeljuncal\/wp-json\/wp\/v2\/users\/1"}],"replies":[{"embeddable":true,"href":"https:\/\/blogsaverroes.juntadeandalucia.es\/ceipeljuncal\/wp-json\/wp\/v2\/comments?post=430"}],"version-history":[{"count":13,"href":"https:\/\/blogsaverroes.juntadeandalucia.es\/ceipeljuncal\/wp-json\/wp\/v2\/pages\/430\/revisions"}],"predecessor-version":[{"id":2260,"href":"https:\/\/blogsaverroes.juntadeandalucia.es\/ceipeljuncal\/wp-json\/wp\/v2\/pages\/430\/revisions\/2260"}],"up":[{"embeddable":true,"href":"https:\/\/blogsaverroes.juntadeandalucia.es\/ceipeljuncal\/wp-json\/wp\/v2\/pages\/428"}],"wp:attachment":[{"href":"https:\/\/blogsaverroes.juntadeandalucia.es\/ceipeljuncal\/wp-json\/wp\/v2\/media?parent=430"}],"curies":[{"name":"wp","href":"https:\/\/api.w.org\/{rel}","templated":true}]}}

E.P. 1º ciclo. Materiales, recursos&#8230;

<p>Los materiales del primer ciclo de Educación Primaria son los que proporciona la editorial SM en su proyecto SAVIA.</p>
<p>Además, los alumnos y alumnas usarán a lo largo del curso los siguientes materiales:</p>
<p>1º EP</p>
<p>3 lápices “Staedtler”&nbsp; nº 2</p>
<p>3 gomas blandas</p>
<p>3 lápices bicolor “Faber Castell”</p>
<p>2 sacapuntas</p>
<p>1 tijeras</p>
<p>2 cajas de plastidecor de 12 colores</p>
<p>2 cajas de lápices de madera “Alpino” de 12 colores</p>
<p>1 caja de rotuladores</p>
<p>2 pegamentos</p>
<p>1 plastilina</p>
<p>15 fundas de plástico, tamaño folio</p>
<p>1 Archivador marrón con anilla tamaño folio (vertical)</p>
<p>1 carpeta de plástico con broche y forma de sobre, tamaño folio</p>
<p>3 carpetas azules (una para Música, otra para Inglés y otra para Religión)</p>
<p>2 cartucheras grandes</p>
<p>1 libreta “Cuadrovia&nbsp; Lamela” de 6mm tamaño cuartilla para el primer trimestre</p>
<p>2 libretas “Cuadrovia Lamela” de 4mm tamaño folio para segundo y tercer trimestre</p>
<p>1 paquete hojas tamaño cuartilla 4mm para carpeta de anillas</p>
<p>1 bloc de papeles surtidos (cartulina, seda y charol)</p>
<p>1 paquete de 500 folios de 80gr</p>
<p>&nbsp;</p>
<p>2º EP</p>
<p>2&nbsp; Lápices “Staedtler” nº2</p>
<p>2&nbsp; Gomas blandas.</p>
<p>2&nbsp; Lápices bicolor “Faber Castell”.</p>
<p>2&nbsp;&nbsp; Sacapuntas.</p>
<p>2&nbsp; Tijeras de punta redonda.</p>
<p>2&nbsp; Cajas de plastidecor de 12 colores.</p>
<p>2&nbsp; Cajas de lápices de madera “Alpino” de 12 colores.</p>
<p>1&nbsp; Caja de rotuladores.</p>
<p>1&nbsp; Rotulador para pizarra Villeda negro o azul.</p>
<p>2&nbsp; Pegamentos de barra.</p>
<p>15 Fundas de plástico, tamaño folio.</p>
<p>1 Archivador marrón con anilla.</p>
<p>1 Carpeta de plástico con broche y forma de sobre, tamaño folio.</p>
<p>3 Carpetas azules (Música, Inglés, Religión)</p>
<p>2 Cartucheras grandes.</p>
<p>1 Regla pequeña (30 cm. de largo).</p>
<p>2 libretas “Cuadrovía Lamela” de 4 mm, de espiral tamaño cuartilla para el primer trimestre.</p>
<p>2 libretas “Cuadrovía Lamela” de 4 mm, de espiral tamaño folio para el segundo y tercer trimestre.</p>
<p>Para el portfolio:</p>
<p>1 Recambio de anillas tamaño cuartilla 4 mm.</p>
<p>1 Recambio anillas tamaño folio 4 mm.</p>
<p>1 Bloc de papeles surtidos (cartulina, seda, charol).</p>
<p>1 paquete de 500 folios de 80gr.</p>

<p>Los materiales del primer ciclo de Educación Primaria son los que proporciona la editorial SM en su proyecto SAVIA. Además, los alumnos y alumnas usarán a lo largo del curso los siguientes materiales: 1º EP 3 lápices “Staedtler”&nbsp; nº 2 3 gomas blandas 3 lápices bicolor “Faber Castell” 2 sacapuntas 1 tijeras 2 cajas de &hellip; </p>
<p><a class="more-link btn" href="https://blogsaverroes.juntadeandalucia.es/ceipeljuncal/ed-primaria-1o-ciclo/materiales-recursos/">Seguir leyendo</a></p>
