{"id":870,"date":"2015-03-16T07:24:27","date_gmt":"2015-03-16T07:24:27","guid":{"rendered":"http:\/\/blogsaverroes.juntadeandalucia.es\/pre\/ceip\/?page_id=103"},"modified":"2025-10-28T08:50:06","modified_gmt":"2025-10-28T08:50:06","slug":"aula-matinal","status":"publish","type":"page","link":"https:\/\/blogsaverroes.juntadeandalucia.es\/ceipeljuncal\/aula-matinal\/","title":{"rendered":"Aula Matinal"},"content":{"rendered":"<p>&nbsp;<\/p>\n<p style=\"text-align: center\"><a href=\"https:\/\/blogsaverroes.juntadeandalucia.es\/ceipeljuncal\/files\/2015\/03\/lapices1.jpg\"><img loading=\"lazy\" decoding=\"async\" class=\"alignleft wp-image-567 size-thumbnail\" src=\"https:\/\/blogsaverroes.juntadeandalucia.es\/ceipeljuncal\/files\/2015\/03\/lapices1-150x150.jpg\" alt=\"\" width=\"150\" height=\"150\" srcset=\"https:\/\/blogsaverroes.juntadeandalucia.es\/ceipeljuncal\/files\/2015\/03\/lapices1-150x150.jpg 150w, https:\/\/blogsaverroes.juntadeandalucia.es\/ceipeljuncal\/files\/2015\/03\/lapices1-160x160.jpg 160w\" sizes=\"(max-width: 150px) 100vw, 150px\" \/><\/a><\/p>\n<h4>Informaci\u00f3n sobre Aula Matinal<\/h4>\n<p>El <strong>Aula Matinal<\/strong> abre a las 7.30 horas de lunes a viernes, ofreciendo actividades diversas a los estudiantes hasta el comienzo del horario lectivo. El servicio comienza el primer d\u00eda de curso y finaliza el \u00faltimo.<\/p>\n<p>Empresa responsable: Aula de Ocio (<a href=\"https:\/\/www.auladeocio.com\/\">www.auladeocio.com<\/a>)<\/p>\n<p>Puede utilizarse cualquier d\u00eda previa inscripci\u00f3n y domiciliaci\u00f3n bancaria.<\/p>\n<p>Desc\u00e1rgate <a href=\"https:\/\/drive.google.com\/file\/d\/1zz9EesFa5sYjI_9nwtWC1J33QGskw69z\/view?usp=sharing\">aqu\u00ed<\/a> el formulario, rell\u00e9nalo y env\u00edanoslo por email a 11007442.edu@juntadeandalucia.es (indicando en el asunto \u00abSolicitud aula matinal NOMBRE y APELLIDOS\u00bb) o entr\u00e9galo en la secretar\u00eda del Colegio de 12:30 a 13:45. Tambi\u00e9n puedes entregarlo a trav\u00e9s del <a href=\"https:\/\/www.juntadeandalucia.es\/educacion\/secretariavirtual\/accesoTramite\/462\/\">registro electr\u00f3nico general de los centros educativos<\/a>. Recuerda adjuntar la documentaci\u00f3n acreditativa de las circunstancias declaradas. Para consultar qu\u00e9 documentaci\u00f3n necesitas presentar, pincha <a href=\"https:\/\/drive.google.com\/file\/d\/1Npyl-4iJUxKdLgsvS9InoAwfoOiHsPPX\/view?usp=sharing\">aqu\u00ed<\/a>.<\/p>\n<p>Tambi\u00e9n puede descargar el impreso de solicitud de la <a href=\"https:\/\/drive.google.com\/file\/d\/1xowQhQZUUAddvPsRuuHrBd0n64_pAE_T\/view?usp=sharing\">bonificaci\u00f3n<\/a>. (Entrega del 1 al 8 de septiembre).<\/p>\n<p>El precio del servicio se calculo por d\u00edas asistidos a raz\u00f3n de 1,33\u20ac\/d\u00eda si se asiste menos de trece d\u00edas en un mes. Si se llega a esa cantidad, la empresa concesionaria facturar\u00e1 la mensualidad completa de 17,51\u20ac (a estas cantidades habr\u00eda que aplicar el porcentaje de bonificaci\u00f3n que se concediera a cada familia).<\/p>\n<p>&nbsp;<\/p>\n<p>&nbsp;<\/p>\n","protected":false},"excerpt":{"rendered":"<p>&nbsp; Informaci\u00f3n sobre Aula Matinal El Aula Matinal abre a las 7.30 horas de lunes a viernes, ofreciendo actividades diversas a los estudiantes hasta el comienzo del horario lectivo. El servicio comienza el primer d\u00eda de curso y finaliza el \u00faltimo. Empresa responsable: Aula de Ocio (www.auladeocio.com) Puede utilizarse cualquier d\u00eda previa inscripci\u00f3n y domiciliaci\u00f3n &hellip; <\/p>\n<p><a class=\"more-link btn\" href=\"https:\/\/blogsaverroes.juntadeandalucia.es\/ceipeljuncal\/aula-matinal\/\">Seguir leyendo<\/a><\/p>\n","protected":false},"author":1,"featured_media":0,"parent":0,"menu_order":0,"comment_status":"closed","ping_status":"open","template":"","meta":{"ngg_post_thumbnail":0,"footnotes":"","_mc_calendar":[]},"aioseo_notices":[],"_links":{"self":[{"href":"https:\/\/blogsaverroes.juntadeandalucia.es\/ceipeljuncal\/wp-json\/wp\/v2\/pages\/870"}],"collection":[{"href":"https:\/\/blogsaverroes.juntadeandalucia.es\/ceipeljuncal\/wp-json\/wp\/v2\/pages"}],"about":[{"href":"https:\/\/blogsaverroes.juntadeandalucia.es\/ceipeljuncal\/wp-json\/wp\/v2\/types\/page"}],"author":[{"embeddable":true,"href":"https:\/\/blogsaverroes.juntadeandalucia.es\/ceipeljuncal\/wp-json\/wp\/v2\/users\/1"}],"replies":[{"embeddable":true,"href":"https:\/\/blogsaverroes.juntadeandalucia.es\/ceipeljuncal\/wp-json\/wp\/v2\/comments?post=870"}],"version-history":[{"count":21,"href":"https:\/\/blogsaverroes.juntadeandalucia.es\/ceipeljuncal\/wp-json\/wp\/v2\/pages\/870\/revisions"}],"predecessor-version":[{"id":2712,"href":"https:\/\/blogsaverroes.juntadeandalucia.es\/ceipeljuncal\/wp-json\/wp\/v2\/pages\/870\/revisions\/2712"}],"wp:attachment":[{"href":"https:\/\/blogsaverroes.juntadeandalucia.es\/ceipeljuncal\/wp-json\/wp\/v2\/media?parent=870"}],"curies":[{"name":"wp","href":"https:\/\/api.w.org\/{rel}","templated":true}]}}