{"id":2445,"date":"2020-03-19T01:05:04","date_gmt":"2020-03-19T01:05:04","guid":{"rendered":"https:\/\/blogsaverroes.juntadeandalucia.es\/ceipelmanantial\/?page_id=2445"},"modified":"2020-12-11T22:22:01","modified_gmt":"2020-12-11T22:22:01","slug":"presentacion","status":"publish","type":"page","link":"https:\/\/blogsaverroes.juntadeandalucia.es\/ceipelmanantial\/presentacion\/","title":{"rendered":"Bienvenida"},"content":{"rendered":"<h4><a href=\"https:\/\/blogsaverroes.juntadeandalucia.es\/ceipelmanantial\/\"><img loading=\"lazy\" decoding=\"async\" class=\"aligncenter wp-image-2473 size-large\" src=\"https:\/\/blogsaverroes.juntadeandalucia.es\/ceipelmanantial\/files\/2020\/03\/Intro-1024x600.png\" alt=\"\" width=\"586\" height=\"343\" srcset=\"https:\/\/blogsaverroes.juntadeandalucia.es\/ceipelmanantial\/files\/2020\/03\/Intro-1024x600.png 1024w, https:\/\/blogsaverroes.juntadeandalucia.es\/ceipelmanantial\/files\/2020\/03\/Intro-300x176.png 300w, https:\/\/blogsaverroes.juntadeandalucia.es\/ceipelmanantial\/files\/2020\/03\/Intro-768x450.png 768w, https:\/\/blogsaverroes.juntadeandalucia.es\/ceipelmanantial\/files\/2020\/03\/Intro-24x14.png 24w, https:\/\/blogsaverroes.juntadeandalucia.es\/ceipelmanantial\/files\/2020\/03\/Intro-36x21.png 36w, https:\/\/blogsaverroes.juntadeandalucia.es\/ceipelmanantial\/files\/2020\/03\/Intro-48x28.png 48w\" sizes=\"(max-width: 586px) 100vw, 586px\" \/><\/a><\/h4>\n<h4 style=\"text-align: center\">Le damos la bienvenida a la web del CEIP El Manantial.<\/h4>\n<p>Desde estas p\u00e1ginas podr\u00e1 conocer nuestro centro y acceder a diferentes apartados y secciones \u00fatiles que sin duda facilitar\u00e1n las relaciones y comunicaci\u00f3n con nuestro colegio.<\/p>\n<p>En esta etapa nueva que nos impone la sociedad del conocimiento y de la modernizaci\u00f3n es necesario disponer de esta fuente de comunicaci\u00f3n multimedia cercana a todas las familias que han confiado en nuestro colegio para la educaci\u00f3n de sus hijos\/as, y tambi\u00e9n a aquellas familias que en un futuro cercano conf\u00eden tambi\u00e9n en nuestro centro.<\/p>\n<p>Esta web pretende presentar y dar a conocer las instalaciones y servicios que ofrece nuestro colegio (aula matinal, comedor y actividades extraescolares) a todas las familias, servicios que han permitido a muchas de ellas conciliar la vida laboral y familiar con la escolar.<\/p>\n<p>Asimismo pretende ofrecer otra informaci\u00f3n de inter\u00e9s a las familias (admisi\u00f3n y matr\u00edcula, salidas y excursiones, actos diversos, sugerencias) de manera que pueda completar la que desde el propio centro ofrecemos, aunque s\u00f3lo sea oficial y v\u00e1lida la que desde el colegio se ofrece a trav\u00e9s de Secretar\u00eda y de sus tablones de anuncios, y tenga car\u00e1cter meramente informativo la ofrecida desde la propia web.<\/p>\n<p>Este centro, desde hace varios a\u00f1os, ha avanzado en calidad y servicios de manera considerable, principalmente por el trabajo y esfuerzo de toda su comunidad educativa, a la que desde estas l\u00edneas aprovechamos para agradecer su colaboraci\u00f3n.<\/p>\n<p>Iremos actualizando esta web para que en ella encuentre informaci\u00f3n y documentos que le permitan agilizar sus tr\u00e1mites con el colegio.<\/p>\n<p>Esta web es otra v\u00eda m\u00e1s de comunicaci\u00f3n con las familias.<\/p>\n<p>Deseamos, a toda la comunidad educativa, le sirva para conocernos mejor y esperamos, como siempre, las aportaciones de todos y todas a trav\u00e9s del correo electr\u00f3nico para avanzar en un colegio mejor.<\/p>\n<p align=\"right\">Atentamente,<\/p>\n<p align=\"right\">LA DIRECCI\u00d3N<\/p>\n","protected":false},"excerpt":{"rendered":"<p>Le damos la bienvenida a la web del CEIP El Manantial. Desde estas p\u00e1ginas podr\u00e1 conocer nuestro centro y acceder a diferentes apartados y secciones \u00fatiles que sin duda facilitar\u00e1n las relaciones y comunicaci\u00f3n&#46;&#46;&#46;<\/p>\n","protected":false},"author":7217,"featured_media":0,"parent":0,"menu_order":0,"comment_status":"closed","ping_status":"closed","template":"","meta":{"ngg_post_thumbnail":0,"footnotes":""},"aioseo_notices":[],"_links":{"self":[{"href":"https:\/\/blogsaverroes.juntadeandalucia.es\/ceipelmanantial\/wp-json\/wp\/v2\/pages\/2445"}],"collection":[{"href":"https:\/\/blogsaverroes.juntadeandalucia.es\/ceipelmanantial\/wp-json\/wp\/v2\/pages"}],"about":[{"href":"https:\/\/blogsaverroes.juntadeandalucia.es\/ceipelmanantial\/wp-json\/wp\/v2\/types\/page"}],"author":[{"embeddable":true,"href":"https:\/\/blogsaverroes.juntadeandalucia.es\/ceipelmanantial\/wp-json\/wp\/v2\/users\/7217"}],"replies":[{"embeddable":true,"href":"https:\/\/blogsaverroes.juntadeandalucia.es\/ceipelmanantial\/wp-json\/wp\/v2\/comments?post=2445"}],"version-history":[{"count":8,"href":"https:\/\/blogsaverroes.juntadeandalucia.es\/ceipelmanantial\/wp-json\/wp\/v2\/pages\/2445\/revisions"}],"predecessor-version":[{"id":2861,"href":"https:\/\/blogsaverroes.juntadeandalucia.es\/ceipelmanantial\/wp-json\/wp\/v2\/pages\/2445\/revisions\/2861"}],"wp:attachment":[{"href":"https:\/\/blogsaverroes.juntadeandalucia.es\/ceipelmanantial\/wp-json\/wp\/v2\/media?parent=2445"}],"curies":[{"name":"wp","href":"https:\/\/api.w.org\/{rel}","templated":true}]}}