{"id":3265,"date":"2022-02-09T19:45:51","date_gmt":"2022-02-09T19:45:51","guid":{"rendered":"https:\/\/blogsaverroes.juntadeandalucia.es\/ceipelmanantial\/?page_id=3265"},"modified":"2022-02-09T19:45:51","modified_gmt":"2022-02-09T19:45:51","slug":"programa-comunica","status":"publish","type":"page","link":"https:\/\/blogsaverroes.juntadeandalucia.es\/ceipelmanantial\/programa-comunica\/","title":{"rendered":"Programa Comunica"},"content":{"rendered":"<h1>Programa Comunica<\/h1>\n<p><img loading=\"lazy\" decoding=\"async\" class=\"size-medium wp-image-3266 alignright\" src=\"https:\/\/blogsaverroes.juntadeandalucia.es\/ceipelmanantial\/files\/2022\/02\/Programa-Comunica-300x99.png\" alt=\"\" width=\"300\" height=\"99\" srcset=\"https:\/\/blogsaverroes.juntadeandalucia.es\/ceipelmanantial\/files\/2022\/02\/Programa-Comunica-300x99.png 300w, https:\/\/blogsaverroes.juntadeandalucia.es\/ceipelmanantial\/files\/2022\/02\/Programa-Comunica.png 389w\" sizes=\"(max-width: 300px) 100vw, 300px\" \/>Comunica es un Programa para la Innovaci\u00f3n Educativa que presenta una visi\u00f3n integradora de las tipolog\u00edas textuales como manifestaci\u00f3n cultural, ling\u00fc\u00edstica, est\u00e9tica, social, \u00e9tica e individual que se vinculan con las competencias clave y las nuevas metodolog\u00edas educativas. Tiene como objetivo primordial ofrecer estrategias y recursos metodol\u00f3gicos que puedan complementar el curr\u00edculum escolar con medidas de apoyo para la mejora de la lectura, la escritura y la lengua oral.<\/p>\n","protected":false},"excerpt":{"rendered":"<p>Programa Comunica Comunica es un Programa para la Innovaci\u00f3n Educativa que presenta una visi\u00f3n integradora de las tipolog\u00edas textuales como manifestaci\u00f3n cultural, ling\u00fc\u00edstica, est\u00e9tica, social, \u00e9tica e individual que se vinculan con las competencias&#46;&#46;&#46;<\/p>\n","protected":false},"author":7435,"featured_media":0,"parent":0,"menu_order":0,"comment_status":"closed","ping_status":"closed","template":"","meta":{"ngg_post_thumbnail":0,"footnotes":""},"aioseo_notices":[],"_links":{"self":[{"href":"https:\/\/blogsaverroes.juntadeandalucia.es\/ceipelmanantial\/wp-json\/wp\/v2\/pages\/3265"}],"collection":[{"href":"https:\/\/blogsaverroes.juntadeandalucia.es\/ceipelmanantial\/wp-json\/wp\/v2\/pages"}],"about":[{"href":"https:\/\/blogsaverroes.juntadeandalucia.es\/ceipelmanantial\/wp-json\/wp\/v2\/types\/page"}],"author":[{"embeddable":true,"href":"https:\/\/blogsaverroes.juntadeandalucia.es\/ceipelmanantial\/wp-json\/wp\/v2\/users\/7435"}],"replies":[{"embeddable":true,"href":"https:\/\/blogsaverroes.juntadeandalucia.es\/ceipelmanantial\/wp-json\/wp\/v2\/comments?post=3265"}],"version-history":[{"count":1,"href":"https:\/\/blogsaverroes.juntadeandalucia.es\/ceipelmanantial\/wp-json\/wp\/v2\/pages\/3265\/revisions"}],"predecessor-version":[{"id":3267,"href":"https:\/\/blogsaverroes.juntadeandalucia.es\/ceipelmanantial\/wp-json\/wp\/v2\/pages\/3265\/revisions\/3267"}],"wp:attachment":[{"href":"https:\/\/blogsaverroes.juntadeandalucia.es\/ceipelmanantial\/wp-json\/wp\/v2\/media?parent=3265"}],"curies":[{"name":"wp","href":"https:\/\/api.w.org\/{rel}","templated":true}]}}

<h1>Programa Comunica</h1>
<p><img loading="lazy" decoding="async" class="size-medium wp-image-3266 alignright" src="https://blogsaverroes.juntadeandalucia.es/ceipelmanantial/files/2022/02/Programa-Comunica-300x99.png" alt="" width="300" height="99" srcset="https://blogsaverroes.juntadeandalucia.es/ceipelmanantial/files/2022/02/Programa-Comunica-300x99.png 300w, https://blogsaverroes.juntadeandalucia.es/ceipelmanantial/files/2022/02/Programa-Comunica.png 389w" sizes="(max-width: 300px) 100vw, 300px" />Comunica es un Programa para la Innovación Educativa que presenta una visión integradora de las tipologías textuales como manifestación cultural, lingüística, estética, social, ética e individual que se vinculan con las competencias clave y las nuevas metodologías educativas. Tiene como objetivo primordial ofrecer estrategias y recursos metodológicos que puedan complementar el currículum escolar con medidas de apoyo para la mejora de la lectura, la escritura y la lengua oral.</p>

<p>Programa Comunica Comunica es un Programa para la Innovación Educativa que presenta una visión integradora de las tipologías textuales como manifestación cultural, lingüística, estética, social, ética e individual que se vinculan con las competencias&#46;&#46;&#46;</p>
