{"id":870,"date":"2015-03-16T07:24:27","date_gmt":"2015-03-16T07:24:27","guid":{"rendered":"http:\/\/blogsaverroes.juntadeandalucia.es\/pre\/ceip\/?page_id=103"},"modified":"2024-09-07T10:02:30","modified_gmt":"2024-09-07T10:02:30","slug":"aula-matinal","status":"publish","type":"page","link":"https:\/\/blogsaverroes.juntadeandalucia.es\/ceipelmanantial\/aula-matinal\/","title":{"rendered":"Aula Matinal"},"content":{"rendered":"<h4><strong>\u00bfQUI\u00c9N LO GESTIONA?<\/strong>&nbsp;<\/h4>\n<p><a href=\"https:\/\/blogsaverroes.juntadeandalucia.es\/ceipelmanantial\/files\/2023\/01\/logogpstik.png\"><img loading=\"lazy\" decoding=\"async\" class=\"size-full wp-image-3562 alignleft\" src=\"https:\/\/blogsaverroes.juntadeandalucia.es\/ceipelmanantial\/files\/2023\/01\/logogpstik.png\" alt=\"\" width=\"205\" height=\"60\"><\/a>La empresa <strong><a href=\"https:\/\/www.gestionprofesional.es\/\">GP SERVICIOS EDUCATIVOS SL<\/a><\/strong> es la encargada de la concesi\u00f3n del servicio p\u00fablico de aula matinal en nuestro centro escolar en la modalidad de concesi\u00f3n por parte de la <a href=\"https:\/\/www.juntadeandalucia.es\/temas\/contratacion-publica\/perfiles-licitaciones\/perfiles-contratante\/detalle\/COED02.html\">Agencia P\u00fablica Andaluza de Educaci\u00f3n <\/a><\/p>\n<h4 id=\"mce_67\"><strong>\u00bfC\u00d3MO FUNCIONA?<\/strong><\/h4>\n<ol>\n<li>El <strong>alta\/baja del servicio<\/strong> deber\u00e1 notificarse en el <strong>centro escolar del 1 al 25<\/strong> de cada mes, haci\u00e9ndose efectivo para el mes siguiente.<\/li>\n<li><strong>P\u00e9rdida de condici\u00f3n de usuario\/a:<\/strong>\n<ol>\n<li>Si el alta \u00f3 baja no se realiza correctamente en el centro.<\/li>\n<li>El impago de dos recibos.<\/li>\n<li>Cuando no utilice el servicio durante 5 d\u00edas consecutivos y sin causa justificada.<\/li>\n<\/ol>\n<\/li>\n<li>El <strong>cobro<\/strong> ser\u00e1 realizado por la empresa &nbsp;<strong><a href=\"https:\/\/www.gestionprofesional.es\/\">GP SERVICIOS EDUCATIVOS SL<\/a><\/strong>, al n\u00famero de cuenta que usted facilit\u00f3 al centro, mediante&nbsp;domiciliaci\u00f3n bancaria.<\/li>\n<li>La <strong>devoluci\u00f3n<\/strong> de alg\u00fan recibo conlleva un&nbsp;<strong>cargo adicional<\/strong>.<\/li>\n<li>Si usted realiza un <strong>cambio en su n\u00famero de cuenta<\/strong>, lo debe comunicar tanto al centro como a la empresa llamando al n\u00famero de tel\u00e9fono <strong>957 529 722&nbsp;<\/strong>o bien al correo electr\u00f3nico: <a href=\"mailto:aulamatinalgestion@gestionprofesional.es\">aulamatinalgestion@gestionprofesional.es<\/a><\/li>\n<li>El <strong>cargo<\/strong> del servicio p\u00fablico se realizar\u00e1 mensualmente a <strong>mes vencido<\/strong>,&nbsp;mediante domiciliaci\u00f3n bancaria, del 1 al 10 de cada mes. Es decir, el cobro del&nbsp;mes de septiembre se cargar\u00e1 en su cuenta del 1 al 10 de octubre.&nbsp;<\/li>\n<li>Para cualquier <strong>duda y\/o aclaraci\u00f3n<\/strong> respecto a la gesti\u00f3n de cobros puede contactar con nosotros a trav\u00e9s del email: <a href=\"mailto:aulamatinalgestion@gestionprofesional.es\">aulamatinalgestion@gestionprofesional.es<\/a> o a los tel\u00e9fonos: <strong>957 529 722<\/strong><\/li>\n<\/ol>\n<h4 id=\"mce_67\"><strong>\u00bfCU\u00c1NTO CUESTA?<\/strong><\/h4>\n<p>Son precios p\u00fablicos por el&nbsp;ACUERDO de 7 de julio de 2009, del Consejo de Gobierno, por&nbsp;el que se fija la cuant\u00eda de los precios p\u00fablicos por los servicios prestados en los centros de&nbsp;Primer Ciclo de Educaci\u00f3n Infantil, y por los servicios de aula matinal, comedor escolar y&nbsp;actividades extraescolares en los centros docentes p\u00fablicos:<\/p>\n<ul>\n<li>Precio Mensual por usuario\/a es de: 17,51\u20ac.<\/li>\n<li>Precio D\u00eda Suelto por usuario\/a es de: 1,33\u20ac.<\/li>\n<\/ul>\n<p>&nbsp;<\/p>\n<p><strong>Nota<\/strong>: Esta informaci\u00f3n est\u00e1 sujeta a cambios sin previo aviso.&nbsp;<\/p>\n<h4><strong>DESARROLLO DEL SERVICIO<\/strong><\/h4>\n<p>Procedemos a comunicarles informaci\u00f3n importante sobre el aula matinal.&nbsp;<\/p>\n<p><strong>HORARIO:<\/strong><\/p>\n<p>De 7.30 a 8.50 podr\u00e1n acceder al centro, una vez se cierren las puertas los alumnos\/as permanecer\u00e1n con sus monitoras hasta las 9.00.<\/p>\n<p><strong>LUGAR:<\/strong><\/p>\n<p>El servicio se llevar\u00e1 a cabo en el comedor y patio de infantil y primaria.<\/p>\n<p><strong>ACCESOS:<\/strong><\/p>\n<p>Se acceder\u00e1 por la&nbsp;<strong>puerta principal del centro.<\/strong><\/p>\n<p><strong>Normativa que regula el servicio:<\/strong><\/p>\n<p><em>Orden de 17 abril de 2017<\/em>, por la que se regula la organizaci\u00f3n y el funcionamiento de los servicios complementarios de aula matinal, comedor escolar y actividades extraescolares, as\u00ed como el uso de las instalaciones de los centros docentes p\u00fablicos de la Comunidad Aut\u00f3noma de Andaluc\u00eda fuera del horario escolar<\/p>\n","protected":false},"excerpt":{"rendered":"<p>\u00bfQUI\u00c9N LO GESTIONA?&nbsp; La empresa GP SERVICIOS EDUCATIVOS SL es la encargada de la concesi\u00f3n del servicio p\u00fablico de aula matinal en nuestro centro escolar en la modalidad de concesi\u00f3n por parte de la&#46;&#46;&#46;<\/p>\n","protected":false},"author":1,"featured_media":0,"parent":0,"menu_order":0,"comment_status":"open","ping_status":"open","template":"","meta":{"ngg_post_thumbnail":0,"footnotes":""},"aioseo_notices":[],"_links":{"self":[{"href":"https:\/\/blogsaverroes.juntadeandalucia.es\/ceipelmanantial\/wp-json\/wp\/v2\/pages\/870"}],"collection":[{"href":"https:\/\/blogsaverroes.juntadeandalucia.es\/ceipelmanantial\/wp-json\/wp\/v2\/pages"}],"about":[{"href":"https:\/\/blogsaverroes.juntadeandalucia.es\/ceipelmanantial\/wp-json\/wp\/v2\/types\/page"}],"author":[{"embeddable":true,"href":"https:\/\/blogsaverroes.juntadeandalucia.es\/ceipelmanantial\/wp-json\/wp\/v2\/users\/1"}],"replies":[{"embeddable":true,"href":"https:\/\/blogsaverroes.juntadeandalucia.es\/ceipelmanantial\/wp-json\/wp\/v2\/comments?post=870"}],"version-history":[{"count":20,"href":"https:\/\/blogsaverroes.juntadeandalucia.es\/ceipelmanantial\/wp-json\/wp\/v2\/pages\/870\/revisions"}],"predecessor-version":[{"id":3936,"href":"https:\/\/blogsaverroes.juntadeandalucia.es\/ceipelmanantial\/wp-json\/wp\/v2\/pages\/870\/revisions\/3936"}],"wp:attachment":[{"href":"https:\/\/blogsaverroes.juntadeandalucia.es\/ceipelmanantial\/wp-json\/wp\/v2\/media?parent=870"}],"curies":[{"name":"wp","href":"https:\/\/api.w.org\/{rel}","templated":true}]}}

<h4><strong>¿QUIÉN LO GESTIONA?</strong>&nbsp;</h4>
<p><a href="https://blogsaverroes.juntadeandalucia.es/ceipelmanantial/files/2023/01/logogpstik.png"><img loading="lazy" decoding="async" class="size-full wp-image-3562 alignleft" src="https://blogsaverroes.juntadeandalucia.es/ceipelmanantial/files/2023/01/logogpstik.png" alt="" width="205" height="60"></a>La empresa <strong><a href="https://www.gestionprofesional.es/">GP SERVICIOS EDUCATIVOS SL</a></strong> es la encargada de la concesión del servicio público de aula matinal en nuestro centro escolar en la modalidad de concesión por parte de la <a href="https://www.juntadeandalucia.es/temas/contratacion-publica/perfiles-licitaciones/perfiles-contratante/detalle/COED02.html">Agencia Pública Andaluza de Educación </a></p>
<h4 id="mce_67"><strong>¿CÓMO FUNCIONA?</strong></h4>
<ol>
<li>El <strong>alta/baja del servicio</strong> deberá notificarse en el <strong>centro escolar del 1 al 25</strong> de cada mes, haciéndose efectivo para el mes siguiente.</li>
<li><strong>Pérdida de condición de usuario/a:</strong>
<ol>
<li>Si el alta ó baja no se realiza correctamente en el centro.</li>
<li>El impago de dos recibos.</li>
<li>Cuando no utilice el servicio durante 5 días consecutivos y sin causa justificada.</li>
</ol>
</li>
<li>El <strong>cobro</strong> será realizado por la empresa &nbsp;<strong><a href="https://www.gestionprofesional.es/">GP SERVICIOS EDUCATIVOS SL</a></strong>, al número de cuenta que usted facilitó al centro, mediante&nbsp;domiciliación bancaria.</li>
<li>La <strong>devolución</strong> de algún recibo conlleva un&nbsp;<strong>cargo adicional</strong>.</li>
<li>Si usted realiza un <strong>cambio en su número de cuenta</strong>, lo debe comunicar tanto al centro como a la empresa llamando al número de teléfono <strong>957 529 722&nbsp;</strong>o bien al correo electrónico: <a href="mailto:aulamatinalgestion@gestionprofesional.es">aulamatinalgestion@gestionprofesional.es</a></li>
<li>El <strong>cargo</strong> del servicio público se realizará mensualmente a <strong>mes vencido</strong>,&nbsp;mediante domiciliación bancaria, del 1 al 10 de cada mes. Es decir, el cobro del&nbsp;mes de septiembre se cargará en su cuenta del 1 al 10 de octubre.&nbsp;</li>
<li>Para cualquier <strong>duda y/o aclaración</strong> respecto a la gestión de cobros puede contactar con nosotros a través del email: <a href="mailto:aulamatinalgestion@gestionprofesional.es">aulamatinalgestion@gestionprofesional.es</a> o a los teléfonos: <strong>957 529 722</strong></li>
</ol>
<h4 id="mce_67"><strong>¿CUÁNTO CUESTA?</strong></h4>
<p>Son precios públicos por el&nbsp;ACUERDO de 7 de julio de 2009, del Consejo de Gobierno, por&nbsp;el que se fija la cuantía de los precios públicos por los servicios prestados en los centros de&nbsp;Primer Ciclo de Educación Infantil, y por los servicios de aula matinal, comedor escolar y&nbsp;actividades extraescolares en los centros docentes públicos:</p>
<ul>
<li>Precio Mensual por usuario/a es de: 17,51€.</li>
<li>Precio Día Suelto por usuario/a es de: 1,33€.</li>
</ul>
<p>&nbsp;</p>
<p><strong>Nota</strong>: Esta información está sujeta a cambios sin previo aviso.&nbsp;</p>
<h4><strong>DESARROLLO DEL SERVICIO</strong></h4>
<p>Procedemos a comunicarles información importante sobre el aula matinal.&nbsp;</p>
<p><strong>HORARIO:</strong></p>
<p>De 7.30 a 8.50 podrán acceder al centro, una vez se cierren las puertas los alumnos/as permanecerán con sus monitoras hasta las 9.00.</p>
<p><strong>LUGAR:</strong></p>
<p>El servicio se llevará a cabo en el comedor y patio de infantil y primaria.</p>
<p><strong>ACCESOS:</strong></p>
<p>Se accederá por la&nbsp;<strong>puerta principal del centro.</strong></p>
<p><strong>Normativa que regula el servicio:</strong></p>
<p><em>Orden de 17 abril de 2017</em>, por la que se regula la organización y el funcionamiento de los servicios complementarios de aula matinal, comedor escolar y actividades extraescolares, así como el uso de las instalaciones de los centros docentes públicos de la Comunidad Autónoma de Andalucía fuera del horario escolar</p>

<p>¿QUIÉN LO GESTIONA?&nbsp; La empresa GP SERVICIOS EDUCATIVOS SL es la encargada de la concesión del servicio público de aula matinal en nuestro centro escolar en la modalidad de concesión por parte de la&#46;&#46;&#46;</p>
