{"id":141,"date":"2020-02-28T08:00:24","date_gmt":"2020-02-28T08:00:24","guid":{"rendered":"http:\/\/blogsaverroes.juntadeandalucia.es\/pre\/ceip\/?page_id=141"},"modified":"2026-02-13T12:46:41","modified_gmt":"2026-02-13T12:46:41","slug":"escolarizacion","status":"publish","type":"page","link":"https:\/\/blogsaverroes.juntadeandalucia.es\/ceipelolivo\/escolarizacion\/","title":{"rendered":"Escolarizaci\u00f3n 2026-2027"},"content":{"rendered":"<p>Periodo de \u00ab<strong>ESCOLARIZACI\u00d3N<\/strong>\u00bb para el curso escolar 2026\/2027 , <strong>del 1 de marzo al 31de marzo 2026<\/strong>.<\/p>\n<p><img loading=\"lazy\" decoding=\"async\" class=\"aligncenter wp-image-8163\" src=\"https:\/\/blogsaverroes.juntadeandalucia.es\/ceipelolivo\/files\/2026\/02\/Copia-de-PROGRAMAS-Programa-para-la-Innovacion-y-mejora-del-aprendizaje-CIMA-Paz-IgualdadEquidad-Biblioteca.-5.png\" alt=\"\" width=\"637\" height=\"796\" srcset=\"https:\/\/blogsaverroes.juntadeandalucia.es\/ceipelolivo\/files\/2026\/02\/Copia-de-PROGRAMAS-Programa-para-la-Innovacion-y-mejora-del-aprendizaje-CIMA-Paz-IgualdadEquidad-Biblioteca.-5.png 1080w, https:\/\/blogsaverroes.juntadeandalucia.es\/ceipelolivo\/files\/2026\/02\/Copia-de-PROGRAMAS-Programa-para-la-Innovacion-y-mejora-del-aprendizaje-CIMA-Paz-IgualdadEquidad-Biblioteca.-5-240x300.png 240w, https:\/\/blogsaverroes.juntadeandalucia.es\/ceipelolivo\/files\/2026\/02\/Copia-de-PROGRAMAS-Programa-para-la-Innovacion-y-mejora-del-aprendizaje-CIMA-Paz-IgualdadEquidad-Biblioteca.-5-819x1024.png 819w, https:\/\/blogsaverroes.juntadeandalucia.es\/ceipelolivo\/files\/2026\/02\/Copia-de-PROGRAMAS-Programa-para-la-Innovacion-y-mejora-del-aprendizaje-CIMA-Paz-IgualdadEquidad-Biblioteca.-5-768x960.png 768w\" sizes=\"(max-width: 637px) 100vw, 637px\" \/><\/p>\n<p>&nbsp; &nbsp;La Consejer\u00eda de Desarrollo Educativo y Formaci\u00f3n Profesional convoca el procedimiento de admisi\u00f3n del alumnado en los centros docentes p\u00fablicos y privados concertados para cursar las ense\u00f1anzas de 2\u00ba Ciclo de Educaci\u00f3n Infantil, Educaci\u00f3n Primaria, Educaci\u00f3n Especial, Educaci\u00f3n Secundaria Obligatoria y Bachillerato para el curso escolar 2026\/27.<\/p>\n<p><strong>&nbsp; &nbsp;Del 1 al 31 de marzo<\/strong>, ambos inclusive, permanecer\u00e1 abierto en Andaluc\u00eda el plazo para la presentaci\u00f3n de solicitudes de admisi\u00f3n correspondientes al curso escolar 2026\/27.&nbsp; Se inicia de este modo el proceso de escolarizaci\u00f3n en el que participan todos los ni\u00f1os y ni\u00f1as que se incorporan por primera vez al sistema educativo, tanto en centros p\u00fablicos como privados concertados, as\u00ed como el alumnado que cambie de centro escolar.<\/p>\n<p>Contin\u00faa publicada, con nuevas mejoras, la aplicaci\u00f3n para smartphones que permite realizar consultas de centros as\u00ed como de los puntos del baremo por domicilio.<\/p>\n<p>&nbsp; &nbsp; Por su parte, los centros educativos publican la relaci\u00f3n de puestos escolares vacantes as\u00ed como la informaci\u00f3n sobre las direcciones catastrales comprendidas en sus \u00e1reas de influencia y \u00e1reas lim\u00edtrofes. Cuando la oferta de plazas coincida o sea superior a la demanda, los solicitantes ser\u00e1n admitidos. Solo en aquellos casos donde no se pueda atender toda la demanda, se proceder\u00e1 a la baremaci\u00f3n de las solicitudes.<\/p>\n<p>&nbsp; &nbsp;Los centros har\u00e1n p\u00fablica en su tabl\u00f3n de anuncios, <strong>antes del 23 de abril<\/strong>, la relaci\u00f3n de solicitantes con la puntuaci\u00f3n asignada y, a partir de esa fecha, se abrir\u00e1 un plazo de&nbsp;<strong>10 d\u00edas lectivos para la presentaci\u00f3n de alegaciones<\/strong>. Si tras la aplicaci\u00f3n de los criterios de baremaci\u00f3n se producen empates, se aplicar\u00e1 el resultado del&nbsp;<strong>sorteo p\u00fablico<\/strong>&nbsp;que se celebrar\u00e1 el d\u00eda&nbsp;<strong>14 de mayo<\/strong> de 2026. <strong>La relaci\u00f3n definitiva de admitidos y no admitidos saldr\u00e1 el 15 de mayo ( fechas aproximadas).<\/strong><\/p>\n<p>&nbsp;<\/p>\n<p><a href=\"https:\/\/youtu.be\/oKn848-jka8\"><img loading=\"lazy\" decoding=\"async\" class=\"aligncenter size-full wp-image-7984\" src=\"https:\/\/blogsaverroes.juntadeandalucia.es\/ceipelolivo\/files\/2025\/02\/ESCOLARIZACION-25-26.png\" alt=\"\" width=\"434\" height=\"245\" srcset=\"https:\/\/blogsaverroes.juntadeandalucia.es\/ceipelolivo\/files\/2025\/02\/ESCOLARIZACION-25-26.png 434w, https:\/\/blogsaverroes.juntadeandalucia.es\/ceipelolivo\/files\/2025\/02\/ESCOLARIZACION-25-26-300x169.png 300w, https:\/\/blogsaverroes.juntadeandalucia.es\/ceipelolivo\/files\/2025\/02\/ESCOLARIZACION-25-26-332x187.png 332w, https:\/\/blogsaverroes.juntadeandalucia.es\/ceipelolivo\/files\/2025\/02\/ESCOLARIZACION-25-26-432x245.png 432w\" sizes=\"(max-width: 434px) 100vw, 434px\" \/><\/a><\/p>\n<p>&nbsp; <span style=\"color: #008000\">Presentaci\u00f3n de solicitudes del 1de marzo al 31 de marzo:<\/span><span style=\"color: #008000\">&nbsp;<\/span><\/p>\n<p>Durante el mes de marzo permanecer\u00e1 abierto en Andaluc\u00eda el plazo para la presentaci\u00f3n de solicitudes de admisi\u00f3n correspondientes al curso escolar 2025\/ 2026 en la red de centros sostenidos con fondos p\u00fablicos. Se inicia de este modo el proceso de escolarizaci\u00f3n en el que participan todos los ni\u00f1os y ni\u00f1as que se incorporan por primera vez al sistema educativo, as\u00ed como el alumnado que cambie de centro escolar.<\/p>\n<p style=\"text-align: left\"><strong>Presentaci\u00f3n<\/strong> <a href=\"https:\/\/portales.ced.junta-andalucia.es\/educacion\/portales\/web\/escolarizacion\/infantil-a-bachillerato\">telem\u00e1tica<\/a> de la solicitud:<\/p>\n<p style=\"text-align: left\"><a href=\"https:\/\/www.juntadeandalucia.es\/educacion\/secretariavirtual\/\" target=\"_blank\" rel=\"noopener noreferrer\"><img loading=\"lazy\" decoding=\"async\" class=\"aligncenter wp-image-5376 size-medium\" src=\"https:\/\/blogsaverroes.juntadeandalucia.es\/ceipelolivo\/files\/2020\/03\/SVir-300x67.png\" alt=\"\" width=\"300\" height=\"67\" srcset=\"https:\/\/blogsaverroes.juntadeandalucia.es\/ceipelolivo\/files\/2020\/03\/SVir-300x67.png 300w, https:\/\/blogsaverroes.juntadeandalucia.es\/ceipelolivo\/files\/2020\/03\/SVir-24x5.png 24w, https:\/\/blogsaverroes.juntadeandalucia.es\/ceipelolivo\/files\/2020\/03\/SVir-36x8.png 36w, https:\/\/blogsaverroes.juntadeandalucia.es\/ceipelolivo\/files\/2020\/03\/SVir-48x11.png 48w, https:\/\/blogsaverroes.juntadeandalucia.es\/ceipelolivo\/files\/2020\/03\/SVir.png 677w\" sizes=\"(max-width: 300px) 100vw, 300px\" \/><\/a><\/p>\n<p style=\"text-align: left\">Pueden <strong>rellenar y descargar<\/strong> el <a href=\"https:\/\/portales.ced.junta-andalucia.es\/educacion\/portales\/web\/escolarizacion\/infantil-a-bachillerato\/impresos\" target=\"_blank\" rel=\"noopener noreferrer\">Impreso de solicitud de admisi\u00f3n (Anexo III)<\/a>, pinchando en la siguiente imagen:<\/p>\n<p style=\"text-align: left\"><a href=\"https:\/\/www.juntadeandalucia.es\/educacion\/portales\/es\/web\/escolarizacion\/infantil-a-bachillerato\/impresos\" target=\"_blank\" rel=\"noopener noreferrer\"><img loading=\"lazy\" decoding=\"async\" class=\"aligncenter wp-image-2553 size-medium\" src=\"https:\/\/blogsaverroes.juntadeandalucia.es\/ceipelolivo\/files\/2018\/02\/Impreso-solicitud-212x300.png\" alt=\"\" width=\"212\" height=\"300\" srcset=\"https:\/\/blogsaverroes.juntadeandalucia.es\/ceipelolivo\/files\/2018\/02\/Impreso-solicitud-212x300.png 212w, https:\/\/blogsaverroes.juntadeandalucia.es\/ceipelolivo\/files\/2018\/02\/Impreso-solicitud-768x1088.png 768w, https:\/\/blogsaverroes.juntadeandalucia.es\/ceipelolivo\/files\/2018\/02\/Impreso-solicitud-723x1024.png 723w, https:\/\/blogsaverroes.juntadeandalucia.es\/ceipelolivo\/files\/2018\/02\/Impreso-solicitud-700x991.png 700w, https:\/\/blogsaverroes.juntadeandalucia.es\/ceipelolivo\/files\/2018\/02\/Impreso-solicitud-17x24.png 17w, https:\/\/blogsaverroes.juntadeandalucia.es\/ceipelolivo\/files\/2018\/02\/Impreso-solicitud-25x36.png 25w, https:\/\/blogsaverroes.juntadeandalucia.es\/ceipelolivo\/files\/2018\/02\/Impreso-solicitud-34x48.png 34w, https:\/\/blogsaverroes.juntadeandalucia.es\/ceipelolivo\/files\/2018\/02\/Impreso-solicitud.png 899w\" sizes=\"(max-width: 212px) 100vw, 212px\" \/><\/a><\/p>\n<p>&nbsp;<\/p>\n<p style=\"text-align: left\">Si quieren conocer la puntuaci\u00f3n que obtienen en nuestro colegio, dependiendo del lugar en el que vivan, pinchen en el mapa e introduzcan los datos:<a href=\"https:\/\/educasig.ced.junta-andalucia.es\/escolarizacion\/\" target=\"_blank\" rel=\"noopener noreferrer\"><img loading=\"lazy\" decoding=\"async\" class=\"aligncenter wp-image-2551 size-medium\" src=\"https:\/\/blogsaverroes.juntadeandalucia.es\/ceipelolivo\/files\/2018\/02\/Mapa-300x232.png\" alt=\"\" width=\"300\" height=\"232\" srcset=\"https:\/\/blogsaverroes.juntadeandalucia.es\/ceipelolivo\/files\/2018\/02\/Mapa-300x232.png 300w, https:\/\/blogsaverroes.juntadeandalucia.es\/ceipelolivo\/files\/2018\/02\/Mapa-768x595.png 768w, https:\/\/blogsaverroes.juntadeandalucia.es\/ceipelolivo\/files\/2018\/02\/Mapa-700x542.png 700w, https:\/\/blogsaverroes.juntadeandalucia.es\/ceipelolivo\/files\/2018\/02\/Mapa-24x19.png 24w, https:\/\/blogsaverroes.juntadeandalucia.es\/ceipelolivo\/files\/2018\/02\/Mapa-36x28.png 36w, https:\/\/blogsaverroes.juntadeandalucia.es\/ceipelolivo\/files\/2018\/02\/Mapa-48x37.png 48w, https:\/\/blogsaverroes.juntadeandalucia.es\/ceipelolivo\/files\/2018\/02\/Mapa.png 979w\" sizes=\"(max-width: 300px) 100vw, 300px\" \/><\/a><\/p>\n<p style=\"text-align: left\"><strong>Otros documentos de inter\u00e9s:<\/strong><\/p>\n<p style=\"text-align: left\"><a href=\"https:\/\/portales.ced.junta-andalucia.es\/educacion\/portales\/web\/escolarizacion\/infantil-a-bachillerato\/calendario\">Calendario completo.<\/a><\/p>\n<p style=\"text-align: left\">Si quieren calcular los puntos que tienen en la solicitud de escolarizaci\u00f3n, pulsen en el siguiente enlace y realicen un autobaremo:<\/p>\n<p style=\"text-align: left\"><a href=\"https:\/\/portales.ced.junta-andalucia.es\/educacion\/portales\/web\/escolarizacion\/infantil-a-bachillerato\/autobaremo\">Autobaremo.<\/a><\/p>\n<p style=\"text-align: left\"><a href=\"https:\/\/portales.ced.junta-andalucia.es\/educacion\/portales\/web\/escolarizacion\/infantil-a-bachillerato\/preguntas-frecuentes\" target=\"_blank\" rel=\"noopener noreferrer\">Preguntas frecuentes.<\/a><\/p>\n<p style=\"text-align: left\">Os esperemos con los brazos abiertos en el CEIP \u00abEl Olivo\u00bb.<\/p>\n<p style=\"text-align: left\">&nbsp;<\/p>\n<p>&nbsp;<\/p>\n","protected":false},"excerpt":{"rendered":"<p>Periodo de \u00abESCOLARIZACI\u00d3N\u00bb para el curso escolar 2026\/2027 , del 1 de marzo al 31de marzo 2026. &nbsp; &nbsp;La Consejer\u00eda de Desarrollo Educativo y Formaci\u00f3n Profesional convoca el procedimiento de admisi\u00f3n del alumnado en&#46;&#46;&#46;<\/p>\n","protected":false},"author":1,"featured_media":0,"parent":0,"menu_order":0,"comment_status":"closed","ping_status":"open","template":"","meta":{"ngg_post_thumbnail":0,"footnotes":"","_mc_calendar":[]},"aioseo_notices":[],"_links":{"self":[{"href":"https:\/\/blogsaverroes.juntadeandalucia.es\/ceipelolivo\/wp-json\/wp\/v2\/pages\/141"}],"collection":[{"href":"https:\/\/blogsaverroes.juntadeandalucia.es\/ceipelolivo\/wp-json\/wp\/v2\/pages"}],"about":[{"href":"https:\/\/blogsaverroes.juntadeandalucia.es\/ceipelolivo\/wp-json\/wp\/v2\/types\/page"}],"author":[{"embeddable":true,"href":"https:\/\/blogsaverroes.juntadeandalucia.es\/ceipelolivo\/wp-json\/wp\/v2\/users\/1"}],"replies":[{"embeddable":true,"href":"https:\/\/blogsaverroes.juntadeandalucia.es\/ceipelolivo\/wp-json\/wp\/v2\/comments?post=141"}],"version-history":[{"count":24,"href":"https:\/\/blogsaverroes.juntadeandalucia.es\/ceipelolivo\/wp-json\/wp\/v2\/pages\/141\/revisions"}],"predecessor-version":[{"id":8175,"href":"https:\/\/blogsaverroes.juntadeandalucia.es\/ceipelolivo\/wp-json\/wp\/v2\/pages\/141\/revisions\/8175"}],"wp:attachment":[{"href":"https:\/\/blogsaverroes.juntadeandalucia.es\/ceipelolivo\/wp-json\/wp\/v2\/media?parent=141"}],"curies":[{"name":"wp","href":"https:\/\/api.w.org\/{rel}","templated":true}]}}

Escolarización 2026-2027

<p>Periodo de «<strong>ESCOLARIZACIÓN</strong>» para el curso escolar 2026/2027 , <strong>del 1 de marzo al 31de marzo 2026</strong>.</p>
<p><img loading="lazy" decoding="async" class="aligncenter wp-image-8163" src="https://blogsaverroes.juntadeandalucia.es/ceipelolivo/files/2026/02/Copia-de-PROGRAMAS-Programa-para-la-Innovacion-y-mejora-del-aprendizaje-CIMA-Paz-IgualdadEquidad-Biblioteca.-5.png" alt="" width="637" height="796" srcset="https://blogsaverroes.juntadeandalucia.es/ceipelolivo/files/2026/02/Copia-de-PROGRAMAS-Programa-para-la-Innovacion-y-mejora-del-aprendizaje-CIMA-Paz-IgualdadEquidad-Biblioteca.-5.png 1080w, https://blogsaverroes.juntadeandalucia.es/ceipelolivo/files/2026/02/Copia-de-PROGRAMAS-Programa-para-la-Innovacion-y-mejora-del-aprendizaje-CIMA-Paz-IgualdadEquidad-Biblioteca.-5-240x300.png 240w, https://blogsaverroes.juntadeandalucia.es/ceipelolivo/files/2026/02/Copia-de-PROGRAMAS-Programa-para-la-Innovacion-y-mejora-del-aprendizaje-CIMA-Paz-IgualdadEquidad-Biblioteca.-5-819x1024.png 819w, https://blogsaverroes.juntadeandalucia.es/ceipelolivo/files/2026/02/Copia-de-PROGRAMAS-Programa-para-la-Innovacion-y-mejora-del-aprendizaje-CIMA-Paz-IgualdadEquidad-Biblioteca.-5-768x960.png 768w" sizes="(max-width: 637px) 100vw, 637px" /></p>
<p>&nbsp; &nbsp;La Consejería de Desarrollo Educativo y Formación Profesional convoca el procedimiento de admisión del alumnado en los centros docentes públicos y privados concertados para cursar las enseñanzas de 2º Ciclo de Educación Infantil, Educación Primaria, Educación Especial, Educación Secundaria Obligatoria y Bachillerato para el curso escolar 2026/27.</p>
<p><strong>&nbsp; &nbsp;Del 1 al 31 de marzo</strong>, ambos inclusive, permanecerá abierto en Andalucía el plazo para la presentación de solicitudes de admisión correspondientes al curso escolar 2026/27.&nbsp; Se inicia de este modo el proceso de escolarización en el que participan todos los niños y niñas que se incorporan por primera vez al sistema educativo, tanto en centros públicos como privados concertados, así como el alumnado que cambie de centro escolar.</p>
<p>Continúa publicada, con nuevas mejoras, la aplicación para smartphones que permite realizar consultas de centros así como de los puntos del baremo por domicilio.</p>
<p>&nbsp; &nbsp; Por su parte, los centros educativos publican la relación de puestos escolares vacantes así como la información sobre las direcciones catastrales comprendidas en sus áreas de influencia y áreas limítrofes. Cuando la oferta de plazas coincida o sea superior a la demanda, los solicitantes serán admitidos. Solo en aquellos casos donde no se pueda atender toda la demanda, se procederá a la baremación de las solicitudes.</p>
<p>&nbsp; &nbsp;Los centros harán pública en su tablón de anuncios, <strong>antes del 23 de abril</strong>, la relación de solicitantes con la puntuación asignada y, a partir de esa fecha, se abrirá un plazo de&nbsp;<strong>10 días lectivos para la presentación de alegaciones</strong>. Si tras la aplicación de los criterios de baremación se producen empates, se aplicará el resultado del&nbsp;<strong>sorteo público</strong>&nbsp;que se celebrará el día&nbsp;<strong>14 de mayo</strong> de 2026. <strong>La relación definitiva de admitidos y no admitidos saldrá el 15 de mayo ( fechas aproximadas).</strong></p>
<p>&nbsp;</p>
<p><a href="https://youtu.be/oKn848-jka8"><img loading="lazy" decoding="async" class="aligncenter size-full wp-image-7984" src="https://blogsaverroes.juntadeandalucia.es/ceipelolivo/files/2025/02/ESCOLARIZACION-25-26.png" alt="" width="434" height="245" srcset="https://blogsaverroes.juntadeandalucia.es/ceipelolivo/files/2025/02/ESCOLARIZACION-25-26.png 434w, https://blogsaverroes.juntadeandalucia.es/ceipelolivo/files/2025/02/ESCOLARIZACION-25-26-300x169.png 300w, https://blogsaverroes.juntadeandalucia.es/ceipelolivo/files/2025/02/ESCOLARIZACION-25-26-332x187.png 332w, https://blogsaverroes.juntadeandalucia.es/ceipelolivo/files/2025/02/ESCOLARIZACION-25-26-432x245.png 432w" sizes="(max-width: 434px) 100vw, 434px" /></a></p>
<p>&nbsp; <span style="color: #008000">Presentación de solicitudes del 1de marzo al 31 de marzo:</span><span style="color: #008000">&nbsp;</span></p>
<p>Durante el mes de marzo permanecerá abierto en Andalucía el plazo para la presentación de solicitudes de admisión correspondientes al curso escolar 2025/ 2026 en la red de centros sostenidos con fondos públicos. Se inicia de este modo el proceso de escolarización en el que participan todos los niños y niñas que se incorporan por primera vez al sistema educativo, así como el alumnado que cambie de centro escolar.</p>
<p style="text-align: left"><strong>Presentación</strong> <a href="https://portales.ced.junta-andalucia.es/educacion/portales/web/escolarizacion/infantil-a-bachillerato">telemática</a> de la solicitud:</p>
<p style="text-align: left"><a href="https://www.juntadeandalucia.es/educacion/secretariavirtual/" target="_blank" rel="noopener noreferrer"><img loading="lazy" decoding="async" class="aligncenter wp-image-5376 size-medium" src="https://blogsaverroes.juntadeandalucia.es/ceipelolivo/files/2020/03/SVir-300x67.png" alt="" width="300" height="67" srcset="https://blogsaverroes.juntadeandalucia.es/ceipelolivo/files/2020/03/SVir-300x67.png 300w, https://blogsaverroes.juntadeandalucia.es/ceipelolivo/files/2020/03/SVir-24x5.png 24w, https://blogsaverroes.juntadeandalucia.es/ceipelolivo/files/2020/03/SVir-36x8.png 36w, https://blogsaverroes.juntadeandalucia.es/ceipelolivo/files/2020/03/SVir-48x11.png 48w, https://blogsaverroes.juntadeandalucia.es/ceipelolivo/files/2020/03/SVir.png 677w" sizes="(max-width: 300px) 100vw, 300px" /></a></p>
<p style="text-align: left">Pueden <strong>rellenar y descargar</strong> el <a href="https://portales.ced.junta-andalucia.es/educacion/portales/web/escolarizacion/infantil-a-bachillerato/impresos" target="_blank" rel="noopener noreferrer">Impreso de solicitud de admisión (Anexo III)</a>, pinchando en la siguiente imagen:</p>
<p style="text-align: left"><a href="https://www.juntadeandalucia.es/educacion/portales/es/web/escolarizacion/infantil-a-bachillerato/impresos" target="_blank" rel="noopener noreferrer"><img loading="lazy" decoding="async" class="aligncenter wp-image-2553 size-medium" src="https://blogsaverroes.juntadeandalucia.es/ceipelolivo/files/2018/02/Impreso-solicitud-212x300.png" alt="" width="212" height="300" srcset="https://blogsaverroes.juntadeandalucia.es/ceipelolivo/files/2018/02/Impreso-solicitud-212x300.png 212w, https://blogsaverroes.juntadeandalucia.es/ceipelolivo/files/2018/02/Impreso-solicitud-768x1088.png 768w, https://blogsaverroes.juntadeandalucia.es/ceipelolivo/files/2018/02/Impreso-solicitud-723x1024.png 723w, https://blogsaverroes.juntadeandalucia.es/ceipelolivo/files/2018/02/Impreso-solicitud-700x991.png 700w, https://blogsaverroes.juntadeandalucia.es/ceipelolivo/files/2018/02/Impreso-solicitud-17x24.png 17w, https://blogsaverroes.juntadeandalucia.es/ceipelolivo/files/2018/02/Impreso-solicitud-25x36.png 25w, https://blogsaverroes.juntadeandalucia.es/ceipelolivo/files/2018/02/Impreso-solicitud-34x48.png 34w, https://blogsaverroes.juntadeandalucia.es/ceipelolivo/files/2018/02/Impreso-solicitud.png 899w" sizes="(max-width: 212px) 100vw, 212px" /></a></p>
<p>&nbsp;</p>
<p style="text-align: left">Si quieren conocer la puntuación que obtienen en nuestro colegio, dependiendo del lugar en el que vivan, pinchen en el mapa e introduzcan los datos:<a href="https://educasig.ced.junta-andalucia.es/escolarizacion/" target="_blank" rel="noopener noreferrer"><img loading="lazy" decoding="async" class="aligncenter wp-image-2551 size-medium" src="https://blogsaverroes.juntadeandalucia.es/ceipelolivo/files/2018/02/Mapa-300x232.png" alt="" width="300" height="232" srcset="https://blogsaverroes.juntadeandalucia.es/ceipelolivo/files/2018/02/Mapa-300x232.png 300w, https://blogsaverroes.juntadeandalucia.es/ceipelolivo/files/2018/02/Mapa-768x595.png 768w, https://blogsaverroes.juntadeandalucia.es/ceipelolivo/files/2018/02/Mapa-700x542.png 700w, https://blogsaverroes.juntadeandalucia.es/ceipelolivo/files/2018/02/Mapa-24x19.png 24w, https://blogsaverroes.juntadeandalucia.es/ceipelolivo/files/2018/02/Mapa-36x28.png 36w, https://blogsaverroes.juntadeandalucia.es/ceipelolivo/files/2018/02/Mapa-48x37.png 48w, https://blogsaverroes.juntadeandalucia.es/ceipelolivo/files/2018/02/Mapa.png 979w" sizes="(max-width: 300px) 100vw, 300px" /></a></p>
<p style="text-align: left"><strong>Otros documentos de interés:</strong></p>
<p style="text-align: left"><a href="https://portales.ced.junta-andalucia.es/educacion/portales/web/escolarizacion/infantil-a-bachillerato/calendario">Calendario completo.</a></p>
<p style="text-align: left">Si quieren calcular los puntos que tienen en la solicitud de escolarización, pulsen en el siguiente enlace y realicen un autobaremo:</p>
<p style="text-align: left"><a href="https://portales.ced.junta-andalucia.es/educacion/portales/web/escolarizacion/infantil-a-bachillerato/autobaremo">Autobaremo.</a></p>
<p style="text-align: left"><a href="https://portales.ced.junta-andalucia.es/educacion/portales/web/escolarizacion/infantil-a-bachillerato/preguntas-frecuentes" target="_blank" rel="noopener noreferrer">Preguntas frecuentes.</a></p>
<p style="text-align: left">Os esperemos con los brazos abiertos en el CEIP «El Olivo».</p>
<p style="text-align: left">&nbsp;</p>
<p>&nbsp;</p>

<p>Periodo de «ESCOLARIZACIÓN» para el curso escolar 2026/2027 , del 1 de marzo al 31de marzo 2026. &nbsp; &nbsp;La Consejería de Desarrollo Educativo y Formación Profesional convoca el procedimiento de admisión del alumnado en&#46;&#46;&#46;</p>
