{"id":2858,"date":"2018-03-14T21:11:20","date_gmt":"2018-03-14T21:11:20","guid":{"rendered":"https:\/\/blogsaverroes.juntadeandalucia.es\/ceipelolivo\/?page_id=2858"},"modified":"2018-05-02T18:43:41","modified_gmt":"2018-05-02T18:43:41","slug":"generacion-del-81","status":"publish","type":"page","link":"https:\/\/blogsaverroes.juntadeandalucia.es\/ceipelolivo\/generacion-del-81\/","title":{"rendered":"Generaci\u00f3n del 81"},"content":{"rendered":"<p style=\"text-align: justify\">Mart\u00edn y Vera, de 1\u00ba y 6\u00ba de Educaci\u00f3n Primaria, nos han tra\u00eddo esta ma\u00f1ana unas fotos en las que aparecen sus padres, que como ellos, tambi\u00e9n son parte de nuestro colegio y estuvieron juntos en la generaci\u00f3n del 81. Y no son los \u00fanicos cuyos padres y madres aparecen en algunas de estas fotos, a ver si los conoc\u00e9is:<\/p>\n<p><a href=\"https:\/\/blogsaverroes.juntadeandalucia.es\/ceipelolivo\/files\/2018\/03\/81_01.jpeg\">&nbsp; &nbsp;<\/a><a href=\"https:\/\/blogsaverroes.juntadeandalucia.es\/ceipelolivo\/files\/2018\/03\/81_01.jpeg\" target=\"_blank\" rel=\"noopener\"><img loading=\"lazy\" decoding=\"async\" class=\"alignnone wp-image-2859 size-medium\" src=\"https:\/\/blogsaverroes.juntadeandalucia.es\/ceipelolivo\/files\/2018\/03\/81_01-300x236.jpeg\" alt=\"\" width=\"300\" height=\"236\" srcset=\"https:\/\/blogsaverroes.juntadeandalucia.es\/ceipelolivo\/files\/2018\/03\/81_01-300x236.jpeg 300w, https:\/\/blogsaverroes.juntadeandalucia.es\/ceipelolivo\/files\/2018\/03\/81_01-768x604.jpeg 768w, https:\/\/blogsaverroes.juntadeandalucia.es\/ceipelolivo\/files\/2018\/03\/81_01-1024x805.jpeg 1024w, https:\/\/blogsaverroes.juntadeandalucia.es\/ceipelolivo\/files\/2018\/03\/81_01-700x550.jpeg 700w, https:\/\/blogsaverroes.juntadeandalucia.es\/ceipelolivo\/files\/2018\/03\/81_01-24x19.jpeg 24w, https:\/\/blogsaverroes.juntadeandalucia.es\/ceipelolivo\/files\/2018\/03\/81_01-36x28.jpeg 36w, https:\/\/blogsaverroes.juntadeandalucia.es\/ceipelolivo\/files\/2018\/03\/81_01-48x38.jpeg 48w, https:\/\/blogsaverroes.juntadeandalucia.es\/ceipelolivo\/files\/2018\/03\/81_01.jpeg 1600w\" sizes=\"(max-width: 300px) 100vw, 300px\" \/><\/a> <a href=\"https:\/\/blogsaverroes.juntadeandalucia.es\/ceipelolivo\/files\/2018\/03\/81_03.jpeg\" target=\"_blank\" rel=\"noopener\"><img loading=\"lazy\" decoding=\"async\" class=\"alignnone wp-image-2864 size-medium\" src=\"https:\/\/blogsaverroes.juntadeandalucia.es\/ceipelolivo\/files\/2018\/03\/81_03-300x218.jpeg\" alt=\"\" width=\"300\" height=\"218\" srcset=\"https:\/\/blogsaverroes.juntadeandalucia.es\/ceipelolivo\/files\/2018\/03\/81_03-300x218.jpeg 300w, https:\/\/blogsaverroes.juntadeandalucia.es\/ceipelolivo\/files\/2018\/03\/81_03-768x558.jpeg 768w, https:\/\/blogsaverroes.juntadeandalucia.es\/ceipelolivo\/files\/2018\/03\/81_03-1024x744.jpeg 1024w, https:\/\/blogsaverroes.juntadeandalucia.es\/ceipelolivo\/files\/2018\/03\/81_03-700x508.jpeg 700w, https:\/\/blogsaverroes.juntadeandalucia.es\/ceipelolivo\/files\/2018\/03\/81_03-24x17.jpeg 24w, https:\/\/blogsaverroes.juntadeandalucia.es\/ceipelolivo\/files\/2018\/03\/81_03-36x26.jpeg 36w, https:\/\/blogsaverroes.juntadeandalucia.es\/ceipelolivo\/files\/2018\/03\/81_03-48x35.jpeg 48w, https:\/\/blogsaverroes.juntadeandalucia.es\/ceipelolivo\/files\/2018\/03\/81_03.jpeg 1600w\" sizes=\"(max-width: 300px) 100vw, 300px\" \/><\/a><\/p>\n<p style=\"text-align: justify\">Y acompa\u00f1\u00e1ndolos en una de las fotograf\u00edas, Juani Sus\u00ed, la maestra con la sonrisa m\u00e1s contagiosa a la que hemos conocido (aunque en la foto aparezca muy seria). Un besazo.<a href=\"https:\/\/blogsaverroes.juntadeandalucia.es\/ceipelolivo\/files\/2018\/03\/81_02.jpeg\" target=\"_blank\" rel=\"noopener\"><img loading=\"lazy\" decoding=\"async\" class=\"aligncenter wp-image-2865 size-medium\" src=\"https:\/\/blogsaverroes.juntadeandalucia.es\/ceipelolivo\/files\/2018\/03\/81_02-300x206.jpeg\" alt=\"\" width=\"300\" height=\"206\" srcset=\"https:\/\/blogsaverroes.juntadeandalucia.es\/ceipelolivo\/files\/2018\/03\/81_02-300x206.jpeg 300w, https:\/\/blogsaverroes.juntadeandalucia.es\/ceipelolivo\/files\/2018\/03\/81_02-768x527.jpeg 768w, https:\/\/blogsaverroes.juntadeandalucia.es\/ceipelolivo\/files\/2018\/03\/81_02-1024x703.jpeg 1024w, https:\/\/blogsaverroes.juntadeandalucia.es\/ceipelolivo\/files\/2018\/03\/81_02-700x481.jpeg 700w, https:\/\/blogsaverroes.juntadeandalucia.es\/ceipelolivo\/files\/2018\/03\/81_02-24x16.jpeg 24w, https:\/\/blogsaverroes.juntadeandalucia.es\/ceipelolivo\/files\/2018\/03\/81_02-36x25.jpeg 36w, https:\/\/blogsaverroes.juntadeandalucia.es\/ceipelolivo\/files\/2018\/03\/81_02-48x33.jpeg 48w, https:\/\/blogsaverroes.juntadeandalucia.es\/ceipelolivo\/files\/2018\/03\/81_02.jpeg 1464w\" sizes=\"(max-width: 300px) 100vw, 300px\" \/><\/a>Muchas gracias por el regalo y ojal\u00e1 que m\u00e1s personas se animen a traernos fotos, nos hace much\u00edsima ilusi\u00f3n poder recordar a nuestra querid\u00edsima Se\u00f1orita Angustias, a Don Luis Cimadevilla, al que no paramos de recordar en el colegio, y a Don Vicente Pere\u00f1a.<\/p>\n<p><a href=\"https:\/\/blogsaverroes.juntadeandalucia.es\/ceipelolivo\/files\/2018\/03\/Generaci\u00f3n-del-81_1-3-1989-001.jpg\">&nbsp; &nbsp;<\/a><a href=\"https:\/\/blogsaverroes.juntadeandalucia.es\/ceipelolivo\/files\/2018\/03\/Generaci\u00f3n-del-81_1-3-1989-001.jpg\" target=\"_blank\" rel=\"noopener\"><img loading=\"lazy\" decoding=\"async\" class=\"alignnone wp-image-2875 size-medium\" src=\"https:\/\/blogsaverroes.juntadeandalucia.es\/ceipelolivo\/files\/2018\/03\/Generaci\u00f3n-del-81_1-3-1989-001-300x240.jpg\" alt=\"\" width=\"300\" height=\"240\" srcset=\"https:\/\/blogsaverroes.juntadeandalucia.es\/ceipelolivo\/files\/2018\/03\/Generaci\u00f3n-del-81_1-3-1989-001-300x240.jpg 300w, https:\/\/blogsaverroes.juntadeandalucia.es\/ceipelolivo\/files\/2018\/03\/Generaci\u00f3n-del-81_1-3-1989-001-768x615.jpg 768w, https:\/\/blogsaverroes.juntadeandalucia.es\/ceipelolivo\/files\/2018\/03\/Generaci\u00f3n-del-81_1-3-1989-001-1024x819.jpg 1024w, https:\/\/blogsaverroes.juntadeandalucia.es\/ceipelolivo\/files\/2018\/03\/Generaci\u00f3n-del-81_1-3-1989-001-700x560.jpg 700w, https:\/\/blogsaverroes.juntadeandalucia.es\/ceipelolivo\/files\/2018\/03\/Generaci\u00f3n-del-81_1-3-1989-001-24x19.jpg 24w, https:\/\/blogsaverroes.juntadeandalucia.es\/ceipelolivo\/files\/2018\/03\/Generaci\u00f3n-del-81_1-3-1989-001-36x29.jpg 36w, https:\/\/blogsaverroes.juntadeandalucia.es\/ceipelolivo\/files\/2018\/03\/Generaci\u00f3n-del-81_1-3-1989-001-48x38.jpg 48w, https:\/\/blogsaverroes.juntadeandalucia.es\/ceipelolivo\/files\/2018\/03\/Generaci\u00f3n-del-81_1-3-1989-001.jpg 1600w\" sizes=\"(max-width: 300px) 100vw, 300px\" \/><\/a> <a href=\"https:\/\/blogsaverroes.juntadeandalucia.es\/ceipelolivo\/files\/2018\/03\/Generaci\u00f3n-del-81-001.jpg\" target=\"_blank\" rel=\"noopener\"><img loading=\"lazy\" decoding=\"async\" class=\"alignnone wp-image-2876 size-medium\" src=\"https:\/\/blogsaverroes.juntadeandalucia.es\/ceipelolivo\/files\/2018\/03\/Generaci\u00f3n-del-81-001-300x220.jpg\" alt=\"\" width=\"300\" height=\"220\" srcset=\"https:\/\/blogsaverroes.juntadeandalucia.es\/ceipelolivo\/files\/2018\/03\/Generaci\u00f3n-del-81-001-300x220.jpg 300w, https:\/\/blogsaverroes.juntadeandalucia.es\/ceipelolivo\/files\/2018\/03\/Generaci\u00f3n-del-81-001-768x564.jpg 768w, https:\/\/blogsaverroes.juntadeandalucia.es\/ceipelolivo\/files\/2018\/03\/Generaci\u00f3n-del-81-001-1024x753.jpg 1024w, https:\/\/blogsaverroes.juntadeandalucia.es\/ceipelolivo\/files\/2018\/03\/Generaci\u00f3n-del-81-001-700x514.jpg 700w, https:\/\/blogsaverroes.juntadeandalucia.es\/ceipelolivo\/files\/2018\/03\/Generaci\u00f3n-del-81-001-24x18.jpg 24w, https:\/\/blogsaverroes.juntadeandalucia.es\/ceipelolivo\/files\/2018\/03\/Generaci\u00f3n-del-81-001-36x26.jpg 36w, https:\/\/blogsaverroes.juntadeandalucia.es\/ceipelolivo\/files\/2018\/03\/Generaci\u00f3n-del-81-001-48x35.jpg 48w, https:\/\/blogsaverroes.juntadeandalucia.es\/ceipelolivo\/files\/2018\/03\/Generaci\u00f3n-del-81-001.jpg 1600w\" sizes=\"(max-width: 300px) 100vw, 300px\" \/><\/a><\/p>\n<p style=\"text-align: justify\">Las dos siguientes las ten\u00edamos en nuestro archivo y pertenecen a escenas cotidianas de nuestro d\u00eda a d\u00eda en el colegio.<\/p>\n<p><a href=\"https:\/\/blogsaverroes.juntadeandalucia.es\/ceipelolivo\/files\/2018\/03\/81_05.jpeg\">&nbsp;&nbsp;<\/a><a href=\"https:\/\/blogsaverroes.juntadeandalucia.es\/ceipelolivo\/files\/2018\/03\/81_05.jpeg\" target=\"_blank\" rel=\"noopener\"><img loading=\"lazy\" decoding=\"async\" class=\"alignnone wp-image-2867 size-medium\" src=\"https:\/\/blogsaverroes.juntadeandalucia.es\/ceipelolivo\/files\/2018\/03\/81_05-300x210.jpeg\" alt=\"\" width=\"300\" height=\"210\" srcset=\"https:\/\/blogsaverroes.juntadeandalucia.es\/ceipelolivo\/files\/2018\/03\/81_05-300x210.jpeg 300w, https:\/\/blogsaverroes.juntadeandalucia.es\/ceipelolivo\/files\/2018\/03\/81_05-768x537.jpeg 768w, https:\/\/blogsaverroes.juntadeandalucia.es\/ceipelolivo\/files\/2018\/03\/81_05-1024x716.jpeg 1024w, https:\/\/blogsaverroes.juntadeandalucia.es\/ceipelolivo\/files\/2018\/03\/81_05-700x489.jpeg 700w, https:\/\/blogsaverroes.juntadeandalucia.es\/ceipelolivo\/files\/2018\/03\/81_05-24x17.jpeg 24w, https:\/\/blogsaverroes.juntadeandalucia.es\/ceipelolivo\/files\/2018\/03\/81_05-36x25.jpeg 36w, https:\/\/blogsaverroes.juntadeandalucia.es\/ceipelolivo\/files\/2018\/03\/81_05-48x34.jpeg 48w, https:\/\/blogsaverroes.juntadeandalucia.es\/ceipelolivo\/files\/2018\/03\/81_05.jpeg 1136w\" sizes=\"(max-width: 300px) 100vw, 300px\" \/><\/a> <a href=\"https:\/\/blogsaverroes.juntadeandalucia.es\/ceipelolivo\/files\/2018\/03\/81_04.jpeg\" target=\"_blank\" rel=\"noopener\"><img loading=\"lazy\" decoding=\"async\" class=\"alignnone wp-image-2866 size-medium\" src=\"https:\/\/blogsaverroes.juntadeandalucia.es\/ceipelolivo\/files\/2018\/03\/81_04-300x201.jpeg\" alt=\"\" width=\"300\" height=\"201\" srcset=\"https:\/\/blogsaverroes.juntadeandalucia.es\/ceipelolivo\/files\/2018\/03\/81_04-300x201.jpeg 300w, https:\/\/blogsaverroes.juntadeandalucia.es\/ceipelolivo\/files\/2018\/03\/81_04-768x516.jpeg 768w, https:\/\/blogsaverroes.juntadeandalucia.es\/ceipelolivo\/files\/2018\/03\/81_04-1024x688.jpeg 1024w, https:\/\/blogsaverroes.juntadeandalucia.es\/ceipelolivo\/files\/2018\/03\/81_04-700x470.jpeg 700w, https:\/\/blogsaverroes.juntadeandalucia.es\/ceipelolivo\/files\/2018\/03\/81_04-24x16.jpeg 24w, https:\/\/blogsaverroes.juntadeandalucia.es\/ceipelolivo\/files\/2018\/03\/81_04-36x24.jpeg 36w, https:\/\/blogsaverroes.juntadeandalucia.es\/ceipelolivo\/files\/2018\/03\/81_04-48x32.jpeg 48w, https:\/\/blogsaverroes.juntadeandalucia.es\/ceipelolivo\/files\/2018\/03\/81_04.jpeg 1184w\" sizes=\"(max-width: 300px) 100vw, 300px\" \/><\/a><\/p>\n<p>Hasta la pr\u00f3xima \ud83d\ude09<\/p>\n","protected":false},"excerpt":{"rendered":"<p>Mart\u00edn y Vera, de 1\u00ba y 6\u00ba de Educaci\u00f3n Primaria, nos han tra\u00eddo esta ma\u00f1ana unas fotos en las que aparecen sus padres, que como ellos, tambi\u00e9n son parte de nuestro colegio y estuvieron&#46;&#46;&#46;<\/p>\n","protected":false},"author":5889,"featured_media":0,"parent":0,"menu_order":0,"comment_status":"closed","ping_status":"closed","template":"","meta":{"ngg_post_thumbnail":0,"footnotes":"","_mc_calendar":[]},"aioseo_notices":[],"_links":{"self":[{"href":"https:\/\/blogsaverroes.juntadeandalucia.es\/ceipelolivo\/wp-json\/wp\/v2\/pages\/2858"}],"collection":[{"href":"https:\/\/blogsaverroes.juntadeandalucia.es\/ceipelolivo\/wp-json\/wp\/v2\/pages"}],"about":[{"href":"https:\/\/blogsaverroes.juntadeandalucia.es\/ceipelolivo\/wp-json\/wp\/v2\/types\/page"}],"author":[{"embeddable":true,"href":"https:\/\/blogsaverroes.juntadeandalucia.es\/ceipelolivo\/wp-json\/wp\/v2\/users\/5889"}],"replies":[{"embeddable":true,"href":"https:\/\/blogsaverroes.juntadeandalucia.es\/ceipelolivo\/wp-json\/wp\/v2\/comments?post=2858"}],"version-history":[{"count":8,"href":"https:\/\/blogsaverroes.juntadeandalucia.es\/ceipelolivo\/wp-json\/wp\/v2\/pages\/2858\/revisions"}],"predecessor-version":[{"id":3553,"href":"https:\/\/blogsaverroes.juntadeandalucia.es\/ceipelolivo\/wp-json\/wp\/v2\/pages\/2858\/revisions\/3553"}],"wp:attachment":[{"href":"https:\/\/blogsaverroes.juntadeandalucia.es\/ceipelolivo\/wp-json\/wp\/v2\/media?parent=2858"}],"curies":[{"name":"wp","href":"https:\/\/api.w.org\/{rel}","templated":true}]}}

Generación del 81

<p style="text-align: justify">Martín y Vera, de 1º y 6º de Educación Primaria, nos han traído esta mañana unas fotos en las que aparecen sus padres, que como ellos, también son parte de nuestro colegio y estuvieron juntos en la generación del 81. Y no son los únicos cuyos padres y madres aparecen en algunas de estas fotos, a ver si los conocéis:</p>
<p><a href="https://blogsaverroes.juntadeandalucia.es/ceipelolivo/files/2018/03/81_01.jpeg">&nbsp; &nbsp;</a><a href="https://blogsaverroes.juntadeandalucia.es/ceipelolivo/files/2018/03/81_01.jpeg" target="_blank" rel="noopener"><img loading="lazy" decoding="async" class="alignnone wp-image-2859 size-medium" src="https://blogsaverroes.juntadeandalucia.es/ceipelolivo/files/2018/03/81_01-300x236.jpeg" alt="" width="300" height="236" srcset="https://blogsaverroes.juntadeandalucia.es/ceipelolivo/files/2018/03/81_01-300x236.jpeg 300w, https://blogsaverroes.juntadeandalucia.es/ceipelolivo/files/2018/03/81_01-768x604.jpeg 768w, https://blogsaverroes.juntadeandalucia.es/ceipelolivo/files/2018/03/81_01-1024x805.jpeg 1024w, https://blogsaverroes.juntadeandalucia.es/ceipelolivo/files/2018/03/81_01-700x550.jpeg 700w, https://blogsaverroes.juntadeandalucia.es/ceipelolivo/files/2018/03/81_01-24x19.jpeg 24w, https://blogsaverroes.juntadeandalucia.es/ceipelolivo/files/2018/03/81_01-36x28.jpeg 36w, https://blogsaverroes.juntadeandalucia.es/ceipelolivo/files/2018/03/81_01-48x38.jpeg 48w, https://blogsaverroes.juntadeandalucia.es/ceipelolivo/files/2018/03/81_01.jpeg 1600w" sizes="(max-width: 300px) 100vw, 300px" /></a> <a href="https://blogsaverroes.juntadeandalucia.es/ceipelolivo/files/2018/03/81_03.jpeg" target="_blank" rel="noopener"><img loading="lazy" decoding="async" class="alignnone wp-image-2864 size-medium" src="https://blogsaverroes.juntadeandalucia.es/ceipelolivo/files/2018/03/81_03-300x218.jpeg" alt="" width="300" height="218" srcset="https://blogsaverroes.juntadeandalucia.es/ceipelolivo/files/2018/03/81_03-300x218.jpeg 300w, https://blogsaverroes.juntadeandalucia.es/ceipelolivo/files/2018/03/81_03-768x558.jpeg 768w, https://blogsaverroes.juntadeandalucia.es/ceipelolivo/files/2018/03/81_03-1024x744.jpeg 1024w, https://blogsaverroes.juntadeandalucia.es/ceipelolivo/files/2018/03/81_03-700x508.jpeg 700w, https://blogsaverroes.juntadeandalucia.es/ceipelolivo/files/2018/03/81_03-24x17.jpeg 24w, https://blogsaverroes.juntadeandalucia.es/ceipelolivo/files/2018/03/81_03-36x26.jpeg 36w, https://blogsaverroes.juntadeandalucia.es/ceipelolivo/files/2018/03/81_03-48x35.jpeg 48w, https://blogsaverroes.juntadeandalucia.es/ceipelolivo/files/2018/03/81_03.jpeg 1600w" sizes="(max-width: 300px) 100vw, 300px" /></a></p>
<p style="text-align: justify">Y acompañándolos en una de las fotografías, Juani Susí, la maestra con la sonrisa más contagiosa a la que hemos conocido (aunque en la foto aparezca muy seria). Un besazo.<a href="https://blogsaverroes.juntadeandalucia.es/ceipelolivo/files/2018/03/81_02.jpeg" target="_blank" rel="noopener"><img loading="lazy" decoding="async" class="aligncenter wp-image-2865 size-medium" src="https://blogsaverroes.juntadeandalucia.es/ceipelolivo/files/2018/03/81_02-300x206.jpeg" alt="" width="300" height="206" srcset="https://blogsaverroes.juntadeandalucia.es/ceipelolivo/files/2018/03/81_02-300x206.jpeg 300w, https://blogsaverroes.juntadeandalucia.es/ceipelolivo/files/2018/03/81_02-768x527.jpeg 768w, https://blogsaverroes.juntadeandalucia.es/ceipelolivo/files/2018/03/81_02-1024x703.jpeg 1024w, https://blogsaverroes.juntadeandalucia.es/ceipelolivo/files/2018/03/81_02-700x481.jpeg 700w, https://blogsaverroes.juntadeandalucia.es/ceipelolivo/files/2018/03/81_02-24x16.jpeg 24w, https://blogsaverroes.juntadeandalucia.es/ceipelolivo/files/2018/03/81_02-36x25.jpeg 36w, https://blogsaverroes.juntadeandalucia.es/ceipelolivo/files/2018/03/81_02-48x33.jpeg 48w, https://blogsaverroes.juntadeandalucia.es/ceipelolivo/files/2018/03/81_02.jpeg 1464w" sizes="(max-width: 300px) 100vw, 300px" /></a>Muchas gracias por el regalo y ojalá que más personas se animen a traernos fotos, nos hace muchísima ilusión poder recordar a nuestra queridísima Señorita Angustias, a Don Luis Cimadevilla, al que no paramos de recordar en el colegio, y a Don Vicente Pereña.</p>
<p><a href="https://blogsaverroes.juntadeandalucia.es/ceipelolivo/files/2018/03/Generación-del-81_1-3-1989-001.jpg">&nbsp; &nbsp;</a><a href="https://blogsaverroes.juntadeandalucia.es/ceipelolivo/files/2018/03/Generación-del-81_1-3-1989-001.jpg" target="_blank" rel="noopener"><img loading="lazy" decoding="async" class="alignnone wp-image-2875 size-medium" src="https://blogsaverroes.juntadeandalucia.es/ceipelolivo/files/2018/03/Generación-del-81_1-3-1989-001-300x240.jpg" alt="" width="300" height="240" srcset="https://blogsaverroes.juntadeandalucia.es/ceipelolivo/files/2018/03/Generación-del-81_1-3-1989-001-300x240.jpg 300w, https://blogsaverroes.juntadeandalucia.es/ceipelolivo/files/2018/03/Generación-del-81_1-3-1989-001-768x615.jpg 768w, https://blogsaverroes.juntadeandalucia.es/ceipelolivo/files/2018/03/Generación-del-81_1-3-1989-001-1024x819.jpg 1024w, https://blogsaverroes.juntadeandalucia.es/ceipelolivo/files/2018/03/Generación-del-81_1-3-1989-001-700x560.jpg 700w, https://blogsaverroes.juntadeandalucia.es/ceipelolivo/files/2018/03/Generación-del-81_1-3-1989-001-24x19.jpg 24w, https://blogsaverroes.juntadeandalucia.es/ceipelolivo/files/2018/03/Generación-del-81_1-3-1989-001-36x29.jpg 36w, https://blogsaverroes.juntadeandalucia.es/ceipelolivo/files/2018/03/Generación-del-81_1-3-1989-001-48x38.jpg 48w, https://blogsaverroes.juntadeandalucia.es/ceipelolivo/files/2018/03/Generación-del-81_1-3-1989-001.jpg 1600w" sizes="(max-width: 300px) 100vw, 300px" /></a> <a href="https://blogsaverroes.juntadeandalucia.es/ceipelolivo/files/2018/03/Generación-del-81-001.jpg" target="_blank" rel="noopener"><img loading="lazy" decoding="async" class="alignnone wp-image-2876 size-medium" src="https://blogsaverroes.juntadeandalucia.es/ceipelolivo/files/2018/03/Generación-del-81-001-300x220.jpg" alt="" width="300" height="220" srcset="https://blogsaverroes.juntadeandalucia.es/ceipelolivo/files/2018/03/Generación-del-81-001-300x220.jpg 300w, https://blogsaverroes.juntadeandalucia.es/ceipelolivo/files/2018/03/Generación-del-81-001-768x564.jpg 768w, https://blogsaverroes.juntadeandalucia.es/ceipelolivo/files/2018/03/Generación-del-81-001-1024x753.jpg 1024w, https://blogsaverroes.juntadeandalucia.es/ceipelolivo/files/2018/03/Generación-del-81-001-700x514.jpg 700w, https://blogsaverroes.juntadeandalucia.es/ceipelolivo/files/2018/03/Generación-del-81-001-24x18.jpg 24w, https://blogsaverroes.juntadeandalucia.es/ceipelolivo/files/2018/03/Generación-del-81-001-36x26.jpg 36w, https://blogsaverroes.juntadeandalucia.es/ceipelolivo/files/2018/03/Generación-del-81-001-48x35.jpg 48w, https://blogsaverroes.juntadeandalucia.es/ceipelolivo/files/2018/03/Generación-del-81-001.jpg 1600w" sizes="(max-width: 300px) 100vw, 300px" /></a></p>
<p style="text-align: justify">Las dos siguientes las teníamos en nuestro archivo y pertenecen a escenas cotidianas de nuestro día a día en el colegio.</p>
<p><a href="https://blogsaverroes.juntadeandalucia.es/ceipelolivo/files/2018/03/81_05.jpeg">&nbsp;&nbsp;</a><a href="https://blogsaverroes.juntadeandalucia.es/ceipelolivo/files/2018/03/81_05.jpeg" target="_blank" rel="noopener"><img loading="lazy" decoding="async" class="alignnone wp-image-2867 size-medium" src="https://blogsaverroes.juntadeandalucia.es/ceipelolivo/files/2018/03/81_05-300x210.jpeg" alt="" width="300" height="210" srcset="https://blogsaverroes.juntadeandalucia.es/ceipelolivo/files/2018/03/81_05-300x210.jpeg 300w, https://blogsaverroes.juntadeandalucia.es/ceipelolivo/files/2018/03/81_05-768x537.jpeg 768w, https://blogsaverroes.juntadeandalucia.es/ceipelolivo/files/2018/03/81_05-1024x716.jpeg 1024w, https://blogsaverroes.juntadeandalucia.es/ceipelolivo/files/2018/03/81_05-700x489.jpeg 700w, https://blogsaverroes.juntadeandalucia.es/ceipelolivo/files/2018/03/81_05-24x17.jpeg 24w, https://blogsaverroes.juntadeandalucia.es/ceipelolivo/files/2018/03/81_05-36x25.jpeg 36w, https://blogsaverroes.juntadeandalucia.es/ceipelolivo/files/2018/03/81_05-48x34.jpeg 48w, https://blogsaverroes.juntadeandalucia.es/ceipelolivo/files/2018/03/81_05.jpeg 1136w" sizes="(max-width: 300px) 100vw, 300px" /></a> <a href="https://blogsaverroes.juntadeandalucia.es/ceipelolivo/files/2018/03/81_04.jpeg" target="_blank" rel="noopener"><img loading="lazy" decoding="async" class="alignnone wp-image-2866 size-medium" src="https://blogsaverroes.juntadeandalucia.es/ceipelolivo/files/2018/03/81_04-300x201.jpeg" alt="" width="300" height="201" srcset="https://blogsaverroes.juntadeandalucia.es/ceipelolivo/files/2018/03/81_04-300x201.jpeg 300w, https://blogsaverroes.juntadeandalucia.es/ceipelolivo/files/2018/03/81_04-768x516.jpeg 768w, https://blogsaverroes.juntadeandalucia.es/ceipelolivo/files/2018/03/81_04-1024x688.jpeg 1024w, https://blogsaverroes.juntadeandalucia.es/ceipelolivo/files/2018/03/81_04-700x470.jpeg 700w, https://blogsaverroes.juntadeandalucia.es/ceipelolivo/files/2018/03/81_04-24x16.jpeg 24w, https://blogsaverroes.juntadeandalucia.es/ceipelolivo/files/2018/03/81_04-36x24.jpeg 36w, https://blogsaverroes.juntadeandalucia.es/ceipelolivo/files/2018/03/81_04-48x32.jpeg 48w, https://blogsaverroes.juntadeandalucia.es/ceipelolivo/files/2018/03/81_04.jpeg 1184w" sizes="(max-width: 300px) 100vw, 300px" /></a></p>
<p>Hasta la próxima 😉</p>

<p>Martín y Vera, de 1º y 6º de Educación Primaria, nos han traído esta mañana unas fotos en las que aparecen sus padres, que como ellos, también son parte de nuestro colegio y estuvieron&#46;&#46;&#46;</p>
