{"id":3171,"date":"2018-03-30T10:58:01","date_gmt":"2018-03-30T10:58:01","guid":{"rendered":"https:\/\/blogsaverroes.juntadeandalucia.es\/ceipelolivo\/?page_id=3171"},"modified":"2018-03-30T10:58:01","modified_gmt":"2018-03-30T10:58:01","slug":"generacion-del-91","status":"publish","type":"page","link":"https:\/\/blogsaverroes.juntadeandalucia.es\/ceipelolivo\/generacion-del-91\/","title":{"rendered":"Generaci\u00f3n del 91"},"content":{"rendered":"<p style=\"text-align: justify\">Hay muy pocos cursos de la \u00e9poca anterior al a\u00f1o 2000 de los que tengamos fotos de la etapa de preescolar, sin embargo de los ni\u00f1os y ni\u00f1as que nacieron en 1991 tuvimos la suerte de encontrar unos cuantos negativos que hemos podido rescatar y que para estar mojados la verdad es que no han quedado muy mal:<\/p>\n<p><a href=\"https:\/\/blogsaverroes.juntadeandalucia.es\/ceipelolivo\/files\/2018\/03\/1991_03.jpg\" target=\"_blank\" rel=\"noopener\"><img loading=\"lazy\" decoding=\"async\" class=\"alignnone wp-image-3173 size-medium\" src=\"https:\/\/blogsaverroes.juntadeandalucia.es\/ceipelolivo\/files\/2018\/03\/1991_03-300x191.jpg\" alt=\"\" width=\"300\" height=\"191\" srcset=\"https:\/\/blogsaverroes.juntadeandalucia.es\/ceipelolivo\/files\/2018\/03\/1991_03-300x191.jpg 300w, https:\/\/blogsaverroes.juntadeandalucia.es\/ceipelolivo\/files\/2018\/03\/1991_03-768x489.jpg 768w, https:\/\/blogsaverroes.juntadeandalucia.es\/ceipelolivo\/files\/2018\/03\/1991_03-1024x652.jpg 1024w, https:\/\/blogsaverroes.juntadeandalucia.es\/ceipelolivo\/files\/2018\/03\/1991_03-700x446.jpg 700w, https:\/\/blogsaverroes.juntadeandalucia.es\/ceipelolivo\/files\/2018\/03\/1991_03-24x15.jpg 24w, https:\/\/blogsaverroes.juntadeandalucia.es\/ceipelolivo\/files\/2018\/03\/1991_03-36x23.jpg 36w, https:\/\/blogsaverroes.juntadeandalucia.es\/ceipelolivo\/files\/2018\/03\/1991_03-48x31.jpg 48w, https:\/\/blogsaverroes.juntadeandalucia.es\/ceipelolivo\/files\/2018\/03\/1991_03.jpg 1600w\" sizes=\"(max-width: 300px) 100vw, 300px\" \/><\/a> <a href=\"https:\/\/blogsaverroes.juntadeandalucia.es\/ceipelolivo\/files\/2018\/03\/1991_04.jpg\" target=\"_blank\" rel=\"noopener\"><img loading=\"lazy\" decoding=\"async\" class=\"alignnone wp-image-3174 size-medium\" src=\"https:\/\/blogsaverroes.juntadeandalucia.es\/ceipelolivo\/files\/2018\/03\/1991_04-300x191.jpg\" alt=\"\" width=\"300\" height=\"191\" srcset=\"https:\/\/blogsaverroes.juntadeandalucia.es\/ceipelolivo\/files\/2018\/03\/1991_04-300x191.jpg 300w, https:\/\/blogsaverroes.juntadeandalucia.es\/ceipelolivo\/files\/2018\/03\/1991_04-768x489.jpg 768w, https:\/\/blogsaverroes.juntadeandalucia.es\/ceipelolivo\/files\/2018\/03\/1991_04-1024x652.jpg 1024w, https:\/\/blogsaverroes.juntadeandalucia.es\/ceipelolivo\/files\/2018\/03\/1991_04-700x446.jpg 700w, https:\/\/blogsaverroes.juntadeandalucia.es\/ceipelolivo\/files\/2018\/03\/1991_04-24x15.jpg 24w, https:\/\/blogsaverroes.juntadeandalucia.es\/ceipelolivo\/files\/2018\/03\/1991_04-36x23.jpg 36w, https:\/\/blogsaverroes.juntadeandalucia.es\/ceipelolivo\/files\/2018\/03\/1991_04-48x31.jpg 48w, https:\/\/blogsaverroes.juntadeandalucia.es\/ceipelolivo\/files\/2018\/03\/1991_04.jpg 1600w\" sizes=\"(max-width: 300px) 100vw, 300px\" \/><\/a> <a href=\"https:\/\/blogsaverroes.juntadeandalucia.es\/ceipelolivo\/files\/2018\/03\/1991_05.jpg\" target=\"_blank\" rel=\"noopener\"><img loading=\"lazy\" decoding=\"async\" class=\"aligncenter wp-image-3175 size-medium\" src=\"https:\/\/blogsaverroes.juntadeandalucia.es\/ceipelolivo\/files\/2018\/03\/1991_05-300x191.jpg\" alt=\"\" width=\"300\" height=\"191\" srcset=\"https:\/\/blogsaverroes.juntadeandalucia.es\/ceipelolivo\/files\/2018\/03\/1991_05-300x191.jpg 300w, https:\/\/blogsaverroes.juntadeandalucia.es\/ceipelolivo\/files\/2018\/03\/1991_05-768x489.jpg 768w, https:\/\/blogsaverroes.juntadeandalucia.es\/ceipelolivo\/files\/2018\/03\/1991_05-1024x652.jpg 1024w, https:\/\/blogsaverroes.juntadeandalucia.es\/ceipelolivo\/files\/2018\/03\/1991_05-700x446.jpg 700w, https:\/\/blogsaverroes.juntadeandalucia.es\/ceipelolivo\/files\/2018\/03\/1991_05-24x15.jpg 24w, https:\/\/blogsaverroes.juntadeandalucia.es\/ceipelolivo\/files\/2018\/03\/1991_05-36x23.jpg 36w, https:\/\/blogsaverroes.juntadeandalucia.es\/ceipelolivo\/files\/2018\/03\/1991_05-48x31.jpg 48w, https:\/\/blogsaverroes.juntadeandalucia.es\/ceipelolivo\/files\/2018\/03\/1991_05.jpg 1600w\" sizes=\"(max-width: 300px) 100vw, 300px\" \/><\/a><\/p>\n<p style=\"text-align: justify\">En 1991 perdimos al grand\u00edsimo Freddie Mercury, pero en Torredonjimeno apareci\u00f3 una generaci\u00f3n espectacular, que nos ha dado muchas alegr\u00edas y que nos ha ense\u00f1ado lo que significa la <strong>Igualdad<\/strong> con may\u00fasculas y el <strong>Amor<\/strong> sin condiciones:<\/p>\n<p><a href=\"https:\/\/blogsaverroes.juntadeandalucia.es\/ceipelolivo\/files\/2018\/03\/1991_01.jpg\" target=\"_blank\" rel=\"noopener\"><img loading=\"lazy\" decoding=\"async\" class=\"aligncenter wp-image-3176 size-medium\" src=\"https:\/\/blogsaverroes.juntadeandalucia.es\/ceipelolivo\/files\/2018\/03\/1991_01-300x236.jpg\" alt=\"\" width=\"300\" height=\"236\" srcset=\"https:\/\/blogsaverroes.juntadeandalucia.es\/ceipelolivo\/files\/2018\/03\/1991_01-300x236.jpg 300w, https:\/\/blogsaverroes.juntadeandalucia.es\/ceipelolivo\/files\/2018\/03\/1991_01-768x605.jpg 768w, https:\/\/blogsaverroes.juntadeandalucia.es\/ceipelolivo\/files\/2018\/03\/1991_01-1024x807.jpg 1024w, https:\/\/blogsaverroes.juntadeandalucia.es\/ceipelolivo\/files\/2018\/03\/1991_01-700x552.jpg 700w, https:\/\/blogsaverroes.juntadeandalucia.es\/ceipelolivo\/files\/2018\/03\/1991_01-24x19.jpg 24w, https:\/\/blogsaverroes.juntadeandalucia.es\/ceipelolivo\/files\/2018\/03\/1991_01-36x28.jpg 36w, https:\/\/blogsaverroes.juntadeandalucia.es\/ceipelolivo\/files\/2018\/03\/1991_01-48x38.jpg 48w, https:\/\/blogsaverroes.juntadeandalucia.es\/ceipelolivo\/files\/2018\/03\/1991_01.jpg 1600w\" sizes=\"(max-width: 300px) 100vw, 300px\" \/><\/a>Estad atentos y atentas, ya que subiremos m\u00e1s fotos \ud83d\ude09<\/p>\n","protected":false},"excerpt":{"rendered":"<p>Hay muy pocos cursos de la \u00e9poca anterior al a\u00f1o 2000 de los que tengamos fotos de la etapa de preescolar, sin embargo de los ni\u00f1os y ni\u00f1as que nacieron en 1991 tuvimos la&#46;&#46;&#46;<\/p>\n","protected":false},"author":5889,"featured_media":0,"parent":0,"menu_order":0,"comment_status":"closed","ping_status":"closed","template":"","meta":{"ngg_post_thumbnail":0,"footnotes":"","_mc_calendar":[]},"aioseo_notices":[],"_links":{"self":[{"href":"https:\/\/blogsaverroes.juntadeandalucia.es\/ceipelolivo\/wp-json\/wp\/v2\/pages\/3171"}],"collection":[{"href":"https:\/\/blogsaverroes.juntadeandalucia.es\/ceipelolivo\/wp-json\/wp\/v2\/pages"}],"about":[{"href":"https:\/\/blogsaverroes.juntadeandalucia.es\/ceipelolivo\/wp-json\/wp\/v2\/types\/page"}],"author":[{"embeddable":true,"href":"https:\/\/blogsaverroes.juntadeandalucia.es\/ceipelolivo\/wp-json\/wp\/v2\/users\/5889"}],"replies":[{"embeddable":true,"href":"https:\/\/blogsaverroes.juntadeandalucia.es\/ceipelolivo\/wp-json\/wp\/v2\/comments?post=3171"}],"version-history":[{"count":2,"href":"https:\/\/blogsaverroes.juntadeandalucia.es\/ceipelolivo\/wp-json\/wp\/v2\/pages\/3171\/revisions"}],"predecessor-version":[{"id":3177,"href":"https:\/\/blogsaverroes.juntadeandalucia.es\/ceipelolivo\/wp-json\/wp\/v2\/pages\/3171\/revisions\/3177"}],"wp:attachment":[{"href":"https:\/\/blogsaverroes.juntadeandalucia.es\/ceipelolivo\/wp-json\/wp\/v2\/media?parent=3171"}],"curies":[{"name":"wp","href":"https:\/\/api.w.org\/{rel}","templated":true}]}}

Generación del 91

<p style="text-align: justify">Hay muy pocos cursos de la época anterior al año 2000 de los que tengamos fotos de la etapa de preescolar, sin embargo de los niños y niñas que nacieron en 1991 tuvimos la suerte de encontrar unos cuantos negativos que hemos podido rescatar y que para estar mojados la verdad es que no han quedado muy mal:</p>
<p><a href="https://blogsaverroes.juntadeandalucia.es/ceipelolivo/files/2018/03/1991_03.jpg" target="_blank" rel="noopener"><img loading="lazy" decoding="async" class="alignnone wp-image-3173 size-medium" src="https://blogsaverroes.juntadeandalucia.es/ceipelolivo/files/2018/03/1991_03-300x191.jpg" alt="" width="300" height="191" srcset="https://blogsaverroes.juntadeandalucia.es/ceipelolivo/files/2018/03/1991_03-300x191.jpg 300w, https://blogsaverroes.juntadeandalucia.es/ceipelolivo/files/2018/03/1991_03-768x489.jpg 768w, https://blogsaverroes.juntadeandalucia.es/ceipelolivo/files/2018/03/1991_03-1024x652.jpg 1024w, https://blogsaverroes.juntadeandalucia.es/ceipelolivo/files/2018/03/1991_03-700x446.jpg 700w, https://blogsaverroes.juntadeandalucia.es/ceipelolivo/files/2018/03/1991_03-24x15.jpg 24w, https://blogsaverroes.juntadeandalucia.es/ceipelolivo/files/2018/03/1991_03-36x23.jpg 36w, https://blogsaverroes.juntadeandalucia.es/ceipelolivo/files/2018/03/1991_03-48x31.jpg 48w, https://blogsaverroes.juntadeandalucia.es/ceipelolivo/files/2018/03/1991_03.jpg 1600w" sizes="(max-width: 300px) 100vw, 300px" /></a> <a href="https://blogsaverroes.juntadeandalucia.es/ceipelolivo/files/2018/03/1991_04.jpg" target="_blank" rel="noopener"><img loading="lazy" decoding="async" class="alignnone wp-image-3174 size-medium" src="https://blogsaverroes.juntadeandalucia.es/ceipelolivo/files/2018/03/1991_04-300x191.jpg" alt="" width="300" height="191" srcset="https://blogsaverroes.juntadeandalucia.es/ceipelolivo/files/2018/03/1991_04-300x191.jpg 300w, https://blogsaverroes.juntadeandalucia.es/ceipelolivo/files/2018/03/1991_04-768x489.jpg 768w, https://blogsaverroes.juntadeandalucia.es/ceipelolivo/files/2018/03/1991_04-1024x652.jpg 1024w, https://blogsaverroes.juntadeandalucia.es/ceipelolivo/files/2018/03/1991_04-700x446.jpg 700w, https://blogsaverroes.juntadeandalucia.es/ceipelolivo/files/2018/03/1991_04-24x15.jpg 24w, https://blogsaverroes.juntadeandalucia.es/ceipelolivo/files/2018/03/1991_04-36x23.jpg 36w, https://blogsaverroes.juntadeandalucia.es/ceipelolivo/files/2018/03/1991_04-48x31.jpg 48w, https://blogsaverroes.juntadeandalucia.es/ceipelolivo/files/2018/03/1991_04.jpg 1600w" sizes="(max-width: 300px) 100vw, 300px" /></a> <a href="https://blogsaverroes.juntadeandalucia.es/ceipelolivo/files/2018/03/1991_05.jpg" target="_blank" rel="noopener"><img loading="lazy" decoding="async" class="aligncenter wp-image-3175 size-medium" src="https://blogsaverroes.juntadeandalucia.es/ceipelolivo/files/2018/03/1991_05-300x191.jpg" alt="" width="300" height="191" srcset="https://blogsaverroes.juntadeandalucia.es/ceipelolivo/files/2018/03/1991_05-300x191.jpg 300w, https://blogsaverroes.juntadeandalucia.es/ceipelolivo/files/2018/03/1991_05-768x489.jpg 768w, https://blogsaverroes.juntadeandalucia.es/ceipelolivo/files/2018/03/1991_05-1024x652.jpg 1024w, https://blogsaverroes.juntadeandalucia.es/ceipelolivo/files/2018/03/1991_05-700x446.jpg 700w, https://blogsaverroes.juntadeandalucia.es/ceipelolivo/files/2018/03/1991_05-24x15.jpg 24w, https://blogsaverroes.juntadeandalucia.es/ceipelolivo/files/2018/03/1991_05-36x23.jpg 36w, https://blogsaverroes.juntadeandalucia.es/ceipelolivo/files/2018/03/1991_05-48x31.jpg 48w, https://blogsaverroes.juntadeandalucia.es/ceipelolivo/files/2018/03/1991_05.jpg 1600w" sizes="(max-width: 300px) 100vw, 300px" /></a></p>
<p style="text-align: justify">En 1991 perdimos al grandísimo Freddie Mercury, pero en Torredonjimeno apareció una generación espectacular, que nos ha dado muchas alegrías y que nos ha enseñado lo que significa la <strong>Igualdad</strong> con mayúsculas y el <strong>Amor</strong> sin condiciones:</p>
<p><a href="https://blogsaverroes.juntadeandalucia.es/ceipelolivo/files/2018/03/1991_01.jpg" target="_blank" rel="noopener"><img loading="lazy" decoding="async" class="aligncenter wp-image-3176 size-medium" src="https://blogsaverroes.juntadeandalucia.es/ceipelolivo/files/2018/03/1991_01-300x236.jpg" alt="" width="300" height="236" srcset="https://blogsaverroes.juntadeandalucia.es/ceipelolivo/files/2018/03/1991_01-300x236.jpg 300w, https://blogsaverroes.juntadeandalucia.es/ceipelolivo/files/2018/03/1991_01-768x605.jpg 768w, https://blogsaverroes.juntadeandalucia.es/ceipelolivo/files/2018/03/1991_01-1024x807.jpg 1024w, https://blogsaverroes.juntadeandalucia.es/ceipelolivo/files/2018/03/1991_01-700x552.jpg 700w, https://blogsaverroes.juntadeandalucia.es/ceipelolivo/files/2018/03/1991_01-24x19.jpg 24w, https://blogsaverroes.juntadeandalucia.es/ceipelolivo/files/2018/03/1991_01-36x28.jpg 36w, https://blogsaverroes.juntadeandalucia.es/ceipelolivo/files/2018/03/1991_01-48x38.jpg 48w, https://blogsaverroes.juntadeandalucia.es/ceipelolivo/files/2018/03/1991_01.jpg 1600w" sizes="(max-width: 300px) 100vw, 300px" /></a>Estad atentos y atentas, ya que subiremos más fotos 😉</p>

<p>Hay muy pocos cursos de la época anterior al año 2000 de los que tengamos fotos de la etapa de preescolar, sin embargo de los niños y niñas que nacieron en 1991 tuvimos la&#46;&#46;&#46;</p>
