{"id":3332,"date":"2018-04-07T19:33:22","date_gmt":"2018-04-07T19:33:22","guid":{"rendered":"https:\/\/blogsaverroes.juntadeandalucia.es\/ceipelolivo\/?page_id=3332"},"modified":"2018-04-07T19:47:46","modified_gmt":"2018-04-07T19:47:46","slug":"generacion-del-77","status":"publish","type":"page","link":"https:\/\/blogsaverroes.juntadeandalucia.es\/ceipelolivo\/generacion-del-77\/","title":{"rendered":"Generaci\u00f3n del 77"},"content":{"rendered":"<p style=\"text-align: justify\">Una de las fotos que seguro que tienen todos los alumnos y alumnas de nuestro centro, es la que nos hac\u00edan en el viaje a Madrid durante la visita al Congreso de los Diputados. Bueno hasta que aparece la ESO claro est\u00e1&#8230;<\/p>\n<p style=\"text-align: justify\">Este viaje sol\u00eda ser compartido con algunos colegios, sobre todo Puerta de Martos y Jos\u00e9 Yanguas Mess\u00eda (Esca\u00f1uela). Y significaba el fin de una etapa y el comienzo de otra, puesto que se hac\u00eda en Octavo de EGB.<\/p>\n<p style=\"text-align: justify\">Bonitos recuerdos que queremos compartir con toda una generaci\u00f3n y que queremos conservar como un pedacito de nuestra historia como colegio:<\/p>\n<div id=\"attachment_3335\" style=\"width: 670px\" class=\"wp-caption aligncenter\"><a href=\"https:\/\/blogsaverroes.juntadeandalucia.es\/ceipelolivo\/files\/2018\/04\/Generaci\u00f3n-1977_Madrid.jpg\" target=\"_blank\" rel=\"noopener\"><img loading=\"lazy\" decoding=\"async\" aria-describedby=\"caption-attachment-3335\" class=\"wp-image-3335 size-large\" src=\"https:\/\/blogsaverroes.juntadeandalucia.es\/ceipelolivo\/files\/2018\/04\/Generaci\u00f3n-1977_Madrid-1024x838.jpg\" alt=\"\" width=\"660\" height=\"540\" srcset=\"https:\/\/blogsaverroes.juntadeandalucia.es\/ceipelolivo\/files\/2018\/04\/Generaci\u00f3n-1977_Madrid-1024x838.jpg 1024w, https:\/\/blogsaverroes.juntadeandalucia.es\/ceipelolivo\/files\/2018\/04\/Generaci\u00f3n-1977_Madrid-300x245.jpg 300w, https:\/\/blogsaverroes.juntadeandalucia.es\/ceipelolivo\/files\/2018\/04\/Generaci\u00f3n-1977_Madrid-768x628.jpg 768w, https:\/\/blogsaverroes.juntadeandalucia.es\/ceipelolivo\/files\/2018\/04\/Generaci\u00f3n-1977_Madrid-700x573.jpg 700w, https:\/\/blogsaverroes.juntadeandalucia.es\/ceipelolivo\/files\/2018\/04\/Generaci\u00f3n-1977_Madrid-24x20.jpg 24w, https:\/\/blogsaverroes.juntadeandalucia.es\/ceipelolivo\/files\/2018\/04\/Generaci\u00f3n-1977_Madrid-36x29.jpg 36w, https:\/\/blogsaverroes.juntadeandalucia.es\/ceipelolivo\/files\/2018\/04\/Generaci\u00f3n-1977_Madrid-48x39.jpg 48w, https:\/\/blogsaverroes.juntadeandalucia.es\/ceipelolivo\/files\/2018\/04\/Generaci\u00f3n-1977_Madrid.jpg 1600w\" sizes=\"(max-width: 660px) 100vw, 660px\" \/><\/a><p id=\"caption-attachment-3335\" class=\"wp-caption-text\">Visita al Congreso de los Diputados. Madrid.<\/p><\/div>\n<p style=\"text-align: justify\">Y aqu\u00ed os dejamos con la generaci\u00f3n de 1977, grandes alumnos y alumnas, aunque decimos con mucha pena que algun@s ya no est\u00e1n con nosotros. Acompa\u00f1\u00e1ndolos, dos magn\u00edficos profesionales de la ense\u00f1anza; Don Luis Cimadevilla, al que echamos de menos todos los d\u00edas en nuestro colegio y Don Gabriel R\u00edsquez, que ha inculcado su amor por el deporte a muchas generaciones del Olivo:<\/p>\n<div id=\"attachment_3336\" style=\"width: 670px\" class=\"wp-caption aligncenter\"><a href=\"https:\/\/blogsaverroes.juntadeandalucia.es\/ceipelolivo\/files\/2018\/04\/Generaci\u00f3n-1977.jpg\" target=\"_blank\" rel=\"noopener\"><img loading=\"lazy\" decoding=\"async\" aria-describedby=\"caption-attachment-3336\" class=\"wp-image-3336 size-large\" src=\"https:\/\/blogsaverroes.juntadeandalucia.es\/ceipelolivo\/files\/2018\/04\/Generaci\u00f3n-1977-1024x794.jpg\" alt=\"\" width=\"660\" height=\"512\" srcset=\"https:\/\/blogsaverroes.juntadeandalucia.es\/ceipelolivo\/files\/2018\/04\/Generaci\u00f3n-1977-1024x794.jpg 1024w, https:\/\/blogsaverroes.juntadeandalucia.es\/ceipelolivo\/files\/2018\/04\/Generaci\u00f3n-1977-300x233.jpg 300w, https:\/\/blogsaverroes.juntadeandalucia.es\/ceipelolivo\/files\/2018\/04\/Generaci\u00f3n-1977-768x596.jpg 768w, https:\/\/blogsaverroes.juntadeandalucia.es\/ceipelolivo\/files\/2018\/04\/Generaci\u00f3n-1977-700x543.jpg 700w, https:\/\/blogsaverroes.juntadeandalucia.es\/ceipelolivo\/files\/2018\/04\/Generaci\u00f3n-1977-24x19.jpg 24w, https:\/\/blogsaverroes.juntadeandalucia.es\/ceipelolivo\/files\/2018\/04\/Generaci\u00f3n-1977-36x28.jpg 36w, https:\/\/blogsaverroes.juntadeandalucia.es\/ceipelolivo\/files\/2018\/04\/Generaci\u00f3n-1977-48x37.jpg 48w, https:\/\/blogsaverroes.juntadeandalucia.es\/ceipelolivo\/files\/2018\/04\/Generaci\u00f3n-1977.jpg 1600w\" sizes=\"(max-width: 660px) 100vw, 660px\" \/><\/a><p id=\"caption-attachment-3336\" class=\"wp-caption-text\">Generaci\u00f3n de 1977.<\/p><\/div>\n","protected":false},"excerpt":{"rendered":"<p>Una de las fotos que seguro que tienen todos los alumnos y alumnas de nuestro centro, es la que nos hac\u00edan en el viaje a Madrid durante la visita al Congreso de los Diputados.&#46;&#46;&#46;<\/p>\n","protected":false},"author":5889,"featured_media":0,"parent":0,"menu_order":0,"comment_status":"closed","ping_status":"closed","template":"","meta":{"ngg_post_thumbnail":0,"footnotes":"","_mc_calendar":[]},"aioseo_notices":[],"_links":{"self":[{"href":"https:\/\/blogsaverroes.juntadeandalucia.es\/ceipelolivo\/wp-json\/wp\/v2\/pages\/3332"}],"collection":[{"href":"https:\/\/blogsaverroes.juntadeandalucia.es\/ceipelolivo\/wp-json\/wp\/v2\/pages"}],"about":[{"href":"https:\/\/blogsaverroes.juntadeandalucia.es\/ceipelolivo\/wp-json\/wp\/v2\/types\/page"}],"author":[{"embeddable":true,"href":"https:\/\/blogsaverroes.juntadeandalucia.es\/ceipelolivo\/wp-json\/wp\/v2\/users\/5889"}],"replies":[{"embeddable":true,"href":"https:\/\/blogsaverroes.juntadeandalucia.es\/ceipelolivo\/wp-json\/wp\/v2\/comments?post=3332"}],"version-history":[{"count":4,"href":"https:\/\/blogsaverroes.juntadeandalucia.es\/ceipelolivo\/wp-json\/wp\/v2\/pages\/3332\/revisions"}],"predecessor-version":[{"id":3338,"href":"https:\/\/blogsaverroes.juntadeandalucia.es\/ceipelolivo\/wp-json\/wp\/v2\/pages\/3332\/revisions\/3338"}],"wp:attachment":[{"href":"https:\/\/blogsaverroes.juntadeandalucia.es\/ceipelolivo\/wp-json\/wp\/v2\/media?parent=3332"}],"curies":[{"name":"wp","href":"https:\/\/api.w.org\/{rel}","templated":true}]}}

Generación del 77

<p style="text-align: justify">Una de las fotos que seguro que tienen todos los alumnos y alumnas de nuestro centro, es la que nos hacían en el viaje a Madrid durante la visita al Congreso de los Diputados. Bueno hasta que aparece la ESO claro está&#8230;</p>
<p style="text-align: justify">Este viaje solía ser compartido con algunos colegios, sobre todo Puerta de Martos y José Yanguas Messía (Escañuela). Y significaba el fin de una etapa y el comienzo de otra, puesto que se hacía en Octavo de EGB.</p>
<p style="text-align: justify">Bonitos recuerdos que queremos compartir con toda una generación y que queremos conservar como un pedacito de nuestra historia como colegio:</p>
<div id="attachment_3335" style="width: 670px" class="wp-caption aligncenter"><a href="https://blogsaverroes.juntadeandalucia.es/ceipelolivo/files/2018/04/Generación-1977_Madrid.jpg" target="_blank" rel="noopener"><img loading="lazy" decoding="async" aria-describedby="caption-attachment-3335" class="wp-image-3335 size-large" src="https://blogsaverroes.juntadeandalucia.es/ceipelolivo/files/2018/04/Generación-1977_Madrid-1024x838.jpg" alt="" width="660" height="540" srcset="https://blogsaverroes.juntadeandalucia.es/ceipelolivo/files/2018/04/Generación-1977_Madrid-1024x838.jpg 1024w, https://blogsaverroes.juntadeandalucia.es/ceipelolivo/files/2018/04/Generación-1977_Madrid-300x245.jpg 300w, https://blogsaverroes.juntadeandalucia.es/ceipelolivo/files/2018/04/Generación-1977_Madrid-768x628.jpg 768w, https://blogsaverroes.juntadeandalucia.es/ceipelolivo/files/2018/04/Generación-1977_Madrid-700x573.jpg 700w, https://blogsaverroes.juntadeandalucia.es/ceipelolivo/files/2018/04/Generación-1977_Madrid-24x20.jpg 24w, https://blogsaverroes.juntadeandalucia.es/ceipelolivo/files/2018/04/Generación-1977_Madrid-36x29.jpg 36w, https://blogsaverroes.juntadeandalucia.es/ceipelolivo/files/2018/04/Generación-1977_Madrid-48x39.jpg 48w, https://blogsaverroes.juntadeandalucia.es/ceipelolivo/files/2018/04/Generación-1977_Madrid.jpg 1600w" sizes="(max-width: 660px) 100vw, 660px" /></a><p id="caption-attachment-3335" class="wp-caption-text">Visita al Congreso de los Diputados. Madrid.</p></div>
<p style="text-align: justify">Y aquí os dejamos con la generación de 1977, grandes alumnos y alumnas, aunque decimos con mucha pena que algun@s ya no están con nosotros. Acompañándolos, dos magníficos profesionales de la enseñanza; Don Luis Cimadevilla, al que echamos de menos todos los días en nuestro colegio y Don Gabriel Rísquez, que ha inculcado su amor por el deporte a muchas generaciones del Olivo:</p>
<div id="attachment_3336" style="width: 670px" class="wp-caption aligncenter"><a href="https://blogsaverroes.juntadeandalucia.es/ceipelolivo/files/2018/04/Generación-1977.jpg" target="_blank" rel="noopener"><img loading="lazy" decoding="async" aria-describedby="caption-attachment-3336" class="wp-image-3336 size-large" src="https://blogsaverroes.juntadeandalucia.es/ceipelolivo/files/2018/04/Generación-1977-1024x794.jpg" alt="" width="660" height="512" srcset="https://blogsaverroes.juntadeandalucia.es/ceipelolivo/files/2018/04/Generación-1977-1024x794.jpg 1024w, https://blogsaverroes.juntadeandalucia.es/ceipelolivo/files/2018/04/Generación-1977-300x233.jpg 300w, https://blogsaverroes.juntadeandalucia.es/ceipelolivo/files/2018/04/Generación-1977-768x596.jpg 768w, https://blogsaverroes.juntadeandalucia.es/ceipelolivo/files/2018/04/Generación-1977-700x543.jpg 700w, https://blogsaverroes.juntadeandalucia.es/ceipelolivo/files/2018/04/Generación-1977-24x19.jpg 24w, https://blogsaverroes.juntadeandalucia.es/ceipelolivo/files/2018/04/Generación-1977-36x28.jpg 36w, https://blogsaverroes.juntadeandalucia.es/ceipelolivo/files/2018/04/Generación-1977-48x37.jpg 48w, https://blogsaverroes.juntadeandalucia.es/ceipelolivo/files/2018/04/Generación-1977.jpg 1600w" sizes="(max-width: 660px) 100vw, 660px" /></a><p id="caption-attachment-3336" class="wp-caption-text">Generación de 1977.</p></div>

<p>Una de las fotos que seguro que tienen todos los alumnos y alumnas de nuestro centro, es la que nos hacían en el viaje a Madrid durante la visita al Congreso de los Diputados.&#46;&#46;&#46;</p>
