{"id":3376,"date":"2018-04-11T18:25:04","date_gmt":"2018-04-11T18:25:04","guid":{"rendered":"https:\/\/blogsaverroes.juntadeandalucia.es\/ceipelolivo\/?page_id=3376"},"modified":"2018-05-02T18:47:07","modified_gmt":"2018-05-02T18:47:07","slug":"generacion-del-78","status":"publish","type":"page","link":"https:\/\/blogsaverroes.juntadeandalucia.es\/ceipelolivo\/generacion-del-78\/","title":{"rendered":"Generaci\u00f3n del 78"},"content":{"rendered":"<p style=\"text-align: justify\">Esta generaci\u00f3n le toca muy de cerca al que os escribe. En esta foto aparecen algunos de los que todav\u00eda hoy d\u00eda son mis amigos. Y qui\u00e9n me iba a decir a mi, que quer\u00eda ser futbolista, que alg\u00fan d\u00eda ser\u00eda el maestro de los hijos e hijas de mis compa\u00f1er@s de clase&#8230; Tambi\u00e9n echamos de menos a alg\u00fan compa\u00f1ero. D.E.P.<\/p>\n<p style=\"text-align: justify\">Nos acompa\u00f1a Don Salvador Carmona, un gran maestro que nos inculc\u00f3 su amor por la lectura. Un d\u00eda en clase nos cont\u00f3 que se ley\u00f3 \u00abEl Ocho\u00bb de Katherine Neville en una sola noche&#8230;<\/p>\n<p><a href=\"https:\/\/blogsaverroes.juntadeandalucia.es\/ceipelolivo\/files\/2018\/04\/Foto-2-12-16-22-19-56.jpg\" target=\"_blank\" rel=\"noopener\"><img loading=\"lazy\" decoding=\"async\" class=\"aligncenter wp-image-3377 size-large\" src=\"https:\/\/blogsaverroes.juntadeandalucia.es\/ceipelolivo\/files\/2018\/04\/Foto-2-12-16-22-19-56-1024x833.jpg\" alt=\"\" width=\"660\" height=\"537\" srcset=\"https:\/\/blogsaverroes.juntadeandalucia.es\/ceipelolivo\/files\/2018\/04\/Foto-2-12-16-22-19-56-1024x833.jpg 1024w, https:\/\/blogsaverroes.juntadeandalucia.es\/ceipelolivo\/files\/2018\/04\/Foto-2-12-16-22-19-56-300x244.jpg 300w, https:\/\/blogsaverroes.juntadeandalucia.es\/ceipelolivo\/files\/2018\/04\/Foto-2-12-16-22-19-56-768x625.jpg 768w, https:\/\/blogsaverroes.juntadeandalucia.es\/ceipelolivo\/files\/2018\/04\/Foto-2-12-16-22-19-56-700x569.jpg 700w, https:\/\/blogsaverroes.juntadeandalucia.es\/ceipelolivo\/files\/2018\/04\/Foto-2-12-16-22-19-56-24x20.jpg 24w, https:\/\/blogsaverroes.juntadeandalucia.es\/ceipelolivo\/files\/2018\/04\/Foto-2-12-16-22-19-56-36x29.jpg 36w, https:\/\/blogsaverroes.juntadeandalucia.es\/ceipelolivo\/files\/2018\/04\/Foto-2-12-16-22-19-56-48x39.jpg 48w, https:\/\/blogsaverroes.juntadeandalucia.es\/ceipelolivo\/files\/2018\/04\/Foto-2-12-16-22-19-56.jpg 1137w\" sizes=\"(max-width: 660px) 100vw, 660px\" \/><\/a><\/p>\n<p style=\"text-align: justify\">Esta fue una de aquellas veces en que todo nos sali\u00f3 bien y no nos olvidamos de la letra de la canci\u00f3n&#8230; y m\u00e1s nos val\u00eda despu\u00e9s de lo que nos pas\u00f3 con la se\u00f1o Pepi, alguno todav\u00eda suda por las noches al recordar el copiado que nos mand\u00f3&#8230;<\/p>\n<p><a href=\"https:\/\/blogsaverroes.juntadeandalucia.es\/ceipelolivo\/files\/2018\/04\/Foto-2-12-16-23-30-07.jpg\" target=\"_blank\" rel=\"noopener\"><img loading=\"lazy\" decoding=\"async\" class=\"aligncenter wp-image-3378 size-large\" src=\"https:\/\/blogsaverroes.juntadeandalucia.es\/ceipelolivo\/files\/2018\/04\/Foto-2-12-16-23-30-07-1024x719.jpg\" alt=\"\" width=\"660\" height=\"463\" srcset=\"https:\/\/blogsaverroes.juntadeandalucia.es\/ceipelolivo\/files\/2018\/04\/Foto-2-12-16-23-30-07-1024x719.jpg 1024w, https:\/\/blogsaverroes.juntadeandalucia.es\/ceipelolivo\/files\/2018\/04\/Foto-2-12-16-23-30-07-300x211.jpg 300w, https:\/\/blogsaverroes.juntadeandalucia.es\/ceipelolivo\/files\/2018\/04\/Foto-2-12-16-23-30-07-768x539.jpg 768w, https:\/\/blogsaverroes.juntadeandalucia.es\/ceipelolivo\/files\/2018\/04\/Foto-2-12-16-23-30-07-700x492.jpg 700w, https:\/\/blogsaverroes.juntadeandalucia.es\/ceipelolivo\/files\/2018\/04\/Foto-2-12-16-23-30-07-24x17.jpg 24w, https:\/\/blogsaverroes.juntadeandalucia.es\/ceipelolivo\/files\/2018\/04\/Foto-2-12-16-23-30-07-36x25.jpg 36w, https:\/\/blogsaverroes.juntadeandalucia.es\/ceipelolivo\/files\/2018\/04\/Foto-2-12-16-23-30-07-48x34.jpg 48w, https:\/\/blogsaverroes.juntadeandalucia.es\/ceipelolivo\/files\/2018\/04\/Foto-2-12-16-23-30-07.jpg 1592w\" sizes=\"(max-width: 660px) 100vw, 660px\" \/><\/a><\/p>\n<p style=\"text-align: justify\">Los campeonatos escolares de aquella \u00e9poca eran geniales, ojal\u00e1 que podamos recuperarlos, ya que supon\u00edan un encuentro con compa\u00f1eros y compa\u00f1eras de otros colegios, se promocionaba el deporte y se compart\u00edan muy buenos momentos. Las camisetas todav\u00eda las tenemos guardadas en un armario&#8230;<\/p>\n<p><a href=\"https:\/\/blogsaverroes.juntadeandalucia.es\/ceipelolivo\/files\/2018\/04\/Foto-2-12-16-22-20-37.jpg\" target=\"_blank\" rel=\"noopener\"><img loading=\"lazy\" decoding=\"async\" class=\"aligncenter wp-image-3379 size-large\" src=\"https:\/\/blogsaverroes.juntadeandalucia.es\/ceipelolivo\/files\/2018\/04\/Foto-2-12-16-22-20-37-1024x677.jpg\" alt=\"\" width=\"660\" height=\"436\" srcset=\"https:\/\/blogsaverroes.juntadeandalucia.es\/ceipelolivo\/files\/2018\/04\/Foto-2-12-16-22-20-37-1024x677.jpg 1024w, https:\/\/blogsaverroes.juntadeandalucia.es\/ceipelolivo\/files\/2018\/04\/Foto-2-12-16-22-20-37-300x198.jpg 300w, https:\/\/blogsaverroes.juntadeandalucia.es\/ceipelolivo\/files\/2018\/04\/Foto-2-12-16-22-20-37-768x508.jpg 768w, https:\/\/blogsaverroes.juntadeandalucia.es\/ceipelolivo\/files\/2018\/04\/Foto-2-12-16-22-20-37-700x463.jpg 700w, https:\/\/blogsaverroes.juntadeandalucia.es\/ceipelolivo\/files\/2018\/04\/Foto-2-12-16-22-20-37-24x16.jpg 24w, https:\/\/blogsaverroes.juntadeandalucia.es\/ceipelolivo\/files\/2018\/04\/Foto-2-12-16-22-20-37-36x24.jpg 36w, https:\/\/blogsaverroes.juntadeandalucia.es\/ceipelolivo\/files\/2018\/04\/Foto-2-12-16-22-20-37-48x32.jpg 48w, https:\/\/blogsaverroes.juntadeandalucia.es\/ceipelolivo\/files\/2018\/04\/Foto-2-12-16-22-20-37.jpg 1159w\" sizes=\"(max-width: 660px) 100vw, 660px\" \/><\/a><\/p>\n<p style=\"text-align: justify\">Hemos encontrado la foto de Madrid, la que no puede faltar en la memoria de los que cursaron EGB:<\/p>\n<p><a href=\"https:\/\/blogsaverroes.juntadeandalucia.es\/ceipelolivo\/files\/2018\/04\/78_Madrid.jpg\" target=\"_blank\" rel=\"noopener\"><img loading=\"lazy\" decoding=\"async\" class=\"aligncenter wp-image-3555 size-large\" src=\"https:\/\/blogsaverroes.juntadeandalucia.es\/ceipelolivo\/files\/2018\/04\/78_Madrid-1024x824.jpg\" alt=\"\" width=\"660\" height=\"531\" srcset=\"https:\/\/blogsaverroes.juntadeandalucia.es\/ceipelolivo\/files\/2018\/04\/78_Madrid-1024x824.jpg 1024w, https:\/\/blogsaverroes.juntadeandalucia.es\/ceipelolivo\/files\/2018\/04\/78_Madrid-300x242.jpg 300w, https:\/\/blogsaverroes.juntadeandalucia.es\/ceipelolivo\/files\/2018\/04\/78_Madrid-768x618.jpg 768w, https:\/\/blogsaverroes.juntadeandalucia.es\/ceipelolivo\/files\/2018\/04\/78_Madrid-700x564.jpg 700w, https:\/\/blogsaverroes.juntadeandalucia.es\/ceipelolivo\/files\/2018\/04\/78_Madrid-24x19.jpg 24w, https:\/\/blogsaverroes.juntadeandalucia.es\/ceipelolivo\/files\/2018\/04\/78_Madrid-36x29.jpg 36w, https:\/\/blogsaverroes.juntadeandalucia.es\/ceipelolivo\/files\/2018\/04\/78_Madrid-48x39.jpg 48w, https:\/\/blogsaverroes.juntadeandalucia.es\/ceipelolivo\/files\/2018\/04\/78_Madrid.jpg 1600w\" sizes=\"(max-width: 660px) 100vw, 660px\" \/><\/a><\/p>\n<p style=\"text-align: justify\">A pesar de que nacimos el mismo a\u00f1o de la Constituci\u00f3n y de que Espa\u00f1a ya empezaba a modernizarse, hay muy pocas fotos en el colegio de esta generaci\u00f3n. A ver si alguien se anima y comparte alguna de las que tiene en casa&#8230;<\/p>\n<p style=\"text-align: justify\">Nuestro correo: 23004008.edu@juntadeandalucia.es<\/p>\n<p style=\"text-align: justify\">Hasta la pr\u00f3xima \ud83d\ude09<\/p>\n","protected":false},"excerpt":{"rendered":"<p>Esta generaci\u00f3n le toca muy de cerca al que os escribe. En esta foto aparecen algunos de los que todav\u00eda hoy d\u00eda son mis amigos. Y qui\u00e9n me iba a decir a mi, que&#46;&#46;&#46;<\/p>\n","protected":false},"author":6073,"featured_media":0,"parent":0,"menu_order":0,"comment_status":"closed","ping_status":"closed","template":"","meta":{"ngg_post_thumbnail":0,"footnotes":"","_mc_calendar":[]},"aioseo_notices":[],"_links":{"self":[{"href":"https:\/\/blogsaverroes.juntadeandalucia.es\/ceipelolivo\/wp-json\/wp\/v2\/pages\/3376"}],"collection":[{"href":"https:\/\/blogsaverroes.juntadeandalucia.es\/ceipelolivo\/wp-json\/wp\/v2\/pages"}],"about":[{"href":"https:\/\/blogsaverroes.juntadeandalucia.es\/ceipelolivo\/wp-json\/wp\/v2\/types\/page"}],"author":[{"embeddable":true,"href":"https:\/\/blogsaverroes.juntadeandalucia.es\/ceipelolivo\/wp-json\/wp\/v2\/users\/6073"}],"replies":[{"embeddable":true,"href":"https:\/\/blogsaverroes.juntadeandalucia.es\/ceipelolivo\/wp-json\/wp\/v2\/comments?post=3376"}],"version-history":[{"count":5,"href":"https:\/\/blogsaverroes.juntadeandalucia.es\/ceipelolivo\/wp-json\/wp\/v2\/pages\/3376\/revisions"}],"predecessor-version":[{"id":3556,"href":"https:\/\/blogsaverroes.juntadeandalucia.es\/ceipelolivo\/wp-json\/wp\/v2\/pages\/3376\/revisions\/3556"}],"wp:attachment":[{"href":"https:\/\/blogsaverroes.juntadeandalucia.es\/ceipelolivo\/wp-json\/wp\/v2\/media?parent=3376"}],"curies":[{"name":"wp","href":"https:\/\/api.w.org\/{rel}","templated":true}]}}

Generación del 78

<p style="text-align: justify">Esta generación le toca muy de cerca al que os escribe. En esta foto aparecen algunos de los que todavía hoy día son mis amigos. Y quién me iba a decir a mi, que quería ser futbolista, que algún día sería el maestro de los hijos e hijas de mis compañer@s de clase&#8230; También echamos de menos a algún compañero. D.E.P.</p>
<p style="text-align: justify">Nos acompaña Don Salvador Carmona, un gran maestro que nos inculcó su amor por la lectura. Un día en clase nos contó que se leyó «El Ocho» de Katherine Neville en una sola noche&#8230;</p>
<p><a href="https://blogsaverroes.juntadeandalucia.es/ceipelolivo/files/2018/04/Foto-2-12-16-22-19-56.jpg" target="_blank" rel="noopener"><img loading="lazy" decoding="async" class="aligncenter wp-image-3377 size-large" src="https://blogsaverroes.juntadeandalucia.es/ceipelolivo/files/2018/04/Foto-2-12-16-22-19-56-1024x833.jpg" alt="" width="660" height="537" srcset="https://blogsaverroes.juntadeandalucia.es/ceipelolivo/files/2018/04/Foto-2-12-16-22-19-56-1024x833.jpg 1024w, https://blogsaverroes.juntadeandalucia.es/ceipelolivo/files/2018/04/Foto-2-12-16-22-19-56-300x244.jpg 300w, https://blogsaverroes.juntadeandalucia.es/ceipelolivo/files/2018/04/Foto-2-12-16-22-19-56-768x625.jpg 768w, https://blogsaverroes.juntadeandalucia.es/ceipelolivo/files/2018/04/Foto-2-12-16-22-19-56-700x569.jpg 700w, https://blogsaverroes.juntadeandalucia.es/ceipelolivo/files/2018/04/Foto-2-12-16-22-19-56-24x20.jpg 24w, https://blogsaverroes.juntadeandalucia.es/ceipelolivo/files/2018/04/Foto-2-12-16-22-19-56-36x29.jpg 36w, https://blogsaverroes.juntadeandalucia.es/ceipelolivo/files/2018/04/Foto-2-12-16-22-19-56-48x39.jpg 48w, https://blogsaverroes.juntadeandalucia.es/ceipelolivo/files/2018/04/Foto-2-12-16-22-19-56.jpg 1137w" sizes="(max-width: 660px) 100vw, 660px" /></a></p>
<p style="text-align: justify">Esta fue una de aquellas veces en que todo nos salió bien y no nos olvidamos de la letra de la canción&#8230; y más nos valía después de lo que nos pasó con la seño Pepi, alguno todavía suda por las noches al recordar el copiado que nos mandó&#8230;</p>
<p><a href="https://blogsaverroes.juntadeandalucia.es/ceipelolivo/files/2018/04/Foto-2-12-16-23-30-07.jpg" target="_blank" rel="noopener"><img loading="lazy" decoding="async" class="aligncenter wp-image-3378 size-large" src="https://blogsaverroes.juntadeandalucia.es/ceipelolivo/files/2018/04/Foto-2-12-16-23-30-07-1024x719.jpg" alt="" width="660" height="463" srcset="https://blogsaverroes.juntadeandalucia.es/ceipelolivo/files/2018/04/Foto-2-12-16-23-30-07-1024x719.jpg 1024w, https://blogsaverroes.juntadeandalucia.es/ceipelolivo/files/2018/04/Foto-2-12-16-23-30-07-300x211.jpg 300w, https://blogsaverroes.juntadeandalucia.es/ceipelolivo/files/2018/04/Foto-2-12-16-23-30-07-768x539.jpg 768w, https://blogsaverroes.juntadeandalucia.es/ceipelolivo/files/2018/04/Foto-2-12-16-23-30-07-700x492.jpg 700w, https://blogsaverroes.juntadeandalucia.es/ceipelolivo/files/2018/04/Foto-2-12-16-23-30-07-24x17.jpg 24w, https://blogsaverroes.juntadeandalucia.es/ceipelolivo/files/2018/04/Foto-2-12-16-23-30-07-36x25.jpg 36w, https://blogsaverroes.juntadeandalucia.es/ceipelolivo/files/2018/04/Foto-2-12-16-23-30-07-48x34.jpg 48w, https://blogsaverroes.juntadeandalucia.es/ceipelolivo/files/2018/04/Foto-2-12-16-23-30-07.jpg 1592w" sizes="(max-width: 660px) 100vw, 660px" /></a></p>
<p style="text-align: justify">Los campeonatos escolares de aquella época eran geniales, ojalá que podamos recuperarlos, ya que suponían un encuentro con compañeros y compañeras de otros colegios, se promocionaba el deporte y se compartían muy buenos momentos. Las camisetas todavía las tenemos guardadas en un armario&#8230;</p>
<p><a href="https://blogsaverroes.juntadeandalucia.es/ceipelolivo/files/2018/04/Foto-2-12-16-22-20-37.jpg" target="_blank" rel="noopener"><img loading="lazy" decoding="async" class="aligncenter wp-image-3379 size-large" src="https://blogsaverroes.juntadeandalucia.es/ceipelolivo/files/2018/04/Foto-2-12-16-22-20-37-1024x677.jpg" alt="" width="660" height="436" srcset="https://blogsaverroes.juntadeandalucia.es/ceipelolivo/files/2018/04/Foto-2-12-16-22-20-37-1024x677.jpg 1024w, https://blogsaverroes.juntadeandalucia.es/ceipelolivo/files/2018/04/Foto-2-12-16-22-20-37-300x198.jpg 300w, https://blogsaverroes.juntadeandalucia.es/ceipelolivo/files/2018/04/Foto-2-12-16-22-20-37-768x508.jpg 768w, https://blogsaverroes.juntadeandalucia.es/ceipelolivo/files/2018/04/Foto-2-12-16-22-20-37-700x463.jpg 700w, https://blogsaverroes.juntadeandalucia.es/ceipelolivo/files/2018/04/Foto-2-12-16-22-20-37-24x16.jpg 24w, https://blogsaverroes.juntadeandalucia.es/ceipelolivo/files/2018/04/Foto-2-12-16-22-20-37-36x24.jpg 36w, https://blogsaverroes.juntadeandalucia.es/ceipelolivo/files/2018/04/Foto-2-12-16-22-20-37-48x32.jpg 48w, https://blogsaverroes.juntadeandalucia.es/ceipelolivo/files/2018/04/Foto-2-12-16-22-20-37.jpg 1159w" sizes="(max-width: 660px) 100vw, 660px" /></a></p>
<p style="text-align: justify">Hemos encontrado la foto de Madrid, la que no puede faltar en la memoria de los que cursaron EGB:</p>
<p><a href="https://blogsaverroes.juntadeandalucia.es/ceipelolivo/files/2018/04/78_Madrid.jpg" target="_blank" rel="noopener"><img loading="lazy" decoding="async" class="aligncenter wp-image-3555 size-large" src="https://blogsaverroes.juntadeandalucia.es/ceipelolivo/files/2018/04/78_Madrid-1024x824.jpg" alt="" width="660" height="531" srcset="https://blogsaverroes.juntadeandalucia.es/ceipelolivo/files/2018/04/78_Madrid-1024x824.jpg 1024w, https://blogsaverroes.juntadeandalucia.es/ceipelolivo/files/2018/04/78_Madrid-300x242.jpg 300w, https://blogsaverroes.juntadeandalucia.es/ceipelolivo/files/2018/04/78_Madrid-768x618.jpg 768w, https://blogsaverroes.juntadeandalucia.es/ceipelolivo/files/2018/04/78_Madrid-700x564.jpg 700w, https://blogsaverroes.juntadeandalucia.es/ceipelolivo/files/2018/04/78_Madrid-24x19.jpg 24w, https://blogsaverroes.juntadeandalucia.es/ceipelolivo/files/2018/04/78_Madrid-36x29.jpg 36w, https://blogsaverroes.juntadeandalucia.es/ceipelolivo/files/2018/04/78_Madrid-48x39.jpg 48w, https://blogsaverroes.juntadeandalucia.es/ceipelolivo/files/2018/04/78_Madrid.jpg 1600w" sizes="(max-width: 660px) 100vw, 660px" /></a></p>
<p style="text-align: justify">A pesar de que nacimos el mismo año de la Constitución y de que España ya empezaba a modernizarse, hay muy pocas fotos en el colegio de esta generación. A ver si alguien se anima y comparte alguna de las que tiene en casa&#8230;</p>
<p style="text-align: justify">Nuestro correo: 23004008.edu@juntadeandalucia.es</p>
<p style="text-align: justify">Hasta la próxima 😉</p>

<p>Esta generación le toca muy de cerca al que os escribe. En esta foto aparecen algunos de los que todavía hoy día son mis amigos. Y quién me iba a decir a mi, que&#46;&#46;&#46;</p>
