{"id":3470,"date":"2018-04-21T17:36:18","date_gmt":"2018-04-21T17:36:18","guid":{"rendered":"https:\/\/blogsaverroes.juntadeandalucia.es\/ceipelolivo\/?page_id=3470"},"modified":"2018-04-21T17:47:28","modified_gmt":"2018-04-21T17:47:28","slug":"generacion-del-89","status":"publish","type":"page","link":"https:\/\/blogsaverroes.juntadeandalucia.es\/ceipelolivo\/generacion-del-89\/","title":{"rendered":"Generaci\u00f3n del 89"},"content":{"rendered":"<p style=\"text-align: justify\">Mar\u00eda Rom\u00e1n hace tiempo que dej\u00f3 nuestra localidad, pero nos ha localizado a trav\u00e9s de Facebook y ha querido compartir con nosotros unas fotos que ten\u00eda del curso de su hermano, que naci\u00f3 en 1989.<\/p>\n<p style=\"text-align: justify\">Gracias Mar\u00eda, esperamos que te gusten las fotos que hemos conseguido encontrar y que puedas localizar a tu hermano en alguna de ellas:<a href=\"https:\/\/blogsaverroes.juntadeandalucia.es\/ceipelolivo\/files\/2018\/04\/Generaci\u00f3n_89_04.jpg\" target=\"_blank\" rel=\"noopener\"><img loading=\"lazy\" decoding=\"async\" class=\"aligncenter wp-image-3475 size-large\" src=\"https:\/\/blogsaverroes.juntadeandalucia.es\/ceipelolivo\/files\/2018\/04\/Generaci\u00f3n_89_04-1024x683.jpg\" alt=\"\" width=\"660\" height=\"440\" srcset=\"https:\/\/blogsaverroes.juntadeandalucia.es\/ceipelolivo\/files\/2018\/04\/Generaci\u00f3n_89_04-1024x683.jpg 1024w, https:\/\/blogsaverroes.juntadeandalucia.es\/ceipelolivo\/files\/2018\/04\/Generaci\u00f3n_89_04-300x200.jpg 300w, https:\/\/blogsaverroes.juntadeandalucia.es\/ceipelolivo\/files\/2018\/04\/Generaci\u00f3n_89_04-768x513.jpg 768w, https:\/\/blogsaverroes.juntadeandalucia.es\/ceipelolivo\/files\/2018\/04\/Generaci\u00f3n_89_04-700x467.jpg 700w, https:\/\/blogsaverroes.juntadeandalucia.es\/ceipelolivo\/files\/2018\/04\/Generaci\u00f3n_89_04-24x16.jpg 24w, https:\/\/blogsaverroes.juntadeandalucia.es\/ceipelolivo\/files\/2018\/04\/Generaci\u00f3n_89_04-36x24.jpg 36w, https:\/\/blogsaverroes.juntadeandalucia.es\/ceipelolivo\/files\/2018\/04\/Generaci\u00f3n_89_04-48x32.jpg 48w, https:\/\/blogsaverroes.juntadeandalucia.es\/ceipelolivo\/files\/2018\/04\/Generaci\u00f3n_89_04.jpg 1600w\" sizes=\"(max-width: 660px) 100vw, 660px\" \/><\/a><\/p>\n<p style=\"text-align: justify\">En Educaci\u00f3n Infantil, con una gran maestra, Do\u00f1a Manoli Chaichio, en alguna de las visitas que las autoridades de Educaci\u00f3n han realizado a nuestro centro.<\/p>\n<p style=\"text-align: justify\"><a href=\"https:\/\/blogsaverroes.juntadeandalucia.es\/ceipelolivo\/files\/2018\/04\/Generaci\u00f3n_89_02.jpg\" target=\"_blank\" rel=\"noopener\"><img loading=\"lazy\" decoding=\"async\" class=\"aligncenter wp-image-3474 size-large\" src=\"https:\/\/blogsaverroes.juntadeandalucia.es\/ceipelolivo\/files\/2018\/04\/Generaci\u00f3n_89_02-1024x652.jpg\" alt=\"\" width=\"660\" height=\"420\" srcset=\"https:\/\/blogsaverroes.juntadeandalucia.es\/ceipelolivo\/files\/2018\/04\/Generaci\u00f3n_89_02-1024x652.jpg 1024w, https:\/\/blogsaverroes.juntadeandalucia.es\/ceipelolivo\/files\/2018\/04\/Generaci\u00f3n_89_02-300x191.jpg 300w, https:\/\/blogsaverroes.juntadeandalucia.es\/ceipelolivo\/files\/2018\/04\/Generaci\u00f3n_89_02-768x489.jpg 768w, https:\/\/blogsaverroes.juntadeandalucia.es\/ceipelolivo\/files\/2018\/04\/Generaci\u00f3n_89_02-700x446.jpg 700w, https:\/\/blogsaverroes.juntadeandalucia.es\/ceipelolivo\/files\/2018\/04\/Generaci\u00f3n_89_02-24x15.jpg 24w, https:\/\/blogsaverroes.juntadeandalucia.es\/ceipelolivo\/files\/2018\/04\/Generaci\u00f3n_89_02-36x23.jpg 36w, https:\/\/blogsaverroes.juntadeandalucia.es\/ceipelolivo\/files\/2018\/04\/Generaci\u00f3n_89_02-48x31.jpg 48w, https:\/\/blogsaverroes.juntadeandalucia.es\/ceipelolivo\/files\/2018\/04\/Generaci\u00f3n_89_02.jpg 1600w\" sizes=\"(max-width: 660px) 100vw, 660px\" \/><\/a> <a href=\"https:\/\/blogsaverroes.juntadeandalucia.es\/ceipelolivo\/files\/2018\/04\/Generaci\u00f3n_89_03.jpg\" target=\"_blank\" rel=\"noopener\"><img loading=\"lazy\" decoding=\"async\" class=\"aligncenter wp-image-3471 size-large\" src=\"https:\/\/blogsaverroes.juntadeandalucia.es\/ceipelolivo\/files\/2018\/04\/Generaci\u00f3n_89_03-1024x652.jpg\" alt=\"\" width=\"660\" height=\"420\" srcset=\"https:\/\/blogsaverroes.juntadeandalucia.es\/ceipelolivo\/files\/2018\/04\/Generaci\u00f3n_89_03-1024x652.jpg 1024w, https:\/\/blogsaverroes.juntadeandalucia.es\/ceipelolivo\/files\/2018\/04\/Generaci\u00f3n_89_03-300x191.jpg 300w, https:\/\/blogsaverroes.juntadeandalucia.es\/ceipelolivo\/files\/2018\/04\/Generaci\u00f3n_89_03-768x489.jpg 768w, https:\/\/blogsaverroes.juntadeandalucia.es\/ceipelolivo\/files\/2018\/04\/Generaci\u00f3n_89_03-700x446.jpg 700w, https:\/\/blogsaverroes.juntadeandalucia.es\/ceipelolivo\/files\/2018\/04\/Generaci\u00f3n_89_03-24x15.jpg 24w, https:\/\/blogsaverroes.juntadeandalucia.es\/ceipelolivo\/files\/2018\/04\/Generaci\u00f3n_89_03-36x23.jpg 36w, https:\/\/blogsaverroes.juntadeandalucia.es\/ceipelolivo\/files\/2018\/04\/Generaci\u00f3n_89_03-48x31.jpg 48w, https:\/\/blogsaverroes.juntadeandalucia.es\/ceipelolivo\/files\/2018\/04\/Generaci\u00f3n_89_03.jpg 1600w\" sizes=\"(max-width: 660px) 100vw, 660px\" \/><\/a><\/p>\n<p style=\"text-align: justify\">Actuaci\u00f3n de Navidad.<\/p>\n<p style=\"text-align: justify\"><a href=\"https:\/\/blogsaverroes.juntadeandalucia.es\/ceipelolivo\/files\/2018\/04\/Generaci\u00f3n_89_01.jpg\" target=\"_blank\" rel=\"noopener\"><img loading=\"lazy\" decoding=\"async\" class=\"aligncenter wp-image-3473 size-large\" src=\"https:\/\/blogsaverroes.juntadeandalucia.es\/ceipelolivo\/files\/2018\/04\/Generaci\u00f3n_89_01-1024x835.jpg\" alt=\"\" width=\"660\" height=\"538\" srcset=\"https:\/\/blogsaverroes.juntadeandalucia.es\/ceipelolivo\/files\/2018\/04\/Generaci\u00f3n_89_01-1024x835.jpg 1024w, https:\/\/blogsaverroes.juntadeandalucia.es\/ceipelolivo\/files\/2018\/04\/Generaci\u00f3n_89_01-300x245.jpg 300w, https:\/\/blogsaverroes.juntadeandalucia.es\/ceipelolivo\/files\/2018\/04\/Generaci\u00f3n_89_01-768x626.jpg 768w, https:\/\/blogsaverroes.juntadeandalucia.es\/ceipelolivo\/files\/2018\/04\/Generaci\u00f3n_89_01-700x571.jpg 700w, https:\/\/blogsaverroes.juntadeandalucia.es\/ceipelolivo\/files\/2018\/04\/Generaci\u00f3n_89_01-24x20.jpg 24w, https:\/\/blogsaverroes.juntadeandalucia.es\/ceipelolivo\/files\/2018\/04\/Generaci\u00f3n_89_01-36x29.jpg 36w, https:\/\/blogsaverroes.juntadeandalucia.es\/ceipelolivo\/files\/2018\/04\/Generaci\u00f3n_89_01-48x39.jpg 48w, https:\/\/blogsaverroes.juntadeandalucia.es\/ceipelolivo\/files\/2018\/04\/Generaci\u00f3n_89_01.jpg 1600w\" sizes=\"(max-width: 660px) 100vw, 660px\" \/><\/a><\/p>\n<p style=\"text-align: justify\">Con nuestra querida se\u00f1orita Pepi, primer ciclo.<\/p>\n<p style=\"text-align: justify\"><a href=\"https:\/\/blogsaverroes.juntadeandalucia.es\/ceipelolivo\/files\/2018\/04\/Generaci\u00f3n_89.jpg\" target=\"_blank\" rel=\"noopener\"><img loading=\"lazy\" decoding=\"async\" class=\"aligncenter wp-image-3472 size-large\" src=\"https:\/\/blogsaverroes.juntadeandalucia.es\/ceipelolivo\/files\/2018\/04\/Generaci\u00f3n_89-1024x827.jpg\" alt=\"\" width=\"660\" height=\"533\" srcset=\"https:\/\/blogsaverroes.juntadeandalucia.es\/ceipelolivo\/files\/2018\/04\/Generaci\u00f3n_89-1024x827.jpg 1024w, https:\/\/blogsaverroes.juntadeandalucia.es\/ceipelolivo\/files\/2018\/04\/Generaci\u00f3n_89-300x242.jpg 300w, https:\/\/blogsaverroes.juntadeandalucia.es\/ceipelolivo\/files\/2018\/04\/Generaci\u00f3n_89-768x620.jpg 768w, https:\/\/blogsaverroes.juntadeandalucia.es\/ceipelolivo\/files\/2018\/04\/Generaci\u00f3n_89-700x565.jpg 700w, https:\/\/blogsaverroes.juntadeandalucia.es\/ceipelolivo\/files\/2018\/04\/Generaci\u00f3n_89-24x19.jpg 24w, https:\/\/blogsaverroes.juntadeandalucia.es\/ceipelolivo\/files\/2018\/04\/Generaci\u00f3n_89-36x29.jpg 36w, https:\/\/blogsaverroes.juntadeandalucia.es\/ceipelolivo\/files\/2018\/04\/Generaci\u00f3n_89-48x39.jpg 48w, https:\/\/blogsaverroes.juntadeandalucia.es\/ceipelolivo\/files\/2018\/04\/Generaci\u00f3n_89.jpg 1600w\" sizes=\"(max-width: 660px) 100vw, 660px\" \/><\/a><\/p>\n<p style=\"text-align: justify\">Un poco m\u00e1s creciditos, con nuestro a\u00f1orado Don Luis Cimadevilla y Don Francisco Medina, maestro que tambi\u00e9n dej\u00f3 su impronta en \u00abEl Olivo\u00bb.<\/p>\n<p style=\"text-align: justify\">Seguiremos subiendo fotos de esta generaci\u00f3n, as\u00ed que estad atentos \ud83d\ude09<\/p>\n","protected":false},"excerpt":{"rendered":"<p>Mar\u00eda Rom\u00e1n hace tiempo que dej\u00f3 nuestra localidad, pero nos ha localizado a trav\u00e9s de Facebook y ha querido compartir con nosotros unas fotos que ten\u00eda del curso de su hermano, que naci\u00f3 en&#46;&#46;&#46;<\/p>\n","protected":false},"author":5889,"featured_media":0,"parent":0,"menu_order":0,"comment_status":"closed","ping_status":"closed","template":"","meta":{"ngg_post_thumbnail":0,"footnotes":"","_mc_calendar":[]},"aioseo_notices":[],"_links":{"self":[{"href":"https:\/\/blogsaverroes.juntadeandalucia.es\/ceipelolivo\/wp-json\/wp\/v2\/pages\/3470"}],"collection":[{"href":"https:\/\/blogsaverroes.juntadeandalucia.es\/ceipelolivo\/wp-json\/wp\/v2\/pages"}],"about":[{"href":"https:\/\/blogsaverroes.juntadeandalucia.es\/ceipelolivo\/wp-json\/wp\/v2\/types\/page"}],"author":[{"embeddable":true,"href":"https:\/\/blogsaverroes.juntadeandalucia.es\/ceipelolivo\/wp-json\/wp\/v2\/users\/5889"}],"replies":[{"embeddable":true,"href":"https:\/\/blogsaverroes.juntadeandalucia.es\/ceipelolivo\/wp-json\/wp\/v2\/comments?post=3470"}],"version-history":[{"count":4,"href":"https:\/\/blogsaverroes.juntadeandalucia.es\/ceipelolivo\/wp-json\/wp\/v2\/pages\/3470\/revisions"}],"predecessor-version":[{"id":3481,"href":"https:\/\/blogsaverroes.juntadeandalucia.es\/ceipelolivo\/wp-json\/wp\/v2\/pages\/3470\/revisions\/3481"}],"wp:attachment":[{"href":"https:\/\/blogsaverroes.juntadeandalucia.es\/ceipelolivo\/wp-json\/wp\/v2\/media?parent=3470"}],"curies":[{"name":"wp","href":"https:\/\/api.w.org\/{rel}","templated":true}]}}

Generación del 89

<p style="text-align: justify">María Román hace tiempo que dejó nuestra localidad, pero nos ha localizado a través de Facebook y ha querido compartir con nosotros unas fotos que tenía del curso de su hermano, que nació en 1989.</p>
<p style="text-align: justify">Gracias María, esperamos que te gusten las fotos que hemos conseguido encontrar y que puedas localizar a tu hermano en alguna de ellas:<a href="https://blogsaverroes.juntadeandalucia.es/ceipelolivo/files/2018/04/Generación_89_04.jpg" target="_blank" rel="noopener"><img loading="lazy" decoding="async" class="aligncenter wp-image-3475 size-large" src="https://blogsaverroes.juntadeandalucia.es/ceipelolivo/files/2018/04/Generación_89_04-1024x683.jpg" alt="" width="660" height="440" srcset="https://blogsaverroes.juntadeandalucia.es/ceipelolivo/files/2018/04/Generación_89_04-1024x683.jpg 1024w, https://blogsaverroes.juntadeandalucia.es/ceipelolivo/files/2018/04/Generación_89_04-300x200.jpg 300w, https://blogsaverroes.juntadeandalucia.es/ceipelolivo/files/2018/04/Generación_89_04-768x513.jpg 768w, https://blogsaverroes.juntadeandalucia.es/ceipelolivo/files/2018/04/Generación_89_04-700x467.jpg 700w, https://blogsaverroes.juntadeandalucia.es/ceipelolivo/files/2018/04/Generación_89_04-24x16.jpg 24w, https://blogsaverroes.juntadeandalucia.es/ceipelolivo/files/2018/04/Generación_89_04-36x24.jpg 36w, https://blogsaverroes.juntadeandalucia.es/ceipelolivo/files/2018/04/Generación_89_04-48x32.jpg 48w, https://blogsaverroes.juntadeandalucia.es/ceipelolivo/files/2018/04/Generación_89_04.jpg 1600w" sizes="(max-width: 660px) 100vw, 660px" /></a></p>
<p style="text-align: justify">En Educación Infantil, con una gran maestra, Doña Manoli Chaichio, en alguna de las visitas que las autoridades de Educación han realizado a nuestro centro.</p>
<p style="text-align: justify"><a href="https://blogsaverroes.juntadeandalucia.es/ceipelolivo/files/2018/04/Generación_89_02.jpg" target="_blank" rel="noopener"><img loading="lazy" decoding="async" class="aligncenter wp-image-3474 size-large" src="https://blogsaverroes.juntadeandalucia.es/ceipelolivo/files/2018/04/Generación_89_02-1024x652.jpg" alt="" width="660" height="420" srcset="https://blogsaverroes.juntadeandalucia.es/ceipelolivo/files/2018/04/Generación_89_02-1024x652.jpg 1024w, https://blogsaverroes.juntadeandalucia.es/ceipelolivo/files/2018/04/Generación_89_02-300x191.jpg 300w, https://blogsaverroes.juntadeandalucia.es/ceipelolivo/files/2018/04/Generación_89_02-768x489.jpg 768w, https://blogsaverroes.juntadeandalucia.es/ceipelolivo/files/2018/04/Generación_89_02-700x446.jpg 700w, https://blogsaverroes.juntadeandalucia.es/ceipelolivo/files/2018/04/Generación_89_02-24x15.jpg 24w, https://blogsaverroes.juntadeandalucia.es/ceipelolivo/files/2018/04/Generación_89_02-36x23.jpg 36w, https://blogsaverroes.juntadeandalucia.es/ceipelolivo/files/2018/04/Generación_89_02-48x31.jpg 48w, https://blogsaverroes.juntadeandalucia.es/ceipelolivo/files/2018/04/Generación_89_02.jpg 1600w" sizes="(max-width: 660px) 100vw, 660px" /></a> <a href="https://blogsaverroes.juntadeandalucia.es/ceipelolivo/files/2018/04/Generación_89_03.jpg" target="_blank" rel="noopener"><img loading="lazy" decoding="async" class="aligncenter wp-image-3471 size-large" src="https://blogsaverroes.juntadeandalucia.es/ceipelolivo/files/2018/04/Generación_89_03-1024x652.jpg" alt="" width="660" height="420" srcset="https://blogsaverroes.juntadeandalucia.es/ceipelolivo/files/2018/04/Generación_89_03-1024x652.jpg 1024w, https://blogsaverroes.juntadeandalucia.es/ceipelolivo/files/2018/04/Generación_89_03-300x191.jpg 300w, https://blogsaverroes.juntadeandalucia.es/ceipelolivo/files/2018/04/Generación_89_03-768x489.jpg 768w, https://blogsaverroes.juntadeandalucia.es/ceipelolivo/files/2018/04/Generación_89_03-700x446.jpg 700w, https://blogsaverroes.juntadeandalucia.es/ceipelolivo/files/2018/04/Generación_89_03-24x15.jpg 24w, https://blogsaverroes.juntadeandalucia.es/ceipelolivo/files/2018/04/Generación_89_03-36x23.jpg 36w, https://blogsaverroes.juntadeandalucia.es/ceipelolivo/files/2018/04/Generación_89_03-48x31.jpg 48w, https://blogsaverroes.juntadeandalucia.es/ceipelolivo/files/2018/04/Generación_89_03.jpg 1600w" sizes="(max-width: 660px) 100vw, 660px" /></a></p>
<p style="text-align: justify">Actuación de Navidad.</p>
<p style="text-align: justify"><a href="https://blogsaverroes.juntadeandalucia.es/ceipelolivo/files/2018/04/Generación_89_01.jpg" target="_blank" rel="noopener"><img loading="lazy" decoding="async" class="aligncenter wp-image-3473 size-large" src="https://blogsaverroes.juntadeandalucia.es/ceipelolivo/files/2018/04/Generación_89_01-1024x835.jpg" alt="" width="660" height="538" srcset="https://blogsaverroes.juntadeandalucia.es/ceipelolivo/files/2018/04/Generación_89_01-1024x835.jpg 1024w, https://blogsaverroes.juntadeandalucia.es/ceipelolivo/files/2018/04/Generación_89_01-300x245.jpg 300w, https://blogsaverroes.juntadeandalucia.es/ceipelolivo/files/2018/04/Generación_89_01-768x626.jpg 768w, https://blogsaverroes.juntadeandalucia.es/ceipelolivo/files/2018/04/Generación_89_01-700x571.jpg 700w, https://blogsaverroes.juntadeandalucia.es/ceipelolivo/files/2018/04/Generación_89_01-24x20.jpg 24w, https://blogsaverroes.juntadeandalucia.es/ceipelolivo/files/2018/04/Generación_89_01-36x29.jpg 36w, https://blogsaverroes.juntadeandalucia.es/ceipelolivo/files/2018/04/Generación_89_01-48x39.jpg 48w, https://blogsaverroes.juntadeandalucia.es/ceipelolivo/files/2018/04/Generación_89_01.jpg 1600w" sizes="(max-width: 660px) 100vw, 660px" /></a></p>
<p style="text-align: justify">Con nuestra querida señorita Pepi, primer ciclo.</p>
<p style="text-align: justify"><a href="https://blogsaverroes.juntadeandalucia.es/ceipelolivo/files/2018/04/Generación_89.jpg" target="_blank" rel="noopener"><img loading="lazy" decoding="async" class="aligncenter wp-image-3472 size-large" src="https://blogsaverroes.juntadeandalucia.es/ceipelolivo/files/2018/04/Generación_89-1024x827.jpg" alt="" width="660" height="533" srcset="https://blogsaverroes.juntadeandalucia.es/ceipelolivo/files/2018/04/Generación_89-1024x827.jpg 1024w, https://blogsaverroes.juntadeandalucia.es/ceipelolivo/files/2018/04/Generación_89-300x242.jpg 300w, https://blogsaverroes.juntadeandalucia.es/ceipelolivo/files/2018/04/Generación_89-768x620.jpg 768w, https://blogsaverroes.juntadeandalucia.es/ceipelolivo/files/2018/04/Generación_89-700x565.jpg 700w, https://blogsaverroes.juntadeandalucia.es/ceipelolivo/files/2018/04/Generación_89-24x19.jpg 24w, https://blogsaverroes.juntadeandalucia.es/ceipelolivo/files/2018/04/Generación_89-36x29.jpg 36w, https://blogsaverroes.juntadeandalucia.es/ceipelolivo/files/2018/04/Generación_89-48x39.jpg 48w, https://blogsaverroes.juntadeandalucia.es/ceipelolivo/files/2018/04/Generación_89.jpg 1600w" sizes="(max-width: 660px) 100vw, 660px" /></a></p>
<p style="text-align: justify">Un poco más creciditos, con nuestro añorado Don Luis Cimadevilla y Don Francisco Medina, maestro que también dejó su impronta en «El Olivo».</p>
<p style="text-align: justify">Seguiremos subiendo fotos de esta generación, así que estad atentos 😉</p>

<p>María Román hace tiempo que dejó nuestra localidad, pero nos ha localizado a través de Facebook y ha querido compartir con nosotros unas fotos que tenía del curso de su hermano, que nació en&#46;&#46;&#46;</p>
