{"id":5218,"date":"2020-02-16T11:36:56","date_gmt":"2020-02-16T11:36:56","guid":{"rendered":"https:\/\/blogsaverroes.juntadeandalucia.es\/ceipelolivo\/?page_id=5218"},"modified":"2020-02-16T11:36:56","modified_gmt":"2020-02-16T11:36:56","slug":"generacion-del-85","status":"publish","type":"page","link":"https:\/\/blogsaverroes.juntadeandalucia.es\/ceipelolivo\/generacion-del-85\/","title":{"rendered":"Generaci\u00f3n del 85"},"content":{"rendered":"<p style=\"text-align: justify\">Si os fij\u00e1is bien en la foto, os dar\u00e9is cuenta de que nuestra querida Se\u00f1o Esperanza daba clase en una \u00e9poca en la que la natalidad de nuestro pueblo no era ni mucho menos como la de hoy en d\u00eda. Y es que hab\u00eda nada m\u00e1s y nada menos que 31 alumnos y alumnas.<\/p>\n<p><a href=\"https:\/\/blogsaverroes.juntadeandalucia.es\/ceipelolivo\/files\/2020\/02\/Olivo85.jpg\"><img loading=\"lazy\" decoding=\"async\" class=\"alignnone wp-image-5219 size-full\" src=\"https:\/\/blogsaverroes.juntadeandalucia.es\/ceipelolivo\/files\/2020\/02\/Olivo85.jpg\" alt=\"\" width=\"1600\" height=\"1286\" srcset=\"https:\/\/blogsaverroes.juntadeandalucia.es\/ceipelolivo\/files\/2020\/02\/Olivo85.jpg 1600w, https:\/\/blogsaverroes.juntadeandalucia.es\/ceipelolivo\/files\/2020\/02\/Olivo85-300x241.jpg 300w, https:\/\/blogsaverroes.juntadeandalucia.es\/ceipelolivo\/files\/2020\/02\/Olivo85-768x617.jpg 768w, https:\/\/blogsaverroes.juntadeandalucia.es\/ceipelolivo\/files\/2020\/02\/Olivo85-1024x823.jpg 1024w, https:\/\/blogsaverroes.juntadeandalucia.es\/ceipelolivo\/files\/2020\/02\/Olivo85-700x562.jpg 700w, https:\/\/blogsaverroes.juntadeandalucia.es\/ceipelolivo\/files\/2020\/02\/Olivo85-24x19.jpg 24w, https:\/\/blogsaverroes.juntadeandalucia.es\/ceipelolivo\/files\/2020\/02\/Olivo85-36x29.jpg 36w, https:\/\/blogsaverroes.juntadeandalucia.es\/ceipelolivo\/files\/2020\/02\/Olivo85-48x39.jpg 48w\" sizes=\"(max-width: 1600px) 100vw, 1600px\" \/><\/a><\/p>\n<p>Pero la historia ha cambiado, mucho, la situaci\u00f3n actual hace que las familias tengan uno o dos hijos, incluso algunas se plantean el no tener ninguno.<\/p>\n<p>Es por ello que desde la escuela p\u00fablica debemos seguir trabajando en la formaci\u00f3n integral de nuestro alumnado, para que en un futuro sean personas preparadas que luchen por la mejora de su pueblo y de Andaluc\u00eda.<\/p>\n<p>M\u00e1s fotos, pronto&#8230;<\/p>\n","protected":false},"excerpt":{"rendered":"<p>Si os fij\u00e1is bien en la foto, os dar\u00e9is cuenta de que nuestra querida Se\u00f1o Esperanza daba clase en una \u00e9poca en la que la natalidad de nuestro pueblo no era ni mucho menos&#46;&#46;&#46;<\/p>\n","protected":false},"author":6073,"featured_media":0,"parent":0,"menu_order":0,"comment_status":"closed","ping_status":"closed","template":"","meta":{"ngg_post_thumbnail":0,"footnotes":"","_mc_calendar":[]},"aioseo_notices":[],"_links":{"self":[{"href":"https:\/\/blogsaverroes.juntadeandalucia.es\/ceipelolivo\/wp-json\/wp\/v2\/pages\/5218"}],"collection":[{"href":"https:\/\/blogsaverroes.juntadeandalucia.es\/ceipelolivo\/wp-json\/wp\/v2\/pages"}],"about":[{"href":"https:\/\/blogsaverroes.juntadeandalucia.es\/ceipelolivo\/wp-json\/wp\/v2\/types\/page"}],"author":[{"embeddable":true,"href":"https:\/\/blogsaverroes.juntadeandalucia.es\/ceipelolivo\/wp-json\/wp\/v2\/users\/6073"}],"replies":[{"embeddable":true,"href":"https:\/\/blogsaverroes.juntadeandalucia.es\/ceipelolivo\/wp-json\/wp\/v2\/comments?post=5218"}],"version-history":[{"count":1,"href":"https:\/\/blogsaverroes.juntadeandalucia.es\/ceipelolivo\/wp-json\/wp\/v2\/pages\/5218\/revisions"}],"predecessor-version":[{"id":5220,"href":"https:\/\/blogsaverroes.juntadeandalucia.es\/ceipelolivo\/wp-json\/wp\/v2\/pages\/5218\/revisions\/5220"}],"wp:attachment":[{"href":"https:\/\/blogsaverroes.juntadeandalucia.es\/ceipelolivo\/wp-json\/wp\/v2\/media?parent=5218"}],"curies":[{"name":"wp","href":"https:\/\/api.w.org\/{rel}","templated":true}]}}

Generación del 85

<p style="text-align: justify">Si os fijáis bien en la foto, os daréis cuenta de que nuestra querida Seño Esperanza daba clase en una época en la que la natalidad de nuestro pueblo no era ni mucho menos como la de hoy en día. Y es que había nada más y nada menos que 31 alumnos y alumnas.</p>
<p><a href="https://blogsaverroes.juntadeandalucia.es/ceipelolivo/files/2020/02/Olivo85.jpg"><img loading="lazy" decoding="async" class="alignnone wp-image-5219 size-full" src="https://blogsaverroes.juntadeandalucia.es/ceipelolivo/files/2020/02/Olivo85.jpg" alt="" width="1600" height="1286" srcset="https://blogsaverroes.juntadeandalucia.es/ceipelolivo/files/2020/02/Olivo85.jpg 1600w, https://blogsaverroes.juntadeandalucia.es/ceipelolivo/files/2020/02/Olivo85-300x241.jpg 300w, https://blogsaverroes.juntadeandalucia.es/ceipelolivo/files/2020/02/Olivo85-768x617.jpg 768w, https://blogsaverroes.juntadeandalucia.es/ceipelolivo/files/2020/02/Olivo85-1024x823.jpg 1024w, https://blogsaverroes.juntadeandalucia.es/ceipelolivo/files/2020/02/Olivo85-700x562.jpg 700w, https://blogsaverroes.juntadeandalucia.es/ceipelolivo/files/2020/02/Olivo85-24x19.jpg 24w, https://blogsaverroes.juntadeandalucia.es/ceipelolivo/files/2020/02/Olivo85-36x29.jpg 36w, https://blogsaverroes.juntadeandalucia.es/ceipelolivo/files/2020/02/Olivo85-48x39.jpg 48w" sizes="(max-width: 1600px) 100vw, 1600px" /></a></p>
<p>Pero la historia ha cambiado, mucho, la situación actual hace que las familias tengan uno o dos hijos, incluso algunas se plantean el no tener ninguno.</p>
<p>Es por ello que desde la escuela pública debemos seguir trabajando en la formación integral de nuestro alumnado, para que en un futuro sean personas preparadas que luchen por la mejora de su pueblo y de Andalucía.</p>
<p>Más fotos, pronto&#8230;</p>

<p>Si os fijáis bien en la foto, os daréis cuenta de que nuestra querida Seño Esperanza daba clase en una época en la que la natalidad de nuestro pueblo no era ni mucho menos&#46;&#46;&#46;</p>
