{"id":5428,"date":"2020-03-08T17:30:21","date_gmt":"2020-03-08T17:30:21","guid":{"rendered":"https:\/\/blogsaverroes.juntadeandalucia.es\/ceipelolivo\/?page_id=5428"},"modified":"2024-10-31T10:18:23","modified_gmt":"2024-10-31T10:18:23","slug":"huerto-escolar","status":"publish","type":"page","link":"https:\/\/blogsaverroes.juntadeandalucia.es\/ceipelolivo\/huerto-escolar\/","title":{"rendered":"Huerto escolar"},"content":{"rendered":"<h6>ACTIVIDAD\/PROYECTO: CONOCIENDO Y DESARROLLANDO LA AGRICULTURA. HUERTO ESCOLAR<\/h6>\n<p style=\"text-align: center\"><a href=\"https:\/\/i1.wp.com\/blogsaverroes.juntadeandalucia.es\/ceipelolivo\/files\/2020\/03\/Mascota_Huerto.png?ssl=1\"><img loading=\"lazy\" decoding=\"async\" class=\"alignnone size-medium wp-image-5425\" src=\"https:\/\/i1.wp.com\/blogsaverroes.juntadeandalucia.es\/ceipelolivo\/files\/2020\/03\/Mascota_Huerto.png?resize=194%2C300&amp;ssl=1\" alt=\"\" width=\"194\" height=\"300\" data-attachment-id=\"5425\" data-permalink=\"https:\/\/blogsaverroes.juntadeandalucia.es\/ceipelolivo\/nueva-mascota\/mascota_huerto\/\" data-orig-file=\"https:\/\/i1.wp.com\/blogsaverroes.juntadeandalucia.es\/ceipelolivo\/files\/2020\/03\/Mascota_Huerto.png?fit=1035%2C1600&amp;ssl=1\" data-orig-size=\"1035,1600\" data-comments-opened=\"1\" data-image-meta=\"{&quot;aperture&quot;:&quot;0&quot;,&quot;credit&quot;:&quot;&quot;,&quot;camera&quot;:&quot;&quot;,&quot;caption&quot;:&quot;&quot;,&quot;created_timestamp&quot;:&quot;0&quot;,&quot;copyright&quot;:&quot;&quot;,&quot;focal_length&quot;:&quot;0&quot;,&quot;iso&quot;:&quot;0&quot;,&quot;shutter_speed&quot;:&quot;0&quot;,&quot;title&quot;:&quot;&quot;,&quot;orientation&quot;:&quot;0&quot;}\" data-image-title=\"Mascota_Huerto\" data-image-description=\"\" data-medium-file=\"https:\/\/i1.wp.com\/blogsaverroes.juntadeandalucia.es\/ceipelolivo\/files\/2020\/03\/Mascota_Huerto.png?fit=194%2C300&amp;ssl=1\" data-large-file=\"https:\/\/i1.wp.com\/blogsaverroes.juntadeandalucia.es\/ceipelolivo\/files\/2020\/03\/Mascota_Huerto.png?fit=660%2C1021&amp;ssl=1\" srcset=\"https:\/\/blogsaverroes.juntadeandalucia.es\/ceipelolivo\/files\/2020\/03\/Mascota_Huerto.png 1035w, https:\/\/blogsaverroes.juntadeandalucia.es\/ceipelolivo\/files\/2020\/03\/Mascota_Huerto-194x300.png 194w, https:\/\/blogsaverroes.juntadeandalucia.es\/ceipelolivo\/files\/2020\/03\/Mascota_Huerto-768x1187.png 768w, https:\/\/blogsaverroes.juntadeandalucia.es\/ceipelolivo\/files\/2020\/03\/Mascota_Huerto-662x1024.png 662w, https:\/\/blogsaverroes.juntadeandalucia.es\/ceipelolivo\/files\/2020\/03\/Mascota_Huerto-700x1082.png 700w, https:\/\/blogsaverroes.juntadeandalucia.es\/ceipelolivo\/files\/2020\/03\/Mascota_Huerto-16x24.png 16w, https:\/\/blogsaverroes.juntadeandalucia.es\/ceipelolivo\/files\/2020\/03\/Mascota_Huerto-23x36.png 23w, https:\/\/blogsaverroes.juntadeandalucia.es\/ceipelolivo\/files\/2020\/03\/Mascota_Huerto-31x48.png 31w\" sizes=\"(max-width: 194px) 100vw, 194px\" \/><\/a><\/p>\n<p><span>&nbsp; &nbsp; Desde el punto de vista educativo, un huerto escolar sirve como aula al aire libre. En \u00e9l, los estudiantes pueden aplicar de manera pr\u00e1ctica los conocimientos de asignaturas como ciencias, matem\u00e1ticas y hasta historia o arte, al observar el ciclo de vida de las plantas, medir el crecimiento de los cultivos o aprender sobre la agricultura tradicional y moderna. Adem\u00e1s, el huerto escolar les brinda la oportunidad de aprender sobre temas de ecolog\u00eda y sostenibilidad, ya que conocen la importancia de conservar los recursos naturales y c\u00f3mo cada acci\u00f3n.<\/span><\/p>\n<p><span>&nbsp; &nbsp;En el aspecto social, el huerto fomenta el trabajo en equipo, la cooperaci\u00f3n y la responsabilidad compartida. Los estudiantes deben colaborar para realizar tareas como sembrar, cuidar y mantener el huerto en buenas condiciones. Esta colaboraci\u00f3n no solo refuerza las habilidades de trabajo en grupo, sino que tambi\u00e9n desarrolla la responsabilidad personal .Un huerto escolar es mucho m\u00e1s que un espacio para cultivar; es una herramienta educativa integral que beneficia tanto a los estudiantes como a la comunidad educativa en general. La implementaci\u00f3n de huertos escolares contribuye a formar ciudadanos responsables, comprometidos con el medio ambiente.<\/span><\/p>\n<p><a href=\"https:\/\/blogsaverroes.juntadeandalucia.es\/ceipelolivo\/files\/2021\/04\/Huerto001-scaled.jpeg\"><img loading=\"lazy\" decoding=\"async\" class=\"aligncenter wp-image-7060 size-large\" src=\"https:\/\/blogsaverroes.juntadeandalucia.es\/ceipelolivo\/files\/2021\/04\/Huerto001-1024x768.jpeg\" alt=\"\" width=\"660\" height=\"495\" srcset=\"https:\/\/blogsaverroes.juntadeandalucia.es\/ceipelolivo\/files\/2021\/04\/Huerto001-1024x768.jpeg 1024w, https:\/\/blogsaverroes.juntadeandalucia.es\/ceipelolivo\/files\/2021\/04\/Huerto001-300x225.jpeg 300w, https:\/\/blogsaverroes.juntadeandalucia.es\/ceipelolivo\/files\/2021\/04\/Huerto001-768x576.jpeg 768w, https:\/\/blogsaverroes.juntadeandalucia.es\/ceipelolivo\/files\/2021\/04\/Huerto001-1536x1152.jpeg 1536w, https:\/\/blogsaverroes.juntadeandalucia.es\/ceipelolivo\/files\/2021\/04\/Huerto001-2048x1536.jpeg 2048w, https:\/\/blogsaverroes.juntadeandalucia.es\/ceipelolivo\/files\/2021\/04\/Huerto001-700x525.jpeg 700w, https:\/\/blogsaverroes.juntadeandalucia.es\/ceipelolivo\/files\/2021\/04\/Huerto001-332x249.jpeg 332w, https:\/\/blogsaverroes.juntadeandalucia.es\/ceipelolivo\/files\/2021\/04\/Huerto001-24x18.jpeg 24w, https:\/\/blogsaverroes.juntadeandalucia.es\/ceipelolivo\/files\/2021\/04\/Huerto001-36x27.jpeg 36w, https:\/\/blogsaverroes.juntadeandalucia.es\/ceipelolivo\/files\/2021\/04\/Huerto001-48x36.jpeg 48w, https:\/\/blogsaverroes.juntadeandalucia.es\/ceipelolivo\/files\/2021\/04\/Huerto001-scaled.jpeg 1600w\" sizes=\"(max-width: 660px) 100vw, 660px\" \/><\/a><\/p>\n<p><a href=\"https:\/\/blogsaverroes.juntadeandalucia.es\/ceipelolivo\/files\/2021\/04\/Huerto002-scaled.jpg\"><img loading=\"lazy\" decoding=\"async\" class=\"alignnone wp-image-7063 size-large\" src=\"https:\/\/blogsaverroes.juntadeandalucia.es\/ceipelolivo\/files\/2021\/04\/Huerto002-1024x768.jpg\" alt=\"\" width=\"660\" height=\"495\" srcset=\"https:\/\/blogsaverroes.juntadeandalucia.es\/ceipelolivo\/files\/2021\/04\/Huerto002-1024x768.jpg 1024w, https:\/\/blogsaverroes.juntadeandalucia.es\/ceipelolivo\/files\/2021\/04\/Huerto002-300x225.jpg 300w, https:\/\/blogsaverroes.juntadeandalucia.es\/ceipelolivo\/files\/2021\/04\/Huerto002-768x576.jpg 768w, https:\/\/blogsaverroes.juntadeandalucia.es\/ceipelolivo\/files\/2021\/04\/Huerto002-1536x1152.jpg 1536w, https:\/\/blogsaverroes.juntadeandalucia.es\/ceipelolivo\/files\/2021\/04\/Huerto002-2048x1536.jpg 2048w, https:\/\/blogsaverroes.juntadeandalucia.es\/ceipelolivo\/files\/2021\/04\/Huerto002-700x525.jpg 700w, https:\/\/blogsaverroes.juntadeandalucia.es\/ceipelolivo\/files\/2021\/04\/Huerto002-332x249.jpg 332w, https:\/\/blogsaverroes.juntadeandalucia.es\/ceipelolivo\/files\/2021\/04\/Huerto002-24x18.jpg 24w, https:\/\/blogsaverroes.juntadeandalucia.es\/ceipelolivo\/files\/2021\/04\/Huerto002-36x27.jpg 36w, https:\/\/blogsaverroes.juntadeandalucia.es\/ceipelolivo\/files\/2021\/04\/Huerto002-48x36.jpg 48w, https:\/\/blogsaverroes.juntadeandalucia.es\/ceipelolivo\/files\/2021\/04\/Huerto002-scaled.jpg 1600w\" sizes=\"(max-width: 660px) 100vw, 660px\" \/><\/a><\/p>\n<p><a href=\"https:\/\/blogsaverroes.juntadeandalucia.es\/ceipelolivo\/files\/2021\/04\/Huerto004-scaled.jpg\"><img loading=\"lazy\" decoding=\"async\" class=\"alignnone wp-image-7065 size-large\" src=\"https:\/\/blogsaverroes.juntadeandalucia.es\/ceipelolivo\/files\/2021\/04\/Huerto004-1024x768.jpg\" alt=\"\" width=\"660\" height=\"495\" srcset=\"https:\/\/blogsaverroes.juntadeandalucia.es\/ceipelolivo\/files\/2021\/04\/Huerto004-1024x768.jpg 1024w, https:\/\/blogsaverroes.juntadeandalucia.es\/ceipelolivo\/files\/2021\/04\/Huerto004-300x225.jpg 300w, https:\/\/blogsaverroes.juntadeandalucia.es\/ceipelolivo\/files\/2021\/04\/Huerto004-768x576.jpg 768w, https:\/\/blogsaverroes.juntadeandalucia.es\/ceipelolivo\/files\/2021\/04\/Huerto004-1536x1152.jpg 1536w, https:\/\/blogsaverroes.juntadeandalucia.es\/ceipelolivo\/files\/2021\/04\/Huerto004-2048x1536.jpg 2048w, https:\/\/blogsaverroes.juntadeandalucia.es\/ceipelolivo\/files\/2021\/04\/Huerto004-700x525.jpg 700w, https:\/\/blogsaverroes.juntadeandalucia.es\/ceipelolivo\/files\/2021\/04\/Huerto004-332x249.jpg 332w, https:\/\/blogsaverroes.juntadeandalucia.es\/ceipelolivo\/files\/2021\/04\/Huerto004-24x18.jpg 24w, https:\/\/blogsaverroes.juntadeandalucia.es\/ceipelolivo\/files\/2021\/04\/Huerto004-36x27.jpg 36w, https:\/\/blogsaverroes.juntadeandalucia.es\/ceipelolivo\/files\/2021\/04\/Huerto004-48x36.jpg 48w, https:\/\/blogsaverroes.juntadeandalucia.es\/ceipelolivo\/files\/2021\/04\/Huerto004-scaled.jpg 1600w\" sizes=\"(max-width: 660px) 100vw, 660px\" \/><\/a><\/p>\n<p><a href=\"https:\/\/blogsaverroes.juntadeandalucia.es\/ceipelolivo\/files\/2021\/04\/Huerto002-scaled.jpg\"><img loading=\"lazy\" decoding=\"async\" class=\"alignnone wp-image-7063 size-large\" src=\"https:\/\/blogsaverroes.juntadeandalucia.es\/ceipelolivo\/files\/2021\/04\/Huerto002-1024x768.jpg\" alt=\"\" width=\"660\" height=\"495\" srcset=\"https:\/\/blogsaverroes.juntadeandalucia.es\/ceipelolivo\/files\/2021\/04\/Huerto002-1024x768.jpg 1024w, https:\/\/blogsaverroes.juntadeandalucia.es\/ceipelolivo\/files\/2021\/04\/Huerto002-300x225.jpg 300w, https:\/\/blogsaverroes.juntadeandalucia.es\/ceipelolivo\/files\/2021\/04\/Huerto002-768x576.jpg 768w, https:\/\/blogsaverroes.juntadeandalucia.es\/ceipelolivo\/files\/2021\/04\/Huerto002-1536x1152.jpg 1536w, https:\/\/blogsaverroes.juntadeandalucia.es\/ceipelolivo\/files\/2021\/04\/Huerto002-2048x1536.jpg 2048w, https:\/\/blogsaverroes.juntadeandalucia.es\/ceipelolivo\/files\/2021\/04\/Huerto002-700x525.jpg 700w, https:\/\/blogsaverroes.juntadeandalucia.es\/ceipelolivo\/files\/2021\/04\/Huerto002-332x249.jpg 332w, https:\/\/blogsaverroes.juntadeandalucia.es\/ceipelolivo\/files\/2021\/04\/Huerto002-24x18.jpg 24w, https:\/\/blogsaverroes.juntadeandalucia.es\/ceipelolivo\/files\/2021\/04\/Huerto002-36x27.jpg 36w, https:\/\/blogsaverroes.juntadeandalucia.es\/ceipelolivo\/files\/2021\/04\/Huerto002-48x36.jpg 48w, https:\/\/blogsaverroes.juntadeandalucia.es\/ceipelolivo\/files\/2021\/04\/Huerto002-scaled.jpg 1600w\" sizes=\"(max-width: 660px) 100vw, 660px\" \/><\/a><\/p>\n<p>&nbsp;<\/p>\n<p>&nbsp;<\/p>\n<p><img loading=\"lazy\" decoding=\"async\" class=\"alignnone wp-image-7056 size-full\" src=\"https:\/\/blogsaverroes.juntadeandalucia.es\/ceipelolivo\/files\/2021\/04\/Separador.png\" alt=\"\" width=\"820\" height=\"50\" srcset=\"https:\/\/blogsaverroes.juntadeandalucia.es\/ceipelolivo\/files\/2021\/04\/Separador.png 820w, https:\/\/blogsaverroes.juntadeandalucia.es\/ceipelolivo\/files\/2021\/04\/Separador-300x18.png 300w, https:\/\/blogsaverroes.juntadeandalucia.es\/ceipelolivo\/files\/2021\/04\/Separador-768x47.png 768w, https:\/\/blogsaverroes.juntadeandalucia.es\/ceipelolivo\/files\/2021\/04\/Separador-700x43.png 700w, https:\/\/blogsaverroes.juntadeandalucia.es\/ceipelolivo\/files\/2021\/04\/Separador-332x20.png 332w, https:\/\/blogsaverroes.juntadeandalucia.es\/ceipelolivo\/files\/2021\/04\/Separador-24x1.png 24w, https:\/\/blogsaverroes.juntadeandalucia.es\/ceipelolivo\/files\/2021\/04\/Separador-36x2.png 36w, https:\/\/blogsaverroes.juntadeandalucia.es\/ceipelolivo\/files\/2021\/04\/Separador-48x3.png 48w\" sizes=\"(max-width: 820px) 100vw, 820px\" \/><\/p>\n<p style=\"text-align: center\">Subvencionado por la Diputaci\u00f3n de Ja\u00e9n<\/p>\n<table style=\"border-collapse: collapse;width: 100%\">\n<tbody>\n<tr>\n<td style=\"width: 50%\"><a href=\"https:\/\/www.dipujaen.es\" target=\"_blank\" rel=\"noopener noreferrer\"><img loading=\"lazy\" decoding=\"async\" class=\"aligncenter wp-image-6627 size-full\" src=\"https:\/\/i2.wp.com\/blogsaverroes.juntadeandalucia.es\/ceipelolivo\/files\/2020\/07\/DipJa.png?resize=246%2C205&amp;ssl=1\" alt=\"\" width=\"246\" height=\"205\" data-attachment-id=\"6627\" data-permalink=\"https:\/\/blogsaverroes.juntadeandalucia.es\/ceipelolivo\/huerto-escolar\/dipja\/\" data-orig-file=\"https:\/\/i2.wp.com\/blogsaverroes.juntadeandalucia.es\/ceipelolivo\/files\/2020\/07\/DipJa.png?fit=246%2C205&amp;ssl=1\" data-orig-size=\"246,205\" data-comments-opened=\"1\" data-image-meta=\"{&quot;aperture&quot;:&quot;0&quot;,&quot;credit&quot;:&quot;&quot;,&quot;camera&quot;:&quot;&quot;,&quot;caption&quot;:&quot;&quot;,&quot;created_timestamp&quot;:&quot;0&quot;,&quot;copyright&quot;:&quot;&quot;,&quot;focal_length&quot;:&quot;0&quot;,&quot;iso&quot;:&quot;0&quot;,&quot;shutter_speed&quot;:&quot;0&quot;,&quot;title&quot;:&quot;&quot;,&quot;orientation&quot;:&quot;0&quot;}\" data-image-title=\"DipJa\" data-image-description=\"\" data-medium-file=\"https:\/\/i2.wp.com\/blogsaverroes.juntadeandalucia.es\/ceipelolivo\/files\/2020\/07\/DipJa.png?fit=246%2C205&amp;ssl=1\" data-large-file=\"https:\/\/i2.wp.com\/blogsaverroes.juntadeandalucia.es\/ceipelolivo\/files\/2020\/07\/DipJa.png?fit=246%2C205&amp;ssl=1\" srcset=\"https:\/\/blogsaverroes.juntadeandalucia.es\/ceipelolivo\/files\/2020\/07\/DipJa.png 246w, https:\/\/blogsaverroes.juntadeandalucia.es\/ceipelolivo\/files\/2020\/07\/DipJa-24x20.png 24w, https:\/\/blogsaverroes.juntadeandalucia.es\/ceipelolivo\/files\/2020\/07\/DipJa-36x30.png 36w, https:\/\/blogsaverroes.juntadeandalucia.es\/ceipelolivo\/files\/2020\/07\/DipJa-48x40.png 48w\" sizes=\"(max-width: 246px) 100vw, 246px\" \/><\/a><\/td>\n<td style=\"width: 50%\"><img loading=\"lazy\" decoding=\"async\" class=\"aligncenter wp-image-6629 size-full\" src=\"https:\/\/i1.wp.com\/blogsaverroes.juntadeandalucia.es\/ceipelolivo\/files\/2020\/07\/LogoD.png?resize=500%2C500&amp;ssl=1\" alt=\"\" width=\"500\" height=\"500\" data-attachment-id=\"6629\" data-permalink=\"https:\/\/blogsaverroes.juntadeandalucia.es\/ceipelolivo\/huerto-escolar\/logod\/\" data-orig-file=\"https:\/\/i1.wp.com\/blogsaverroes.juntadeandalucia.es\/ceipelolivo\/files\/2020\/07\/LogoD.png?fit=500%2C500&amp;ssl=1\" data-orig-size=\"500,500\" data-comments-opened=\"1\" data-image-meta=\"{&quot;aperture&quot;:&quot;0&quot;,&quot;credit&quot;:&quot;&quot;,&quot;camera&quot;:&quot;&quot;,&quot;caption&quot;:&quot;&quot;,&quot;created_timestamp&quot;:&quot;0&quot;,&quot;copyright&quot;:&quot;&quot;,&quot;focal_length&quot;:&quot;0&quot;,&quot;iso&quot;:&quot;0&quot;,&quot;shutter_speed&quot;:&quot;0&quot;,&quot;title&quot;:&quot;&quot;,&quot;orientation&quot;:&quot;0&quot;}\" data-image-title=\"LogoD\" data-image-description=\"\" data-medium-file=\"https:\/\/i1.wp.com\/blogsaverroes.juntadeandalucia.es\/ceipelolivo\/files\/2020\/07\/LogoD.png?fit=300%2C300&amp;ssl=1\" data-large-file=\"https:\/\/i1.wp.com\/blogsaverroes.juntadeandalucia.es\/ceipelolivo\/files\/2020\/07\/LogoD.png?fit=500%2C500&amp;ssl=1\" srcset=\"https:\/\/blogsaverroes.juntadeandalucia.es\/ceipelolivo\/files\/2020\/07\/LogoD.png 500w, https:\/\/blogsaverroes.juntadeandalucia.es\/ceipelolivo\/files\/2020\/07\/LogoD-150x150.png 150w, https:\/\/blogsaverroes.juntadeandalucia.es\/ceipelolivo\/files\/2020\/07\/LogoD-300x300.png 300w, https:\/\/blogsaverroes.juntadeandalucia.es\/ceipelolivo\/files\/2020\/07\/LogoD-100x100.png 100w, https:\/\/blogsaverroes.juntadeandalucia.es\/ceipelolivo\/files\/2020\/07\/LogoD-432x432.png 432w, https:\/\/blogsaverroes.juntadeandalucia.es\/ceipelolivo\/files\/2020\/07\/LogoD-268x268.png 268w, https:\/\/blogsaverroes.juntadeandalucia.es\/ceipelolivo\/files\/2020\/07\/LogoD-24x24.png 24w, https:\/\/blogsaverroes.juntadeandalucia.es\/ceipelolivo\/files\/2020\/07\/LogoD-36x36.png 36w, https:\/\/blogsaverroes.juntadeandalucia.es\/ceipelolivo\/files\/2020\/07\/LogoD-48x48.png 48w\" sizes=\"(max-width: 500px) 100vw, 500px\" \/><\/td>\n<\/tr>\n<\/tbody>\n<\/table>\n<p style=\"text-align: center\">Con la colaboraci\u00f3n del Ilustr\u00edsimo Ayuntamiento de Torredonjimeno a trav\u00e9s de sus concejal\u00edas de Educaci\u00f3n y Medio Ambiente<\/p>\n<table style=\"border-collapse: collapse;width: 100%\">\n<tbody>\n<tr>\n<td style=\"width: 100%\"><a href=\"https:\/\/www.facebook.com\/aytodetorredonjimeno\/\"><img loading=\"lazy\" decoding=\"async\" class=\"alignnone wp-image-7057 size-medium\" src=\"https:\/\/blogsaverroes.juntadeandalucia.es\/ceipelolivo\/files\/2021\/04\/Ayuntamiento-300x272.jpg\" alt=\"\" width=\"300\" height=\"272\" srcset=\"https:\/\/blogsaverroes.juntadeandalucia.es\/ceipelolivo\/files\/2021\/04\/Ayuntamiento-300x272.jpg 300w, https:\/\/blogsaverroes.juntadeandalucia.es\/ceipelolivo\/files\/2021\/04\/Ayuntamiento-1024x929.jpg 1024w, https:\/\/blogsaverroes.juntadeandalucia.es\/ceipelolivo\/files\/2021\/04\/Ayuntamiento-768x696.jpg 768w, https:\/\/blogsaverroes.juntadeandalucia.es\/ceipelolivo\/files\/2021\/04\/Ayuntamiento-1536x1393.jpg 1536w, https:\/\/blogsaverroes.juntadeandalucia.es\/ceipelolivo\/files\/2021\/04\/Ayuntamiento-700x635.jpg 700w, https:\/\/blogsaverroes.juntadeandalucia.es\/ceipelolivo\/files\/2021\/04\/Ayuntamiento-332x301.jpg 332w, https:\/\/blogsaverroes.juntadeandalucia.es\/ceipelolivo\/files\/2021\/04\/Ayuntamiento-24x22.jpg 24w, https:\/\/blogsaverroes.juntadeandalucia.es\/ceipelolivo\/files\/2021\/04\/Ayuntamiento-36x33.jpg 36w, https:\/\/blogsaverroes.juntadeandalucia.es\/ceipelolivo\/files\/2021\/04\/Ayuntamiento-48x44.jpg 48w, https:\/\/blogsaverroes.juntadeandalucia.es\/ceipelolivo\/files\/2021\/04\/Ayuntamiento.jpg 1600w\" sizes=\"(max-width: 300px) 100vw, 300px\" \/><\/a><\/td>\n<\/tr>\n<\/tbody>\n<\/table>\n","protected":false},"excerpt":{"rendered":"<p>ACTIVIDAD\/PROYECTO: CONOCIENDO Y DESARROLLANDO LA AGRICULTURA. HUERTO ESCOLAR &nbsp; &nbsp; Desde el punto de vista educativo, un huerto escolar sirve como aula al aire libre. En \u00e9l, los estudiantes pueden aplicar de manera pr\u00e1ctica&#46;&#46;&#46;<\/p>\n","protected":false},"author":6073,"featured_media":0,"parent":0,"menu_order":0,"comment_status":"closed","ping_status":"closed","template":"","meta":{"ngg_post_thumbnail":0,"footnotes":"","_mc_calendar":[]},"aioseo_notices":[],"_links":{"self":[{"href":"https:\/\/blogsaverroes.juntadeandalucia.es\/ceipelolivo\/wp-json\/wp\/v2\/pages\/5428"}],"collection":[{"href":"https:\/\/blogsaverroes.juntadeandalucia.es\/ceipelolivo\/wp-json\/wp\/v2\/pages"}],"about":[{"href":"https:\/\/blogsaverroes.juntadeandalucia.es\/ceipelolivo\/wp-json\/wp\/v2\/types\/page"}],"author":[{"embeddable":true,"href":"https:\/\/blogsaverroes.juntadeandalucia.es\/ceipelolivo\/wp-json\/wp\/v2\/users\/6073"}],"replies":[{"embeddable":true,"href":"https:\/\/blogsaverroes.juntadeandalucia.es\/ceipelolivo\/wp-json\/wp\/v2\/comments?post=5428"}],"version-history":[{"count":9,"href":"https:\/\/blogsaverroes.juntadeandalucia.es\/ceipelolivo\/wp-json\/wp\/v2\/pages\/5428\/revisions"}],"predecessor-version":[{"id":7923,"href":"https:\/\/blogsaverroes.juntadeandalucia.es\/ceipelolivo\/wp-json\/wp\/v2\/pages\/5428\/revisions\/7923"}],"wp:attachment":[{"href":"https:\/\/blogsaverroes.juntadeandalucia.es\/ceipelolivo\/wp-json\/wp\/v2\/media?parent=5428"}],"curies":[{"name":"wp","href":"https:\/\/api.w.org\/{rel}","templated":true}]}}