{"id":2246,"date":"2020-11-03T17:36:15","date_gmt":"2020-11-03T17:36:15","guid":{"rendered":"https:\/\/blogsaverroes.juntadeandalucia.es\/ceipelpinar\/?page_id=2246"},"modified":"2020-11-04T15:03:54","modified_gmt":"2020-11-04T15:03:54","slug":"protocolo-covid-20-21","status":"publish","type":"page","link":"https:\/\/blogsaverroes.juntadeandalucia.es\/ceipelpinar\/protocolo-covid-20-21\/","title":{"rendered":"Protocolo COVID 20-21"},"content":{"rendered":"<p><a href=\"https:\/\/blogsaverroes.juntadeandalucia.es\/ceipelpinar\/protocolo-covid-20-21\/protocovid\/\" rel=\"attachment wp-att-2343\"><img loading=\"lazy\" decoding=\"async\" class=\"aligncenter size-full wp-image-2343\" src=\"https:\/\/blogsaverroes.juntadeandalucia.es\/ceipelpinar\/files\/2020\/11\/protocovid.png\" alt=\"\" width=\"1600\" height=\"400\" srcset=\"https:\/\/blogsaverroes.juntadeandalucia.es\/ceipelpinar\/files\/2020\/11\/protocovid.png 1600w, https:\/\/blogsaverroes.juntadeandalucia.es\/ceipelpinar\/files\/2020\/11\/protocovid-300x75.png 300w, https:\/\/blogsaverroes.juntadeandalucia.es\/ceipelpinar\/files\/2020\/11\/protocovid-1024x256.png 1024w, https:\/\/blogsaverroes.juntadeandalucia.es\/ceipelpinar\/files\/2020\/11\/protocovid-768x192.png 768w, https:\/\/blogsaverroes.juntadeandalucia.es\/ceipelpinar\/files\/2020\/11\/protocovid-1536x384.png 1536w, https:\/\/blogsaverroes.juntadeandalucia.es\/ceipelpinar\/files\/2020\/11\/protocovid-24x6.png 24w, https:\/\/blogsaverroes.juntadeandalucia.es\/ceipelpinar\/files\/2020\/11\/protocovid-36x9.png 36w, https:\/\/blogsaverroes.juntadeandalucia.es\/ceipelpinar\/files\/2020\/11\/protocovid-48x12.png 48w\" sizes=\"(max-width: 1600px) 100vw, 1600px\" \/><\/a><\/p>\n<h4 style=\"text-align: justify\">El protocolo COVID-19 es un documento esencial para la organizaci\u00f3n del CEIP EL PINAR durante el curso escolar 2020\/21. Se trata de un elemento basado en la reflexi\u00f3n y contextualizado a la realidad del mismo, consensuado con la Comisi\u00f3n COVID.<\/h4>\n<h4>&nbsp;<\/h4>\n<h4 style=\"text-align: justify\">Como su propio t\u00edtulo indica, se trata de un documento vivo y adaptable a las necesidades planteadas a partir de su implementaci\u00f3n, por lo que se hallar\u00e1 en permanente revisi\u00f3n.<\/h4>\n<p>&nbsp;<\/p>\n<h4 style=\"text-align: justify\">Pod\u00e9is acceder a la \u00faltima versi\u00f3n del Protocolo COVID-19 del CEIP EL PINAR a trav\u00e9s del siguiente enlace:<\/h4>\n<p><a href=\"https:\/\/blogsaverroes.juntadeandalucia.es\/ceipelpinar\/covid-19\/flecha1\/\" rel=\"attachment wp-att-2238\"><img loading=\"lazy\" decoding=\"async\" class=\"size-full wp-image-2238 aligncenter\" src=\"https:\/\/blogsaverroes.juntadeandalucia.es\/ceipelpinar\/files\/2020\/11\/fLECHA1.png\" alt=\"\" width=\"195\" height=\"195\" srcset=\"https:\/\/blogsaverroes.juntadeandalucia.es\/ceipelpinar\/files\/2020\/11\/fLECHA1.png 195w, https:\/\/blogsaverroes.juntadeandalucia.es\/ceipelpinar\/files\/2020\/11\/fLECHA1-150x150.png 150w, https:\/\/blogsaverroes.juntadeandalucia.es\/ceipelpinar\/files\/2020\/11\/fLECHA1-100x100.png 100w, https:\/\/blogsaverroes.juntadeandalucia.es\/ceipelpinar\/files\/2020\/11\/fLECHA1-24x24.png 24w, https:\/\/blogsaverroes.juntadeandalucia.es\/ceipelpinar\/files\/2020\/11\/fLECHA1-36x36.png 36w, https:\/\/blogsaverroes.juntadeandalucia.es\/ceipelpinar\/files\/2020\/11\/fLECHA1-48x48.png 48w\" sizes=\"(max-width: 195px) 100vw, 195px\" \/><\/a><\/p>\n<h2 style=\"text-align: center\"><a href=\"https:\/\/blogsaverroes.juntadeandalucia.es\/ceipelpinar\/files\/2020\/11\/Protocolo-COVID-19.pdf\" rel=\"attachment wp-att-2239\">\u21d2&nbsp;Protocolo COVID-19 \u21d0<\/a><\/h2>\n","protected":false},"excerpt":{"rendered":"<p>El protocolo COVID-19 es un documento esencial para la organizaci\u00f3n del CEIP EL PINAR durante el curso escolar 2020\/21. Se trata de un elemento basado en la reflexi\u00f3n y contextualizado a la realidad del mismo, consensuado con la Comisi\u00f3n COVID. &nbsp; Como su propio t\u00edtulo indica, se trata de un documento vivo y adaptable a [&hellip;]<\/p>\n","protected":false},"author":11049,"featured_media":0,"parent":0,"menu_order":0,"comment_status":"closed","ping_status":"closed","template":"page-c.php","meta":{"ngg_post_thumbnail":0,"footnotes":"","_mc_calendar":[]},"aioseo_notices":[],"_links":{"self":[{"href":"https:\/\/blogsaverroes.juntadeandalucia.es\/ceipelpinar\/wp-json\/wp\/v2\/pages\/2246"}],"collection":[{"href":"https:\/\/blogsaverroes.juntadeandalucia.es\/ceipelpinar\/wp-json\/wp\/v2\/pages"}],"about":[{"href":"https:\/\/blogsaverroes.juntadeandalucia.es\/ceipelpinar\/wp-json\/wp\/v2\/types\/page"}],"author":[{"embeddable":true,"href":"https:\/\/blogsaverroes.juntadeandalucia.es\/ceipelpinar\/wp-json\/wp\/v2\/users\/11049"}],"replies":[{"embeddable":true,"href":"https:\/\/blogsaverroes.juntadeandalucia.es\/ceipelpinar\/wp-json\/wp\/v2\/comments?post=2246"}],"version-history":[{"count":8,"href":"https:\/\/blogsaverroes.juntadeandalucia.es\/ceipelpinar\/wp-json\/wp\/v2\/pages\/2246\/revisions"}],"predecessor-version":[{"id":2347,"href":"https:\/\/blogsaverroes.juntadeandalucia.es\/ceipelpinar\/wp-json\/wp\/v2\/pages\/2246\/revisions\/2347"}],"wp:attachment":[{"href":"https:\/\/blogsaverroes.juntadeandalucia.es\/ceipelpinar\/wp-json\/wp\/v2\/media?parent=2246"}],"curies":[{"name":"wp","href":"https:\/\/api.w.org\/{rel}","templated":true}]}}