{"id":3101,"date":"2021-11-30T11:33:13","date_gmt":"2021-11-30T11:33:13","guid":{"rendered":"https:\/\/blogsaverroes.juntadeandalucia.es\/ceipelpinar\/?page_id=3101"},"modified":"2022-10-26T14:33:14","modified_gmt":"2022-10-26T14:33:14","slug":"familias","status":"publish","type":"page","link":"https:\/\/blogsaverroes.juntadeandalucia.es\/ceipelpinar\/familias\/","title":{"rendered":"Familias"},"content":{"rendered":"<p style=\"text-align: justify\"><span style=\"color: #000000\">Desde el centro educativo nos parece muy importante facilitaros informaci\u00f3n relativa a vuestra tarea como madres y padres, ya que nos hayamos inmersos en unos avances relacionados con las nuevas tecnolog\u00edas, las redes sociales, los videojuegos\u2026 es decir, uso de pantallas en general, que a priori pueden parecer inofensivas, pero que afectan por lo general negativamente. Es por ello que hemos creado una pesta\u00f1a en nuestra p\u00e1gina web, destinada a compartir v\u00eddeos y enlaces de inter\u00e9s&nbsp; sobre la tem\u00e1tica antes mencionada.<\/span><\/p>\n<p style=\"text-align: justify\"><span style=\"color: #000000\">Esperamos os sea de ayuda y os facilite y aclare informaci\u00f3n que beneficie en todo momento a nuestro alumnado.<\/span><\/p>\n<h4 style=\"text-align: justify\"><strong><span style=\"color: #000000\">VIDEO 1. MARIAN ROJAS.<\/span><\/strong><\/h4>\n<p style=\"text-align: justify\"><span style=\"color: #000000\">Comenzamos esta nueva iniciativa con una ponencia de <strong>la psiquiatra<\/strong> <strong>Marian Rojas<\/strong> en la que nos explica c\u00f3mo funciona la mente de nuestros hijos e hijas, c\u00f3mo gestionar nuestras emociones y c\u00f3mo ense\u00f1ar a nuestros hijos a gestionar sus propias emociones, impulsando as\u00ed a que les pasen cosas buenas. Porque si entendemos c\u00f3mo funciona nuestro cerebro y el cerebro de nuestros hijos, y entendemos cu\u00e1les son los peligros de no hacer un uso responsable de las tecnolog\u00edas, podremos ayudarles a evitar las adicciones, a fomentar su curiosidad y su asombro, evitaremos la hiperestimulaci\u00f3n&#8230; Pero, por supuesto, tendremos que educar tambi\u00e9n en el ejemplo.<\/span><\/p>\n<p><iframe loading=\"lazy\" title=\"Marian Rojas Estap\u00e9: C\u00f3mo educar para que le pasen cosas buenas a tus hijos\" width=\"1170\" height=\"658\" src=\"https:\/\/www.youtube.com\/embed\/Pmxn6Vj3_PI?feature=oembed\" frameborder=\"0\" allow=\"accelerometer; autoplay; clipboard-write; encrypted-media; gyroscope; picture-in-picture\" allowfullscreen><\/iframe><\/p>\n<p>&nbsp;<\/p>\n<h4><span style=\"color: #000000\"><strong>VIDEO 2. \u00c1LVARO BILBAO, NEUROPSIC\u00d3LOGO.<\/strong><\/span><\/h4>\n<p><span style=\"color: #000000\">El segundo v\u00eddeo que queremos compartir con vosotros y vosotras est\u00e1 relacionado con la importancia de poner l\u00edmites, es decir, explicar al ni\u00f1o\/a lo que queremos que haga. Vamos a escucharlo de la mano del neuropsic\u00f3logo, \u00c1lvaro Bilbao.<\/span><\/p>\n<p><iframe loading=\"lazy\" title=\"L\u00edmites mejor que castigos. \u00c1lvaro Bilbao, Neuropsic\u00f3logo\" width=\"1170\" height=\"658\" src=\"https:\/\/www.youtube.com\/embed\/T60KuY8n82c?feature=oembed\" frameborder=\"0\" allow=\"accelerometer; autoplay; clipboard-write; encrypted-media; gyroscope; picture-in-picture\" allowfullscreen><\/iframe><\/p>\n<h4><span style=\"color: #000000\"><strong>VIDEO 3. ELSA PUNSET, SED LOS ENTRENADORES EMOCIONALES DE VUESTROS HIJOS<\/strong><\/span><span style=\"color: #000000\"><strong>.<\/strong><\/span><\/h4>\n<p><span style=\"color: #000000\">El tercer v\u00eddeo que queremos compartir con vosotros y vosotras est\u00e1 relacionado con la importancia de la inteligencia emocional, es decir, ayudar a nuestros peque\u00f1os\/as desde las emociones. Vamos a escucharlo de la mano de la escritora y divulgadora Elsa Punset.&nbsp;<\/span><\/p>\n<p><iframe loading=\"lazy\" title=\"&quot;Sed los entrenadores emocionales de vuestros hijos&quot;. Elsa Punset\" width=\"1170\" height=\"658\" src=\"https:\/\/www.youtube.com\/embed\/ZQgFPqNo5jg?feature=oembed\" frameborder=\"0\" allow=\"accelerometer; autoplay; clipboard-write; encrypted-media; gyroscope; picture-in-picture\" allowfullscreen><\/iframe><\/p>\n<h4><span style=\"color: #000000\"><strong>VIDEO 4. MARISA MOYA, DISCIPLINA POSITIVA<\/strong><\/span><span style=\"color: #000000\"><strong>.<\/strong><\/span><\/h4>\n<p><span style=\"color: #000000\">El cuarto v\u00eddeo que queremos compartir con vosotros y vosotras est\u00e1 relacionado con la importancia de la disciplina positiva, es decir, educar desde la amabilidad y firmeza. Vamos a escucharlo de la mano de la maestra y directora de un centro de Educaci\u00f3n Infantil Marisa Moya.<\/span><\/p>\n<p><iframe loading=\"lazy\" title=\"V. Completa. Disciplina Positiva: educar con amabilidad y firmeza. Marisa Moya, maestra y psic\u00f3loga\" width=\"1170\" height=\"658\" src=\"https:\/\/www.youtube.com\/embed\/aBdyQgHFnnQ?feature=oembed\" frameborder=\"0\" allow=\"accelerometer; autoplay; clipboard-write; encrypted-media; gyroscope; picture-in-picture\" allowfullscreen><\/iframe><\/p>\n<h4>Libros sobre emociones y sentimientos para ni\u00f1os.<\/h4>\n<h5 style=\"text-align: center\"><a href=\"https:\/\/blogsaverroes.juntadeandalucia.es\/ceipelpinar\/familias\/libros-sobre-emociones-y-sentimientos-para-nin%cc%83os\/\" rel=\"attachment wp-att-3154\">ENLACE A LOS LIBROS<\/a><\/h5>\n<h4><span style=\"color: #000000\"><strong>VIDEO 5. ANALFABETISMO EMOCIONAL POR EL USO TEMPRANO DE LAS PANTALLAS<\/strong><\/span><\/h4>\n<p><span style=\"color: #000000\">El quinto v\u00eddeo que queremos compartir con vosotros y vosotras est\u00e1 relacionado con las emociones y el uso temprano de las pantallas digitales. Una gesti\u00f3n emocional es fundamental para un desarrollo \u00edntegro de la personal.&nbsp;<\/span><\/p>\n<p><a href=\"https:\/\/www.instagram.com\/tv\/Ce4IpyzFVPB\/?igshid=MDJmNzVkMjY=\">https:\/\/www.instagram.com\/tv\/Ce4IpyzFVPB\/?igshid=MDJmNzVkMjY=<\/a><\/p>\n","protected":false},"excerpt":{"rendered":"<p>Desde el centro educativo nos parece muy importante facilitaros informaci\u00f3n relativa a vuestra tarea como madres y padres, ya que nos hayamos inmersos en unos avances relacionados con las nuevas tecnolog\u00edas, las redes sociales, los videojuegos\u2026 es decir, uso de pantallas en general, que a priori pueden parecer inofensivas, pero que afectan por lo general [&hellip;]<\/p>\n","protected":false},"author":11049,"featured_media":0,"parent":0,"menu_order":0,"comment_status":"closed","ping_status":"closed","template":"","meta":{"ngg_post_thumbnail":0,"footnotes":"","_mc_calendar":[]},"aioseo_notices":[],"_links":{"self":[{"href":"https:\/\/blogsaverroes.juntadeandalucia.es\/ceipelpinar\/wp-json\/wp\/v2\/pages\/3101"}],"collection":[{"href":"https:\/\/blogsaverroes.juntadeandalucia.es\/ceipelpinar\/wp-json\/wp\/v2\/pages"}],"about":[{"href":"https:\/\/blogsaverroes.juntadeandalucia.es\/ceipelpinar\/wp-json\/wp\/v2\/types\/page"}],"author":[{"embeddable":true,"href":"https:\/\/blogsaverroes.juntadeandalucia.es\/ceipelpinar\/wp-json\/wp\/v2\/users\/11049"}],"replies":[{"embeddable":true,"href":"https:\/\/blogsaverroes.juntadeandalucia.es\/ceipelpinar\/wp-json\/wp\/v2\/comments?post=3101"}],"version-history":[{"count":9,"href":"https:\/\/blogsaverroes.juntadeandalucia.es\/ceipelpinar\/wp-json\/wp\/v2\/pages\/3101\/revisions"}],"predecessor-version":[{"id":3259,"href":"https:\/\/blogsaverroes.juntadeandalucia.es\/ceipelpinar\/wp-json\/wp\/v2\/pages\/3101\/revisions\/3259"}],"wp:attachment":[{"href":"https:\/\/blogsaverroes.juntadeandalucia.es\/ceipelpinar\/wp-json\/wp\/v2\/media?parent=3101"}],"curies":[{"name":"wp","href":"https:\/\/api.w.org\/{rel}","templated":true}]}}