{"id":2018,"date":"2015-06-08T12:56:23","date_gmt":"2015-06-08T12:56:23","guid":{"rendered":"http:\/\/blogsaverroes.juntadeandalucia.es\/ceipelprado\/?page_id=2018"},"modified":"2023-11-11T00:00:36","modified_gmt":"2023-11-11T00:00:36","slug":"calendario","status":"publish","type":"page","link":"https:\/\/blogsaverroes.juntadeandalucia.es\/ceipelprado\/calendario\/","title":{"rendered":"Comunidad educativa"},"content":{"rendered":"<p style=\"text-align: justify\"><strong>La comunidad educativa<\/strong> se encarga de promover actividades que lleven al mejoramiento de la calidad de la educaci\u00f3n, y lograr adem\u00e1s mejorar el bienestar psicosocial de los estudiantes. Busca no solamente impartir instrucci\u00f3n o mejorar la calidad de la misma, sino llegar a lo que podr\u00eda llamarse educaci\u00f3n integral, es decir, tambi\u00e9n jugar un rol que vaya m\u00e1s all\u00e1 de los aspectos econ\u00f3micos y estructurales de la planta f\u00edsica de las instituciones educativas, alcanzando niveles de complejidad y responsabilidad al incluir aspectos como los controles en los presupuestos educativos, las evaluaciones de la calidad educativa y los controles a nivel socio-educativo, la conveniente inmersi\u00f3n en los proyectos comunitarios escolares y en los proyectos de aprendizaje, la investigaci\u00f3n pedag\u00f3gica-educativa, etc.<\/p>\n<p style=\"text-align: justify\"><strong>La comunidad educativa<\/strong> puede y debe caracterizarse por estar abierta a los cambios y ser receptiva a las innovaciones.<\/p>\n","protected":false},"excerpt":{"rendered":"<p>La comunidad educativa se encarga de promover actividades que lleven al mejoramiento de la calidad de la educaci\u00f3n, y lograr adem\u00e1s mejorar el bienestar psicosocial de los estudiantes. Busca no solamente impartir instrucci\u00f3n o&#46;&#46;&#46;<\/p>\n","protected":false},"author":1,"featured_media":0,"parent":0,"menu_order":0,"comment_status":"closed","ping_status":"closed","template":"page-c.php","meta":{"ngg_post_thumbnail":0,"footnotes":"","_mc_calendar":[]},"aioseo_notices":[],"_links":{"self":[{"href":"https:\/\/blogsaverroes.juntadeandalucia.es\/ceipelprado\/wp-json\/wp\/v2\/pages\/2018"}],"collection":[{"href":"https:\/\/blogsaverroes.juntadeandalucia.es\/ceipelprado\/wp-json\/wp\/v2\/pages"}],"about":[{"href":"https:\/\/blogsaverroes.juntadeandalucia.es\/ceipelprado\/wp-json\/wp\/v2\/types\/page"}],"author":[{"embeddable":true,"href":"https:\/\/blogsaverroes.juntadeandalucia.es\/ceipelprado\/wp-json\/wp\/v2\/users\/1"}],"replies":[{"embeddable":true,"href":"https:\/\/blogsaverroes.juntadeandalucia.es\/ceipelprado\/wp-json\/wp\/v2\/comments?post=2018"}],"version-history":[{"count":8,"href":"https:\/\/blogsaverroes.juntadeandalucia.es\/ceipelprado\/wp-json\/wp\/v2\/pages\/2018\/revisions"}],"predecessor-version":[{"id":6485,"href":"https:\/\/blogsaverroes.juntadeandalucia.es\/ceipelprado\/wp-json\/wp\/v2\/pages\/2018\/revisions\/6485"}],"wp:attachment":[{"href":"https:\/\/blogsaverroes.juntadeandalucia.es\/ceipelprado\/wp-json\/wp\/v2\/media?parent=2018"}],"curies":[{"name":"wp","href":"https:\/\/api.w.org\/{rel}","templated":true}]}}

<p style="text-align: justify"><strong>La comunidad educativa</strong> se encarga de promover actividades que lleven al mejoramiento de la calidad de la educación, y lograr además mejorar el bienestar psicosocial de los estudiantes. Busca no solamente impartir instrucción o mejorar la calidad de la misma, sino llegar a lo que podría llamarse educación integral, es decir, también jugar un rol que vaya más allá de los aspectos económicos y estructurales de la planta física de las instituciones educativas, alcanzando niveles de complejidad y responsabilidad al incluir aspectos como los controles en los presupuestos educativos, las evaluaciones de la calidad educativa y los controles a nivel socio-educativo, la conveniente inmersión en los proyectos comunitarios escolares y en los proyectos de aprendizaje, la investigación pedagógica-educativa, etc.</p>
<p style="text-align: justify"><strong>La comunidad educativa</strong> puede y debe caracterizarse por estar abierta a los cambios y ser receptiva a las innovaciones.</p>

<p>La comunidad educativa se encarga de promover actividades que lleven al mejoramiento de la calidad de la educación, y lograr además mejorar el bienestar psicosocial de los estudiantes. Busca no solamente impartir instrucción o&#46;&#46;&#46;</p>
