{"id":2086,"date":"2016-05-27T09:30:30","date_gmt":"2016-05-27T09:30:30","guid":{"rendered":"http:\/\/blogsaverroes.juntadeandalucia.es\/ceipelprado\/?page_id=2086"},"modified":"2024-10-03T11:14:14","modified_gmt":"2024-10-03T11:14:14","slug":"redireccion","status":"publish","type":"page","link":"https:\/\/blogsaverroes.juntadeandalucia.es\/ceipelprado\/redireccion\/","title":{"rendered":"A.M.P.A HELICHE CEIP EL PRADO"},"content":{"rendered":"<h3><strong><a href=\"https:\/\/blogsaverroes.juntadeandalucia.es\/ceipelprado\/files\/2022\/05\/Dise\u00f1o-sin-t\u00edtulo-e1651656358377.png\"><img loading=\"lazy\" decoding=\"async\" class=\"wp-image-5547 aligncenter\" src=\"https:\/\/blogsaverroes.juntadeandalucia.es\/ceipelprado\/files\/2022\/05\/Dise\u00f1o-sin-t\u00edtulo-e1651656358377.png\" alt=\"\" width=\"472\" height=\"356\" srcset=\"https:\/\/blogsaverroes.juntadeandalucia.es\/ceipelprado\/files\/2022\/05\/Dise\u00f1o-sin-t\u00edtulo-e1651656358377.png 1131w, https:\/\/blogsaverroes.juntadeandalucia.es\/ceipelprado\/files\/2022\/05\/Dise\u00f1o-sin-t\u00edtulo-e1651656358377-300x226.png 300w, https:\/\/blogsaverroes.juntadeandalucia.es\/ceipelprado\/files\/2022\/05\/Dise\u00f1o-sin-t\u00edtulo-e1651656358377-1024x771.png 1024w, https:\/\/blogsaverroes.juntadeandalucia.es\/ceipelprado\/files\/2022\/05\/Dise\u00f1o-sin-t\u00edtulo-e1651656358377-768x579.png 768w\" sizes=\"(max-width: 472px) 100vw, 472px\" \/><\/a><\/strong><\/h3>\n<h3><strong>Presidenta:&nbsp;<\/strong>M\u00aa Dolores Rivera<\/h3>\n<h3><strong>Secretaria:&nbsp;<\/strong>Margarita Rodr\u00edguez<\/h3>\n<h3><strong>Tesorera:&nbsp;<\/strong>Rocio Guerrero<\/h3>\n<h3><strong>Vocales:&nbsp;<\/strong>Mercedes M. Barroso, Raquel Fraile, Natalia G\u00f3mez, Elena Gayoso, Raquel Jim\u00e9nez, Roc\u00edo Dom\u00ednguez<\/h3>\n<p><a href=\"https:\/\/www.facebook.com\/people\/Ampa-Heliche\/pfbid0H8Gw3LrjVdYRAKCuUf2wsDQTsxwgR67LwVyzdEPwiobGynZbCBsRBPiTGxxxLEnol\/\"><img loading=\"lazy\" decoding=\"async\" class=\"alignleft wp-image-2410\" style=\"font-family: 'Roboto Condensed', sans-serif;font-size: 20px\" src=\"http:\/\/blogsaverroes.juntadeandalucia.es\/ceipelprado\/files\/2016\/05\/fb_icon_325x325-150x150.png\" alt=\"fb_icon_325x325\" width=\"76\" height=\"76\" srcset=\"https:\/\/blogsaverroes.juntadeandalucia.es\/ceipelprado\/files\/2016\/05\/fb_icon_325x325-150x150.png 150w, https:\/\/blogsaverroes.juntadeandalucia.es\/ceipelprado\/files\/2016\/05\/fb_icon_325x325-300x300.png 300w, https:\/\/blogsaverroes.juntadeandalucia.es\/ceipelprado\/files\/2016\/05\/fb_icon_325x325-100x100.png 100w, https:\/\/blogsaverroes.juntadeandalucia.es\/ceipelprado\/files\/2016\/05\/fb_icon_325x325-268x268.png 268w, https:\/\/blogsaverroes.juntadeandalucia.es\/ceipelprado\/files\/2016\/05\/fb_icon_325x325.png 325w\" sizes=\"(max-width: 76px) 100vw, 76px\" \/><\/a><\/p>\n<hr>\n<h3><strong>AMPA Heliche &#8211; CEIP El Prado<\/strong><\/h3>\n","protected":false},"excerpt":{"rendered":"<p>Presidenta:&nbsp;M\u00aa Dolores Rivera Secretaria:&nbsp;Margarita Rodr\u00edguez Tesorera:&nbsp;Rocio Guerrero Vocales:&nbsp;Mercedes M. Barroso, Raquel Fraile, Natalia G\u00f3mez, Elena Gayoso, Raquel Jim\u00e9nez, Roc\u00edo Dom\u00ednguez AMPA Heliche &#8211; CEIP El Prado<\/p>\n","protected":false},"author":1,"featured_media":0,"parent":0,"menu_order":0,"comment_status":"closed","ping_status":"closed","template":"","meta":{"ngg_post_thumbnail":0,"footnotes":"","_mc_calendar":[]},"aioseo_notices":[],"_links":{"self":[{"href":"https:\/\/blogsaverroes.juntadeandalucia.es\/ceipelprado\/wp-json\/wp\/v2\/pages\/2086"}],"collection":[{"href":"https:\/\/blogsaverroes.juntadeandalucia.es\/ceipelprado\/wp-json\/wp\/v2\/pages"}],"about":[{"href":"https:\/\/blogsaverroes.juntadeandalucia.es\/ceipelprado\/wp-json\/wp\/v2\/types\/page"}],"author":[{"embeddable":true,"href":"https:\/\/blogsaverroes.juntadeandalucia.es\/ceipelprado\/wp-json\/wp\/v2\/users\/1"}],"replies":[{"embeddable":true,"href":"https:\/\/blogsaverroes.juntadeandalucia.es\/ceipelprado\/wp-json\/wp\/v2\/comments?post=2086"}],"version-history":[{"count":24,"href":"https:\/\/blogsaverroes.juntadeandalucia.es\/ceipelprado\/wp-json\/wp\/v2\/pages\/2086\/revisions"}],"predecessor-version":[{"id":6833,"href":"https:\/\/blogsaverroes.juntadeandalucia.es\/ceipelprado\/wp-json\/wp\/v2\/pages\/2086\/revisions\/6833"}],"wp:attachment":[{"href":"https:\/\/blogsaverroes.juntadeandalucia.es\/ceipelprado\/wp-json\/wp\/v2\/media?parent=2086"}],"curies":[{"name":"wp","href":"https:\/\/api.w.org\/{rel}","templated":true}]}}

<h3><strong><a href="https://blogsaverroes.juntadeandalucia.es/ceipelprado/files/2022/05/Diseño-sin-título-e1651656358377.png"><img loading="lazy" decoding="async" class="wp-image-5547 aligncenter" src="https://blogsaverroes.juntadeandalucia.es/ceipelprado/files/2022/05/Diseño-sin-título-e1651656358377.png" alt="" width="472" height="356" srcset="https://blogsaverroes.juntadeandalucia.es/ceipelprado/files/2022/05/Diseño-sin-título-e1651656358377.png 1131w, https://blogsaverroes.juntadeandalucia.es/ceipelprado/files/2022/05/Diseño-sin-título-e1651656358377-300x226.png 300w, https://blogsaverroes.juntadeandalucia.es/ceipelprado/files/2022/05/Diseño-sin-título-e1651656358377-1024x771.png 1024w, https://blogsaverroes.juntadeandalucia.es/ceipelprado/files/2022/05/Diseño-sin-título-e1651656358377-768x579.png 768w" sizes="(max-width: 472px) 100vw, 472px" /></a></strong></h3>
<h3><strong>Presidenta:&nbsp;</strong>Mª Dolores Rivera</h3>
<h3><strong>Secretaria:&nbsp;</strong>Margarita Rodríguez</h3>
<h3><strong>Tesorera:&nbsp;</strong>Rocio Guerrero</h3>
<h3><strong>Vocales:&nbsp;</strong>Mercedes M. Barroso, Raquel Fraile, Natalia Gómez, Elena Gayoso, Raquel Jiménez, Rocío Domínguez</h3>
<p><a href="https://www.facebook.com/people/Ampa-Heliche/pfbid0H8Gw3LrjVdYRAKCuUf2wsDQTsxwgR67LwVyzdEPwiobGynZbCBsRBPiTGxxxLEnol/"><img loading="lazy" decoding="async" class="alignleft wp-image-2410" style="font-family: 'Roboto Condensed', sans-serif;font-size: 20px" src="http://blogsaverroes.juntadeandalucia.es/ceipelprado/files/2016/05/fb_icon_325x325-150x150.png" alt="fb_icon_325x325" width="76" height="76" srcset="https://blogsaverroes.juntadeandalucia.es/ceipelprado/files/2016/05/fb_icon_325x325-150x150.png 150w, https://blogsaverroes.juntadeandalucia.es/ceipelprado/files/2016/05/fb_icon_325x325-300x300.png 300w, https://blogsaverroes.juntadeandalucia.es/ceipelprado/files/2016/05/fb_icon_325x325-100x100.png 100w, https://blogsaverroes.juntadeandalucia.es/ceipelprado/files/2016/05/fb_icon_325x325-268x268.png 268w, https://blogsaverroes.juntadeandalucia.es/ceipelprado/files/2016/05/fb_icon_325x325.png 325w" sizes="(max-width: 76px) 100vw, 76px" /></a></p>
<hr>
<h3><strong>AMPA Heliche &#8211; CEIP El Prado</strong></h3>

<p>Presidenta:&nbsp;Mª Dolores Rivera Secretaria:&nbsp;Margarita Rodríguez Tesorera:&nbsp;Rocio Guerrero Vocales:&nbsp;Mercedes M. Barroso, Raquel Fraile, Natalia Gómez, Elena Gayoso, Raquel Jiménez, Rocío Domínguez AMPA Heliche &#8211; CEIP El Prado</p>
