{"id":33,"date":"2020-01-09T12:42:06","date_gmt":"2020-01-09T11:42:06","guid":{"rendered":"http:\/\/blogsaverroes.juntadeandalucia.es\/pre\/nuevoceip2v2\/?page_id=33"},"modified":"2023-01-26T13:50:57","modified_gmt":"2023-01-26T12:50:57","slug":"aula-matinal","status":"publish","type":"page","link":"https:\/\/blogsaverroes.juntadeandalucia.es\/ceipelsantiscal\/aula-matinal\/","title":{"rendered":"Aula matinal"},"content":{"rendered":"<p style=\"text-align: justify\">El centro presta el Servicio de Aula Matinal desde las 7:30 h. La empresa concesionaria es SENDA . Los dos monitores encargados realizan actividades l\u00fadicas educativas con cari\u00f1o y dedicaci\u00f3n.&nbsp;<\/p>\n<p style=\"text-align: justify\">Para solicitar el uso del servicio deben ponerse en contacto con la secretar\u00eda del centro o solicitarlo dentro de los plazos establecidos en la Secretar\u00eda Virtual.<\/p>\n","protected":false},"excerpt":{"rendered":"<p>El centro presta el Servicio de Aula Matinal desde las 7:30 h. La empresa concesionaria es SENDA . Los dos monitores encargados realizan actividades l\u00fadicas educativas con cari\u00f1o y dedicaci\u00f3n.&nbsp; Para solicitar el uso&#46;&#46;&#46;<\/p>\n","protected":false},"author":7051,"featured_media":0,"parent":0,"menu_order":0,"comment_status":"closed","ping_status":"closed","template":"","meta":{"ngg_post_thumbnail":0,"footnotes":""},"aioseo_notices":[],"_links":{"self":[{"href":"https:\/\/blogsaverroes.juntadeandalucia.es\/ceipelsantiscal\/wp-json\/wp\/v2\/pages\/33"}],"collection":[{"href":"https:\/\/blogsaverroes.juntadeandalucia.es\/ceipelsantiscal\/wp-json\/wp\/v2\/pages"}],"about":[{"href":"https:\/\/blogsaverroes.juntadeandalucia.es\/ceipelsantiscal\/wp-json\/wp\/v2\/types\/page"}],"author":[{"embeddable":true,"href":"https:\/\/blogsaverroes.juntadeandalucia.es\/ceipelsantiscal\/wp-json\/wp\/v2\/users\/7051"}],"replies":[{"embeddable":true,"href":"https:\/\/blogsaverroes.juntadeandalucia.es\/ceipelsantiscal\/wp-json\/wp\/v2\/comments?post=33"}],"version-history":[{"count":6,"href":"https:\/\/blogsaverroes.juntadeandalucia.es\/ceipelsantiscal\/wp-json\/wp\/v2\/pages\/33\/revisions"}],"predecessor-version":[{"id":824,"href":"https:\/\/blogsaverroes.juntadeandalucia.es\/ceipelsantiscal\/wp-json\/wp\/v2\/pages\/33\/revisions\/824"}],"wp:attachment":[{"href":"https:\/\/blogsaverroes.juntadeandalucia.es\/ceipelsantiscal\/wp-json\/wp\/v2\/media?parent=33"}],"curies":[{"name":"wp","href":"https:\/\/api.w.org\/{rel}","templated":true}]}}