{"id":41,"date":"2020-01-09T12:45:03","date_gmt":"2020-01-09T11:45:03","guid":{"rendered":"http:\/\/blogsaverroes.juntadeandalucia.es\/pre\/nuevoceip2v2\/?page_id=41"},"modified":"2023-01-09T20:08:06","modified_gmt":"2023-01-09T19:08:06","slug":"introduccion","status":"publish","type":"page","link":"https:\/\/blogsaverroes.juntadeandalucia.es\/ceipelsantiscal\/planes-y-proyectos\/proyecto-educativo\/introduccion\/","title":{"rendered":"Introducci\u00f3n"},"content":{"rendered":"<p><img loading=\"lazy\" decoding=\"async\" class=\"alignleft wp-image-552 \" src=\"https:\/\/blogsaverroes.juntadeandalucia.es\/ceipelsantiscal\/files\/2022\/12\/descarga.png\" alt=\"\" width=\"204\" height=\"224\">&nbsp;El CEIP \u201cEl Santiscal\u201d existe como centro independiente desde el curso 2002-2003. Hasta entonces, form\u00f3 parte del CPR \u201cJulio Mariscal\u201d.<\/p>\n<p>Se encuentra situado en Arcos de la Frontera, en la urbanizaci\u00f3n&nbsp;\u201cEl Santiscal\u201d&nbsp;situada a 5 Km del n\u00facleo urbano. Este hecho le confiere unas caracter\u00edsticas especiales, convirti\u00e9ndolo en referente para la zona en cuanto a oferta cultural para familias y alumnado.<\/p>\n<p>El C.E.I.P. El Santiscal viene participando desde el curso 2005-2006 en el&nbsp;Plan de Fomento del Pluriling\u00fcismo, impartiendo adem\u00e1s idioma&nbsp;franc\u00e9s en Segundo y Tercer Ciclo de Educaci\u00f3n Primaria.<\/p>\n<p>Adem\u00e1s de los&nbsp;Planes Estrat\u00e9gicos de la Junta&nbsp;de Andaluc\u00eda:&nbsp;Escuela Espacio de Paz, Plan de Transformaci\u00f3n Digital Educativa y Plan de Apertura,&nbsp;el centro&nbsp;lleva a cabo diversas iniciativas como el&nbsp;Plan de Biblioteca,&nbsp;Plan de Igualdad&nbsp;o&nbsp;Creciendo en Salud.<\/p>\n<p>Por los buenos resultados que ofrecen y la repercusi\u00f3n de estos mismos en el desarrollo curricular del alumnado del centro, destacan entre ellos el&nbsp;Proyecto ABN&nbsp;de matem\u00e1ticas y el&nbsp;Proyecto de Escritura Creativa.<\/p>\n<p>&nbsp;<\/p>\n<h3 style=\"padding-left: 40px\"><span style=\"font-family: helvetica, arial, sans-serif;font-size: 12pt\">La finalidad \u00faltima de nuestro centro no es otra que preparar al alumnado para que sean ni\u00f1os y ni\u00f1as felices, facilitando que lleguen tan lejos como su propia capacidad y esfuerzo le permita, con el apoyo de todas las estrategias educativas disponibles, reduciendo y compensando las desigualdades personales, interpersonales y sociales.<\/span><\/h3>\n<p style=\"text-align: right\"><span style=\"font-family: helvetica, arial, sans-serif;font-size: 12pt\">CEIP El Santiscal<\/span><\/p>\n<p style=\"text-align: center\"><a href=\"https:\/\/blogsaverroes.juntadeandalucia.es\/ceipelsantiscal\/files\/2023\/01\/1-INTRODUCCI\u00d3N.pdf\"><img loading=\"lazy\" decoding=\"async\" class=\"size-medium wp-image-702 aligncenter\" src=\"https:\/\/blogsaverroes.juntadeandalucia.es\/ceipelsantiscal\/files\/2022\/12\/PDF_file_icon.svg_-244x300.png\" alt=\"\" width=\"244\" height=\"300\" srcset=\"https:\/\/blogsaverroes.juntadeandalucia.es\/ceipelsantiscal\/files\/2022\/12\/PDF_file_icon.svg_-244x300.png 244w, https:\/\/blogsaverroes.juntadeandalucia.es\/ceipelsantiscal\/files\/2022\/12\/PDF_file_icon.svg_-768x943.png 768w, https:\/\/blogsaverroes.juntadeandalucia.es\/ceipelsantiscal\/files\/2022\/12\/PDF_file_icon.svg_.png 833w\" sizes=\"(max-width: 244px) 100vw, 244px\" \/><\/a><\/p>\n","protected":false},"excerpt":{"rendered":"<p>&nbsp;El CEIP \u201cEl Santiscal\u201d existe como centro independiente desde el curso 2002-2003. Hasta entonces, form\u00f3 parte del CPR \u201cJulio Mariscal\u201d. Se encuentra situado en Arcos de la Frontera, en la urbanizaci\u00f3n&nbsp;\u201cEl Santiscal\u201d&nbsp;situada a 5&#46;&#46;&#46;<\/p>\n","protected":false},"author":7051,"featured_media":0,"parent":617,"menu_order":0,"comment_status":"closed","ping_status":"closed","template":"page-template-full.php","meta":{"ngg_post_thumbnail":0,"footnotes":""},"aioseo_notices":[],"_links":{"self":[{"href":"https:\/\/blogsaverroes.juntadeandalucia.es\/ceipelsantiscal\/wp-json\/wp\/v2\/pages\/41"}],"collection":[{"href":"https:\/\/blogsaverroes.juntadeandalucia.es\/ceipelsantiscal\/wp-json\/wp\/v2\/pages"}],"about":[{"href":"https:\/\/blogsaverroes.juntadeandalucia.es\/ceipelsantiscal\/wp-json\/wp\/v2\/types\/page"}],"author":[{"embeddable":true,"href":"https:\/\/blogsaverroes.juntadeandalucia.es\/ceipelsantiscal\/wp-json\/wp\/v2\/users\/7051"}],"replies":[{"embeddable":true,"href":"https:\/\/blogsaverroes.juntadeandalucia.es\/ceipelsantiscal\/wp-json\/wp\/v2\/comments?post=41"}],"version-history":[{"count":4,"href":"https:\/\/blogsaverroes.juntadeandalucia.es\/ceipelsantiscal\/wp-json\/wp\/v2\/pages\/41\/revisions"}],"predecessor-version":[{"id":716,"href":"https:\/\/blogsaverroes.juntadeandalucia.es\/ceipelsantiscal\/wp-json\/wp\/v2\/pages\/41\/revisions\/716"}],"up":[{"embeddable":true,"href":"https:\/\/blogsaverroes.juntadeandalucia.es\/ceipelsantiscal\/wp-json\/wp\/v2\/pages\/617"}],"wp:attachment":[{"href":"https:\/\/blogsaverroes.juntadeandalucia.es\/ceipelsantiscal\/wp-json\/wp\/v2\/media?parent=41"}],"curies":[{"name":"wp","href":"https:\/\/api.w.org\/{rel}","templated":true}]}}

Introducción

<p><img loading="lazy" decoding="async" class="alignleft wp-image-552 " src="https://blogsaverroes.juntadeandalucia.es/ceipelsantiscal/files/2022/12/descarga.png" alt="" width="204" height="224">&nbsp;El CEIP “El Santiscal” existe como centro independiente desde el curso 2002-2003. Hasta entonces, formó parte del CPR “Julio Mariscal”.</p>
<p>Se encuentra situado en Arcos de la Frontera, en la urbanización&nbsp;“El Santiscal”&nbsp;situada a 5 Km del núcleo urbano. Este hecho le confiere unas características especiales, convirtiéndolo en referente para la zona en cuanto a oferta cultural para familias y alumnado.</p>
<p>El C.E.I.P. El Santiscal viene participando desde el curso 2005-2006 en el&nbsp;Plan de Fomento del Plurilingüismo, impartiendo además idioma&nbsp;francés en Segundo y Tercer Ciclo de Educación Primaria.</p>
<p>Además de los&nbsp;Planes Estratégicos de la Junta&nbsp;de Andalucía:&nbsp;Escuela Espacio de Paz, Plan de Transformación Digital Educativa y Plan de Apertura,&nbsp;el centro&nbsp;lleva a cabo diversas iniciativas como el&nbsp;Plan de Biblioteca,&nbsp;Plan de Igualdad&nbsp;o&nbsp;Creciendo en Salud.</p>
<p>Por los buenos resultados que ofrecen y la repercusión de estos mismos en el desarrollo curricular del alumnado del centro, destacan entre ellos el&nbsp;Proyecto ABN&nbsp;de matemáticas y el&nbsp;Proyecto de Escritura Creativa.</p>
<p>&nbsp;</p>
<h3 style="padding-left: 40px"><span style="font-family: helvetica, arial, sans-serif;font-size: 12pt">La finalidad última de nuestro centro no es otra que preparar al alumnado para que sean niños y niñas felices, facilitando que lleguen tan lejos como su propia capacidad y esfuerzo le permita, con el apoyo de todas las estrategias educativas disponibles, reduciendo y compensando las desigualdades personales, interpersonales y sociales.</span></h3>
<p style="text-align: right"><span style="font-family: helvetica, arial, sans-serif;font-size: 12pt">CEIP El Santiscal</span></p>
<p style="text-align: center"><a href="https://blogsaverroes.juntadeandalucia.es/ceipelsantiscal/files/2023/01/1-INTRODUCCIÓN.pdf"><img loading="lazy" decoding="async" class="size-medium wp-image-702 aligncenter" src="https://blogsaverroes.juntadeandalucia.es/ceipelsantiscal/files/2022/12/PDF_file_icon.svg_-244x300.png" alt="" width="244" height="300" srcset="https://blogsaverroes.juntadeandalucia.es/ceipelsantiscal/files/2022/12/PDF_file_icon.svg_-244x300.png 244w, https://blogsaverroes.juntadeandalucia.es/ceipelsantiscal/files/2022/12/PDF_file_icon.svg_-768x943.png 768w, https://blogsaverroes.juntadeandalucia.es/ceipelsantiscal/files/2022/12/PDF_file_icon.svg_.png 833w" sizes="(max-width: 244px) 100vw, 244px" /></a></p>

<p>&nbsp;El CEIP “El Santiscal” existe como centro independiente desde el curso 2002-2003. Hasta entonces, formó parte del CPR “Julio Mariscal”. Se encuentra situado en Arcos de la Frontera, en la urbanización&nbsp;“El Santiscal”&nbsp;situada a 5&#46;&#46;&#46;</p>
