{"id":652,"date":"2022-12-10T10:06:14","date_gmt":"2022-12-10T09:06:14","guid":{"rendered":"https:\/\/blogsaverroes.juntadeandalucia.es\/ceipelsantiscal\/?page_id=652"},"modified":"2023-01-26T13:46:24","modified_gmt":"2023-01-26T12:46:24","slug":"tde","status":"publish","type":"page","link":"https:\/\/blogsaverroes.juntadeandalucia.es\/ceipelsantiscal\/planes-y-proyectos\/tde\/","title":{"rendered":"TDE"},"content":{"rendered":"<p style=\"text-align: justify\"><strong>\u00bfEn qu\u00e9 consiste TDE?<\/strong><\/p>\n<p style=\"text-align: justify\">El concepto de Transformaci\u00f3n Digital Educativa (TDE) incluye el conjunto de actuaciones orientadas a la mejora y modernizaci\u00f3n de los procesos, los procedimientos, los h\u00e1bitos y comportamientos de las organizaciones educativas y de las personas que, haciendo uso de las tecnolog\u00edas digitales, desarrollen su capacidad de hacer frente a los retos de la sociedad actual.<\/p>\n<p style=\"text-align: justify\">De esta forma, la TDE supondr\u00e1 una contribuci\u00f3n en el aprendizaje competencial, en la consecuci\u00f3n de los resultados de aprendizaje del alumnado y en el acceso a las tecnolog\u00edas desde un principio de equidad, bas\u00e1ndose en los Marcos de Referencia Europeos relativos a la competencia digital (DigCompOrg, DigCompEdu y DigComp).<\/p>\n<p style=\"text-align: justify\">El Plan de Transformaci\u00f3n Digital Educativa, dise\u00f1ado por la Coordinadora junto con la Coordinadora CompDigEdu, marca los objetivos a desarrollar durante el presente curso escolar en relaci\u00f3n a la cultura digital.<\/p>\n<p style=\"text-align: justify\">Las l\u00edneas de actuaci\u00f3n se organizan en varios \u00e1mbitos:<\/p>\n<p style=\"text-align: justify\">\u00c1MBITO 1: ORGANIZACI\u00d3N DEL CENTRO<\/p>\n<p style=\"text-align: justify\">\u00c1MBITO 2: INFORMACI\u00d3N Y COMUNICACI\u00d3N<\/p>\n<p style=\"text-align: justify\">\u00c1MBITO 3: \u00c1MBITO DE ENSE\u00d1ANZA-APRENDIZAJE<\/p>\n<p style=\"text-align: justify\">Entre otras actuaciones, destacamos la de generalizar el uso de espacios virtuales de aprendizaje en el conjunto del profesorado, as\u00ed como de herramientas y aplicaciones digitales de Google Workspace, plataforma oficial de trabajo cooperativo y telem\u00e1tico del centro.<\/p>\n<p style=\"text-align: justify\">Los Objetivos de Desarrollo Sostenible (Agenda 2030) vinculados a este plan:<\/p>\n<p style=\"text-align: justify\"><img loading=\"lazy\" decoding=\"async\" class=\"size-medium wp-image-752 aligncenter\" src=\"https:\/\/blogsaverroes.juntadeandalucia.es\/ceipelsantiscal\/files\/2023\/01\/ods4-300x107.png\" alt=\"\" width=\"300\" height=\"107\" srcset=\"https:\/\/blogsaverroes.juntadeandalucia.es\/ceipelsantiscal\/files\/2023\/01\/ods4-300x107.png 300w, https:\/\/blogsaverroes.juntadeandalucia.es\/ceipelsantiscal\/files\/2023\/01\/ods4.png 376w\" sizes=\"(max-width: 300px) 100vw, 300px\" \/><img loading=\"lazy\" decoding=\"async\" class=\"size-medium wp-image-753 aligncenter\" src=\"https:\/\/blogsaverroes.juntadeandalucia.es\/ceipelsantiscal\/files\/2023\/01\/ods5-300x108.png\" alt=\"\" width=\"300\" height=\"108\" srcset=\"https:\/\/blogsaverroes.juntadeandalucia.es\/ceipelsantiscal\/files\/2023\/01\/ods5-300x108.png 300w, https:\/\/blogsaverroes.juntadeandalucia.es\/ceipelsantiscal\/files\/2023\/01\/ods5.png 374w\" sizes=\"(max-width: 300px) 100vw, 300px\" \/> <img loading=\"lazy\" decoding=\"async\" class=\"size-medium wp-image-756 aligncenter\" src=\"https:\/\/blogsaverroes.juntadeandalucia.es\/ceipelsantiscal\/files\/2023\/01\/ods9-300x110.png\" alt=\"\" width=\"300\" height=\"110\" srcset=\"https:\/\/blogsaverroes.juntadeandalucia.es\/ceipelsantiscal\/files\/2023\/01\/ods9-300x110.png 300w, https:\/\/blogsaverroes.juntadeandalucia.es\/ceipelsantiscal\/files\/2023\/01\/ods9.png 371w\" sizes=\"(max-width: 300px) 100vw, 300px\" \/><\/p>\n","protected":false},"excerpt":{"rendered":"<p>\u00bfEn qu\u00e9 consiste TDE? El concepto de Transformaci\u00f3n Digital Educativa (TDE) incluye el conjunto de actuaciones orientadas a la mejora y modernizaci\u00f3n de los procesos, los procedimientos, los h\u00e1bitos y comportamientos de las organizaciones&#46;&#46;&#46;<\/p>\n","protected":false},"author":15727,"featured_media":0,"parent":55,"menu_order":0,"comment_status":"closed","ping_status":"closed","template":"","meta":{"ngg_post_thumbnail":0,"footnotes":""},"aioseo_notices":[],"_links":{"self":[{"href":"https:\/\/blogsaverroes.juntadeandalucia.es\/ceipelsantiscal\/wp-json\/wp\/v2\/pages\/652"}],"collection":[{"href":"https:\/\/blogsaverroes.juntadeandalucia.es\/ceipelsantiscal\/wp-json\/wp\/v2\/pages"}],"about":[{"href":"https:\/\/blogsaverroes.juntadeandalucia.es\/ceipelsantiscal\/wp-json\/wp\/v2\/types\/page"}],"author":[{"embeddable":true,"href":"https:\/\/blogsaverroes.juntadeandalucia.es\/ceipelsantiscal\/wp-json\/wp\/v2\/users\/15727"}],"replies":[{"embeddable":true,"href":"https:\/\/blogsaverroes.juntadeandalucia.es\/ceipelsantiscal\/wp-json\/wp\/v2\/comments?post=652"}],"version-history":[{"count":7,"href":"https:\/\/blogsaverroes.juntadeandalucia.es\/ceipelsantiscal\/wp-json\/wp\/v2\/pages\/652\/revisions"}],"predecessor-version":[{"id":820,"href":"https:\/\/blogsaverroes.juntadeandalucia.es\/ceipelsantiscal\/wp-json\/wp\/v2\/pages\/652\/revisions\/820"}],"up":[{"embeddable":true,"href":"https:\/\/blogsaverroes.juntadeandalucia.es\/ceipelsantiscal\/wp-json\/wp\/v2\/pages\/55"}],"wp:attachment":[{"href":"https:\/\/blogsaverroes.juntadeandalucia.es\/ceipelsantiscal\/wp-json\/wp\/v2\/media?parent=652"}],"curies":[{"name":"wp","href":"https:\/\/api.w.org\/{rel}","templated":true}]}}