{"id":660,"date":"2022-12-10T10:10:00","date_gmt":"2022-12-10T09:10:00","guid":{"rendered":"https:\/\/blogsaverroes.juntadeandalucia.es\/ceipelsantiscal\/?page_id=660"},"modified":"2023-01-26T13:48:24","modified_gmt":"2023-01-26T12:48:24","slug":"igualdad","status":"publish","type":"page","link":"https:\/\/blogsaverroes.juntadeandalucia.es\/ceipelsantiscal\/planes-y-proyectos\/igualdad\/","title":{"rendered":"Igualdad"},"content":{"rendered":"<p style=\"text-align: justify\"><i><span style=\"font-weight: 400\">El Proyecto Educativo del CEIP EL SANTISCAL <\/span><\/i><span style=\"font-weight: 400\">desarrolla, desde hace varios cursos, diversos planes dise\u00f1ados con el fin de garantizar una oferta educativa de calidad que cuenta con el compromiso del profesorado. Uno de estos proyectos es el destinado a garantizar una educaci\u00f3n a ni\u00f1as y ni\u00f1os en igualdad, ofreciendo actividades, seleccionando materiales, desarrollando estrategias de actuaci\u00f3n que erradiquen los roles sexistas desde la primera infancia y extendiendo las actuaciones a las familias del alumnado que atiende en sus aulas.<\/span><\/p>\n<p style=\"text-align: justify\"><i><span style=\"font-weight: 400\">Queremos que la escuela sirva para <\/span><\/i><span style=\"font-weight: 400\">prepararnos para la vida, no para la de antes sino para el futuro. Necesitamos mujeres y hombres que no se averg\u00fcencen de sus sentimientos, ni de tenerlos ni de manifestarlos, que usen el di\u00e1logo, la reflexi\u00f3n, la intuici\u00f3n o el cari\u00f1o en vez de la violencia, que sepan trabajar en grupo aceptando a las personas como son y valorando las diferencias, que quieran cuidar de sus familias y de sus hogares sin separar las tareas necesarias por sexos, que sean autosuficientes en las actividades normales de la vida, ya sea ir al banco o coser un bot\u00f3n. Es por ello que desde las diversas \u00e1reas se plantean actividades que abarquen dichos aspectos.<\/span><\/p>\n<p style=\"text-align: justify\">El presente curso tambi\u00e9n hemos extendido esta actuaci\u00f3n con el proyecto aprobado del Pacto de Estado Contra la Violencia de G\u00e9nero.<img loading=\"lazy\" decoding=\"async\" class=\"size-full wp-image-767 aligncenter\" src=\"https:\/\/blogsaverroes.juntadeandalucia.es\/ceipelsantiscal\/files\/2023\/01\/pactodestado.jpg\" alt=\"\" width=\"251\" height=\"201\"><\/p>\n<p>Los Objetivos de Desarrollo Sostenible (Agenda 2030) vinculados a este plan son los siguientes:<\/p>\n<p><img loading=\"lazy\" decoding=\"async\" class=\"size-medium wp-image-752 aligncenter\" src=\"https:\/\/blogsaverroes.juntadeandalucia.es\/ceipelsantiscal\/files\/2023\/01\/ods4-300x107.png\" alt=\"\" width=\"300\" height=\"107\" srcset=\"https:\/\/blogsaverroes.juntadeandalucia.es\/ceipelsantiscal\/files\/2023\/01\/ods4-300x107.png 300w, https:\/\/blogsaverroes.juntadeandalucia.es\/ceipelsantiscal\/files\/2023\/01\/ods4.png 376w\" sizes=\"(max-width: 300px) 100vw, 300px\" \/> <img loading=\"lazy\" decoding=\"async\" class=\"size-medium wp-image-753 aligncenter\" src=\"https:\/\/blogsaverroes.juntadeandalucia.es\/ceipelsantiscal\/files\/2023\/01\/ods5-300x108.png\" alt=\"\" width=\"300\" height=\"108\" srcset=\"https:\/\/blogsaverroes.juntadeandalucia.es\/ceipelsantiscal\/files\/2023\/01\/ods5-300x108.png 300w, https:\/\/blogsaverroes.juntadeandalucia.es\/ceipelsantiscal\/files\/2023\/01\/ods5.png 374w\" sizes=\"(max-width: 300px) 100vw, 300px\" \/><img loading=\"lazy\" decoding=\"async\" class=\"size-medium wp-image-766 aligncenter\" src=\"https:\/\/blogsaverroes.juntadeandalucia.es\/ceipelsantiscal\/files\/2023\/01\/ods16-300x146.png\" alt=\"\" width=\"300\" height=\"146\" srcset=\"https:\/\/blogsaverroes.juntadeandalucia.es\/ceipelsantiscal\/files\/2023\/01\/ods16-300x146.png 300w, https:\/\/blogsaverroes.juntadeandalucia.es\/ceipelsantiscal\/files\/2023\/01\/ods16.png 322w\" sizes=\"(max-width: 300px) 100vw, 300px\" \/><\/p>\n","protected":false},"excerpt":{"rendered":"<p>El Proyecto Educativo del CEIP EL SANTISCAL desarrolla, desde hace varios cursos, diversos planes dise\u00f1ados con el fin de garantizar una oferta educativa de calidad que cuenta con el compromiso del profesorado. Uno de&#46;&#46;&#46;<\/p>\n","protected":false},"author":15727,"featured_media":0,"parent":55,"menu_order":0,"comment_status":"closed","ping_status":"closed","template":"","meta":{"ngg_post_thumbnail":0,"footnotes":""},"aioseo_notices":[],"_links":{"self":[{"href":"https:\/\/blogsaverroes.juntadeandalucia.es\/ceipelsantiscal\/wp-json\/wp\/v2\/pages\/660"}],"collection":[{"href":"https:\/\/blogsaverroes.juntadeandalucia.es\/ceipelsantiscal\/wp-json\/wp\/v2\/pages"}],"about":[{"href":"https:\/\/blogsaverroes.juntadeandalucia.es\/ceipelsantiscal\/wp-json\/wp\/v2\/types\/page"}],"author":[{"embeddable":true,"href":"https:\/\/blogsaverroes.juntadeandalucia.es\/ceipelsantiscal\/wp-json\/wp\/v2\/users\/15727"}],"replies":[{"embeddable":true,"href":"https:\/\/blogsaverroes.juntadeandalucia.es\/ceipelsantiscal\/wp-json\/wp\/v2\/comments?post=660"}],"version-history":[{"count":7,"href":"https:\/\/blogsaverroes.juntadeandalucia.es\/ceipelsantiscal\/wp-json\/wp\/v2\/pages\/660\/revisions"}],"predecessor-version":[{"id":822,"href":"https:\/\/blogsaverroes.juntadeandalucia.es\/ceipelsantiscal\/wp-json\/wp\/v2\/pages\/660\/revisions\/822"}],"up":[{"embeddable":true,"href":"https:\/\/blogsaverroes.juntadeandalucia.es\/ceipelsantiscal\/wp-json\/wp\/v2\/pages\/55"}],"wp:attachment":[{"href":"https:\/\/blogsaverroes.juntadeandalucia.es\/ceipelsantiscal\/wp-json\/wp\/v2\/media?parent=660"}],"curies":[{"name":"wp","href":"https:\/\/api.w.org\/{rel}","templated":true}]}}

<p style="text-align: justify"><i><span style="font-weight: 400">El Proyecto Educativo del CEIP EL SANTISCAL </span></i><span style="font-weight: 400">desarrolla, desde hace varios cursos, diversos planes diseñados con el fin de garantizar una oferta educativa de calidad que cuenta con el compromiso del profesorado. Uno de estos proyectos es el destinado a garantizar una educación a niñas y niños en igualdad, ofreciendo actividades, seleccionando materiales, desarrollando estrategias de actuación que erradiquen los roles sexistas desde la primera infancia y extendiendo las actuaciones a las familias del alumnado que atiende en sus aulas.</span></p>
<p style="text-align: justify"><i><span style="font-weight: 400">Queremos que la escuela sirva para </span></i><span style="font-weight: 400">prepararnos para la vida, no para la de antes sino para el futuro. Necesitamos mujeres y hombres que no se avergüencen de sus sentimientos, ni de tenerlos ni de manifestarlos, que usen el diálogo, la reflexión, la intuición o el cariño en vez de la violencia, que sepan trabajar en grupo aceptando a las personas como son y valorando las diferencias, que quieran cuidar de sus familias y de sus hogares sin separar las tareas necesarias por sexos, que sean autosuficientes en las actividades normales de la vida, ya sea ir al banco o coser un botón. Es por ello que desde las diversas áreas se plantean actividades que abarquen dichos aspectos.</span></p>
<p style="text-align: justify">El presente curso también hemos extendido esta actuación con el proyecto aprobado del Pacto de Estado Contra la Violencia de Género.<img loading="lazy" decoding="async" class="size-full wp-image-767 aligncenter" src="https://blogsaverroes.juntadeandalucia.es/ceipelsantiscal/files/2023/01/pactodestado.jpg" alt="" width="251" height="201"></p>
<p>Los Objetivos de Desarrollo Sostenible (Agenda 2030) vinculados a este plan son los siguientes:</p>
<p><img loading="lazy" decoding="async" class="size-medium wp-image-752 aligncenter" src="https://blogsaverroes.juntadeandalucia.es/ceipelsantiscal/files/2023/01/ods4-300x107.png" alt="" width="300" height="107" srcset="https://blogsaverroes.juntadeandalucia.es/ceipelsantiscal/files/2023/01/ods4-300x107.png 300w, https://blogsaverroes.juntadeandalucia.es/ceipelsantiscal/files/2023/01/ods4.png 376w" sizes="(max-width: 300px) 100vw, 300px" /> <img loading="lazy" decoding="async" class="size-medium wp-image-753 aligncenter" src="https://blogsaverroes.juntadeandalucia.es/ceipelsantiscal/files/2023/01/ods5-300x108.png" alt="" width="300" height="108" srcset="https://blogsaverroes.juntadeandalucia.es/ceipelsantiscal/files/2023/01/ods5-300x108.png 300w, https://blogsaverroes.juntadeandalucia.es/ceipelsantiscal/files/2023/01/ods5.png 374w" sizes="(max-width: 300px) 100vw, 300px" /><img loading="lazy" decoding="async" class="size-medium wp-image-766 aligncenter" src="https://blogsaverroes.juntadeandalucia.es/ceipelsantiscal/files/2023/01/ods16-300x146.png" alt="" width="300" height="146" srcset="https://blogsaverroes.juntadeandalucia.es/ceipelsantiscal/files/2023/01/ods16-300x146.png 300w, https://blogsaverroes.juntadeandalucia.es/ceipelsantiscal/files/2023/01/ods16.png 322w" sizes="(max-width: 300px) 100vw, 300px" /></p>

<p>El Proyecto Educativo del CEIP EL SANTISCAL desarrolla, desde hace varios cursos, diversos planes diseñados con el fin de garantizar una oferta educativa de calidad que cuenta con el compromiso del profesorado. Uno de&#46;&#46;&#46;</p>
