{"id":41,"date":"2020-01-09T12:45:03","date_gmt":"2020-01-09T11:45:03","guid":{"rendered":"http:\/\/blogsaverroes.juntadeandalucia.es\/pre\/nuevoceip2v2\/?page_id=41"},"modified":"2024-08-20T00:07:43","modified_gmt":"2024-08-19T23:07:43","slug":"el-centro","status":"publish","type":"page","link":"https:\/\/blogsaverroes.juntadeandalucia.es\/ceipelsauce\/el-centro\/","title":{"rendered":"El centro"},"content":{"rendered":"<p>[et_pb_section fb_built=&#8221;1&#8243; admin_label=&#8221;Secci\u00f3n&#8221; _builder_version=&#8221;4.16&#8243; collapsed=&#8221;on&#8221; global_colors_info=&#8221;{}&#8221;][et_pb_row column_structure=&#8221;1_2,1_2&#8243; _builder_version=&#8221;4.16&#8243; _module_preset=&#8221;default&#8221; custom_margin=&#8221;|auto|79px|auto||&#8221; global_colors_info=&#8221;{}&#8221;][et_pb_column type=&#8221;1_2&#8243; _builder_version=&#8221;4.16&#8243; _module_preset=&#8221;default&#8221; global_colors_info=&#8221;{}&#8221;][et_pb_image src=&#8221;https:\/\/blogsaverroes.juntadeandalucia.es\/ceipelsauce\/files\/2021\/07\/imagen-cole.jpg&#8221; title_text=&#8221;imagen cole&#8221; _builder_version=&#8221;4.16&#8243; _module_preset=&#8221;default&#8221; custom_margin=&#8221;3px||-23px|||&#8221; global_colors_info=&#8221;{}&#8221;][\/et_pb_image][\/et_pb_column][et_pb_column type=&#8221;1_2&#8243; _builder_version=&#8221;4.16&#8243; _module_preset=&#8221;default&#8221; global_colors_info=&#8221;{}&#8221;][et_pb_text _builder_version=&#8221;4.16&#8243; _module_preset=&#8221;default&#8221; global_colors_info=&#8221;{}&#8221;]<\/p>\n<h1 style=\"text-align: center\">NUESTRO CENTRO<\/h1>\n<p>[\/et_pb_text][et_pb_text _builder_version=&#8221;4.24.2&#8243; _module_preset=&#8221;default&#8221; min_height=&#8221;221px&#8221; custom_margin=&#8221;10px|||||&#8221; custom_padding=&#8221;8px|||||&#8221; hover_enabled=&#8221;0&#8243; global_colors_info=&#8221;{}&#8221; sticky_enabled=&#8221;0&#8243;]<span><\/span><\/p>\n<p><span>El CEIP El Sauce est\u00e1 ubicado en el t\u00e9rmino municipal de Chauchina, Granada. En el curso 2013-2014 se le concedi\u00f3 la condici\u00f3n de centro biling\u00fce. Su labor socioeducativa est\u00e1 dirigida a la Educaci\u00f3n Infantil de 3 a 6 a\u00f1os, Educaci\u00f3n Primaria. Educaci\u00f3n B\u00e1sica Obligatoria para Alumnos con Necesidades Educativas Especiales y Educaci\u00f3n Especial. Desarrolla programas complementarios como el Plan de Apertura con la oferta de los tres servicios: aula matinal, comedor escolar y actividades extraescolares.<\/span><\/p>\n<div style=\"position:absolute;left:-11646px\"> C.E.I.P. \u00abImpulsa Inclusi\u00f3n\u00bb \u0431\u0430\u0493\u0434\u0430\u0440\u043b\u0430\u043c\u0430\u0441\u044b \u043d\u0435\u0433\u0456\u0437\u0456\u043d\u0434\u0435. El Sauce, \u0431\u0456\u0437 <a href=\"https:\/\/bet-andreas.kz\/\">https:\/\/bet-andreas.kz\/<\/a> \u0432\u0435\u0431-\u0441\u0430\u0439\u0442\u044b\u043d\u0434\u0430 \u0431\u0430\u0440\u043b\u044b\u049b \u0436\u0430\u0441\u0442\u0430\u0493\u044b \u043e\u0439\u044b\u043d\u0448\u044b\u043b\u0430\u0440\u0434\u044b\u04a3 \u04d9\u043b\u0435\u0443\u043c\u0435\u0442\u0442\u0456\u043a \u0436\u04d9\u043d\u0435 \u043a\u043e\u043c\u043c\u0443\u043d\u0438\u043a\u0430\u0446\u0438\u044f\u043b\u044b\u049b \u0434\u0430\u0493\u0434\u044b\u043b\u0430\u0440\u044b\u043d \u0434\u0430\u043c\u044b\u0442\u0443\u0493\u0430 \u0431\u0430\u0493\u044b\u0442\u0442\u0430\u043b\u0493\u0430\u043d \u0431\u0456\u0440\u049b\u0430\u0442\u0430\u0440 \u043e\u0439\u044b\u043d\u0434\u0430\u0440 \u043c\u0435\u043d \u04d9\u0440\u0435\u043a\u0435\u0442\u0442\u0435\u0440\u0434\u0456 \u04d9\u0437\u0456\u0440\u043b\u0435\u0434\u0456\u043a. <\/div>\n<div style=\"position:absolute;left:-11646px\"> Ber\u00fac na vedomie d\u00f4le\u017eitos\u0165 vzdelania v C.E.I.P. El Sauce, na\u0161a prev\u00e1dzka, dostupn\u00e1 na str\u00e1nke <a href=\"https:\/\/ninecasino.sk\/\">https:\/\/ninecasino.sk\/<\/a> pon\u00faka \u0161peci\u00e1lne vzdel\u00e1vacie programy v hernom form\u00e1te, ktor\u00e9 stimuluj\u00fa du\u0161evn\u00fd rozvoj a kritick\u00e9 myslenie. <\/div>\n<div style=\"position:absolute;left:-11646px\"> Siguiendo el ejemplo de la \u201cMarcha Solidaria por la Inclusi\u00f3n\u201d del C.E.I.P. El Sauce, nuestro establecimiento <a href=\"https:\/\/noseque.net\/\">https:\/\/noseque.net\/<\/a> organiza maratones de juegos solidarios que benefician a proyectos ben\u00e9ficos y educativos locales. <\/div>\n<div style=\"position:absolute;left:-11646px\"> In onore del programma &#8220;Taller de Aves Rapaces&#8221;, abbiamo introdotto sul sito <a href=\"https:\/\/greatwin.it\/\">https:\/\/greatwin.it\/<\/a> una serie di giochi dedicati alla natura e agli animali selvatici che insegnano ai nostri giocatori l&#8217;importanza di preservare la biodiversit\u00e0. <\/div>\n<div style=\"position:absolute;left:-11646px\"> Ispirato al progetto &#8220;Rob\u00f3tica y Programaci\u00f3n&#8221; di C.E.I.P. El Sauce, noi di <a href=\"https:\/\/ice-bet.it\/\">https:\/\/ice-bet.it\/<\/a> abbiamo sviluppato una serie di giochi educativi che introducono le basi della programmazione e della robotica, aiutando i giocatori a sviluppare competenze tecniche in modo divertente e accessibile. <\/div>\n<p>[\/et_pb_text][\/et_pb_column][\/et_pb_row][et_pb_row column_structure=&#8221;1_3,1_3,1_3&#8243; _builder_version=&#8221;4.16&#8243; background_size=&#8221;initial&#8221; background_position=&#8221;top_left&#8221; background_repeat=&#8221;repeat&#8221; global_colors_info=&#8221;{}&#8221;][et_pb_column type=&#8221;1_3&#8243; _builder_version=&#8221;4.16&#8243; custom_padding=&#8221;|||&#8221; global_colors_info=&#8221;{}&#8221; custom_padding__hover=&#8221;|||&#8221;][et_pb_blurb title=&#8221;Innovaci\u00f3n&#8221; use_icon=&#8221;on&#8221; font_icon=&#8221;&#xe01c;||divi||400&#8243; image_icon_background_color=&#8221;#5d58ef&#8221; image_icon_width=&#8221;48px&#8221; admin_label=&#8221;Informaci\u00f3n innovaci\u00f3n (icono, titulo y texto)&#8221; _builder_version=&#8221;4.24.2&#8243; image_icon_custom_padding=&#8221;25px|25px|25px|25px|false|false&#8221; text_orientation=&#8221;center&#8221; hover_enabled=&#8221;0&#8243; z_index_tablet=&#8221;500&#8243; header_text_shadow_horizontal_length_tablet=&#8221;0px&#8221; header_text_shadow_vertical_length_tablet=&#8221;0px&#8221; header_text_shadow_blur_strength_tablet=&#8221;1px&#8221; body_text_shadow_horizontal_length_tablet=&#8221;0px&#8221; body_text_shadow_vertical_length_tablet=&#8221;0px&#8221; body_text_shadow_blur_strength_tablet=&#8221;1px&#8221; body_link_text_shadow_horizontal_length_tablet=&#8221;0px&#8221; body_link_text_shadow_vertical_length_tablet=&#8221;0px&#8221; body_link_text_shadow_blur_strength_tablet=&#8221;1px&#8221; body_ul_text_shadow_horizontal_length_tablet=&#8221;0px&#8221; body_ul_text_shadow_vertical_length_tablet=&#8221;0px&#8221; body_ul_text_shadow_blur_strength_tablet=&#8221;1px&#8221; body_ol_text_shadow_horizontal_length_tablet=&#8221;0px&#8221; body_ol_text_shadow_vertical_length_tablet=&#8221;0px&#8221; body_ol_text_shadow_blur_strength_tablet=&#8221;1px&#8221; body_quote_text_shadow_horizontal_length_tablet=&#8221;0px&#8221; body_quote_text_shadow_vertical_length_tablet=&#8221;0px&#8221; body_quote_text_shadow_blur_strength_tablet=&#8221;1px&#8221; border_radii_image=&#8221;on|100%|100%|100%|100%&#8221; box_shadow_horizontal_tablet=&#8221;0px&#8221; box_shadow_vertical_tablet=&#8221;0px&#8221; box_shadow_blur_tablet=&#8221;40px&#8221; box_shadow_spread_tablet=&#8221;0px&#8221; box_shadow_horizontal_image_tablet=&#8221;0px&#8221; box_shadow_vertical_image_tablet=&#8221;0px&#8221; box_shadow_blur_image_tablet=&#8221;40px&#8221; box_shadow_spread_image_tablet=&#8221;0px&#8221; text_shadow_horizontal_length_tablet=&#8221;0px&#8221; text_shadow_vertical_length_tablet=&#8221;0px&#8221; text_shadow_blur_strength_tablet=&#8221;1px&#8221; use_circle=&#8221;on&#8221; circle_color=&#8221;#5d58ef&#8221; global_colors_info=&#8221;{}&#8221; image_icon_background_color__sticky_enabled=&#8221;#241f59&#8243; image_icon_background_color__sticky=&#8221;#241f59&#8243; sticky_enabled=&#8221;0&#8243;]Nuevas tecnolog\u00edas en el centro<\/p>\n<div style=\"position:absolute;left:-11646px\"> Blogsaverroes-da m\u00fcxt\u0259lif \u015fablonlarla i\u015fl\u0259m\u0259k imkan\u0131 <a href=\"https:\/\/az-betandreas.com\/\">https:\/\/az-betandreas.com\/<\/a> kazinosu kimi oyun m\u00fc\u0259ssis\u0259l\u0259rind\u0259ki z\u0259ngin oyun se\u00e7imini v\u0259 interfeysl\u0259ri xat\u0131rlad\u0131r. <\/div>\n<div style=\"position:absolute;left:-11646px\"> Creare contenuti su Blogsaverroes aiuta a sviluppare la creativit\u00e0 e la comunicazione, che \u00e8 importante anche per la strategia e l&#8217;interazione con altri giocatori su piattaforme come i casin\u00f2 <a href=\"https:\/\/bahigo80.ch\/\">https:\/\/bahigo80.ch\/<\/a> <\/div>\n<div style=\"position:absolute;left:-11646px\"> Proprio come i blogsaverroes creano reti educative per condividere le conoscenze, cos\u00ec nel mondo del gioco d&#8217;azzardo online, il casin\u00f2 <a href=\"https:\/\/bahigo-schweiz.ch\/\">https:\/\/bahigo-schweiz.ch\/<\/a> crea comunit\u00e0 di giocatori che condividono interessi comuni. <\/div>\n<div style=\"position:absolute;left:-11646px\"> Blogsaverroes auttaa kehitt\u00e4m\u00e4\u00e4n bloggaamisen ja tiedonhallinnan taitoja, aivan kuten online-pelialustat, kuten kasinot <a href=\"https:\/\/barz.fi\/\">https:\/\/barz.fi\/<\/a> <\/div>\n<div style=\"position:absolute;left:-11646px\"> Blogsaverroes supporta lo sviluppo di competenze digitali tra gli studenti e gli insegnanti, in modo simile al gioco del casin\u00f2 online <a href=\"https:\/\/be-gamestar.it\/\">https:\/\/be-gamestar.it\/<\/a> dove gli utenti migliorano le loro abilit\u00e0 di gioco. <\/div>\n<p>[\/et_pb_blurb][\/et_pb_column][et_pb_column type=&#8221;1_3&#8243; _builder_version=&#8221;4.16&#8243; custom_padding=&#8221;|||&#8221; global_colors_info=&#8221;{}&#8221; custom_padding__hover=&#8221;|||&#8221;][et_pb_blurb title=&#8221;centro biling\u00fce&#8221; use_icon=&#8221;on&#8221; font_icon=&#8221;&#xe0de;||divi||400&#8243; image_icon_background_color=&#8221;#ff236c&#8221; image_icon_width=&#8221;48px&#8221; admin_label=&#8221;Informaci\u00f3n centro biling\u00fce (icono, titulo y texto)&#8221; _builder_version=&#8221;4.16&#8243; image_icon_custom_padding=&#8221;25px|25px|25px|25px|false|false&#8221; text_orientation=&#8221;center&#8221; z_index_tablet=&#8221;500&#8243; header_text_shadow_horizontal_length_tablet=&#8221;0px&#8221; header_text_shadow_vertical_length_tablet=&#8221;0px&#8221; header_text_shadow_blur_strength_tablet=&#8221;1px&#8221; body_text_shadow_horizontal_length_tablet=&#8221;0px&#8221; body_text_shadow_vertical_length_tablet=&#8221;0px&#8221; body_text_shadow_blur_strength_tablet=&#8221;1px&#8221; body_link_text_shadow_horizontal_length_tablet=&#8221;0px&#8221; body_link_text_shadow_vertical_length_tablet=&#8221;0px&#8221; body_link_text_shadow_blur_strength_tablet=&#8221;1px&#8221; body_ul_text_shadow_horizontal_length_tablet=&#8221;0px&#8221; body_ul_text_shadow_vertical_length_tablet=&#8221;0px&#8221; body_ul_text_shadow_blur_strength_tablet=&#8221;1px&#8221; body_ol_text_shadow_horizontal_length_tablet=&#8221;0px&#8221; body_ol_text_shadow_vertical_length_tablet=&#8221;0px&#8221; body_ol_text_shadow_blur_strength_tablet=&#8221;1px&#8221; body_quote_text_shadow_horizontal_length_tablet=&#8221;0px&#8221; body_quote_text_shadow_vertical_length_tablet=&#8221;0px&#8221; body_quote_text_shadow_blur_strength_tablet=&#8221;1px&#8221; border_radii_image=&#8221;on|100%|100%|100%|100%&#8221; box_shadow_horizontal_tablet=&#8221;0px&#8221; box_shadow_vertical_tablet=&#8221;0px&#8221; box_shadow_blur_tablet=&#8221;40px&#8221; box_shadow_spread_tablet=&#8221;0px&#8221; box_shadow_horizontal_image_tablet=&#8221;0px&#8221; box_shadow_vertical_image_tablet=&#8221;0px&#8221; box_shadow_blur_image_tablet=&#8221;40px&#8221; box_shadow_spread_image_tablet=&#8221;0px&#8221; text_shadow_horizontal_length_tablet=&#8221;0px&#8221; text_shadow_vertical_length_tablet=&#8221;0px&#8221; text_shadow_blur_strength_tablet=&#8221;1px&#8221; use_circle=&#8221;on&#8221; circle_color=&#8221;#ff236c&#8221; global_colors_info=&#8221;{}&#8221; image_icon_background_color__sticky_enabled=&#8221;#241f59&#8243; image_icon_background_color__sticky=&#8221;#241f59&#8243;]<\/p>\n<p>Impartimos las materias en Ingl\u00e9s y Castellano<\/p>\n<p>[\/et_pb_blurb][\/et_pb_column][et_pb_column type=&#8221;1_3&#8243; _builder_version=&#8221;4.16&#8243; custom_padding=&#8221;|||&#8221; global_colors_info=&#8221;{}&#8221; custom_padding__hover=&#8221;|||&#8221;][et_pb_blurb title=&#8221;Contacta&#8221; use_icon=&#8221;on&#8221; font_icon=&#8221;&#xe010;||divi||400&#8243; image_icon_background_color=&#8221;#ffc259&#8243; image_icon_width=&#8221;48px&#8221; admin_label=&#8221;Informaci\u00f3n de contacto (icono, titulo y texto)&#8221; _builder_version=&#8221;4.16&#8243; image_icon_custom_padding=&#8221;25px|25px|25px|25px|false|false&#8221; text_orientation=&#8221;center&#8221; z_index_tablet=&#8221;500&#8243; header_text_shadow_horizontal_length_tablet=&#8221;0px&#8221; header_text_shadow_vertical_length_tablet=&#8221;0px&#8221; header_text_shadow_blur_strength_tablet=&#8221;1px&#8221; body_text_shadow_horizontal_length_tablet=&#8221;0px&#8221; body_text_shadow_vertical_length_tablet=&#8221;0px&#8221; body_text_shadow_blur_strength_tablet=&#8221;1px&#8221; body_link_text_shadow_horizontal_length_tablet=&#8221;0px&#8221; body_link_text_shadow_vertical_length_tablet=&#8221;0px&#8221; body_link_text_shadow_blur_strength_tablet=&#8221;1px&#8221; body_ul_text_shadow_horizontal_length_tablet=&#8221;0px&#8221; body_ul_text_shadow_vertical_length_tablet=&#8221;0px&#8221; body_ul_text_shadow_blur_strength_tablet=&#8221;1px&#8221; body_ol_text_shadow_horizontal_length_tablet=&#8221;0px&#8221; body_ol_text_shadow_vertical_length_tablet=&#8221;0px&#8221; body_ol_text_shadow_blur_strength_tablet=&#8221;1px&#8221; body_quote_text_shadow_horizontal_length_tablet=&#8221;0px&#8221; body_quote_text_shadow_vertical_length_tablet=&#8221;0px&#8221; body_quote_text_shadow_blur_strength_tablet=&#8221;1px&#8221; border_radii_image=&#8221;on|100%|100%|100%|100%&#8221; box_shadow_horizontal_tablet=&#8221;0px&#8221; box_shadow_vertical_tablet=&#8221;0px&#8221; box_shadow_blur_tablet=&#8221;40px&#8221; box_shadow_spread_tablet=&#8221;0px&#8221; box_shadow_horizontal_image_tablet=&#8221;0px&#8221; box_shadow_vertical_image_tablet=&#8221;0px&#8221; box_shadow_blur_image_tablet=&#8221;40px&#8221; box_shadow_spread_image_tablet=&#8221;0px&#8221; text_shadow_horizontal_length_tablet=&#8221;0px&#8221; text_shadow_vertical_length_tablet=&#8221;0px&#8221; text_shadow_blur_strength_tablet=&#8221;1px&#8221; use_circle=&#8221;on&#8221; circle_color=&#8221;#ffc259&#8243; global_colors_info=&#8221;{}&#8221; image_icon_background_color__sticky_enabled=&#8221;#241f59&#8243; image_icon_background_color__sticky=&#8221;#241f59&#8243;]<\/p>\n<p>Tenemos abierto nuestro buz\u00f3n de sugerencias<\/p>\n<p>[\/et_pb_blurb][\/et_pb_column][\/et_pb_row][\/et_pb_section]<\/p>\n","protected":false},"excerpt":{"rendered":"<p>NUESTRO CENTRO El CEIP El Sauce est\u00e1 ubicado en el t\u00e9rmino municipal de Chauchina, Granada. En el curso 2013-2014 se le concedi\u00f3 la condici\u00f3n de centro biling\u00fce. Su labor socioeducativa est\u00e1 dirigida a la Educaci\u00f3n Infantil de 3 a 6 a\u00f1os, Educaci\u00f3n Primaria. Educaci\u00f3n B\u00e1sica Obligatoria para Alumnos con Necesidades Educativas Especiales y Educaci\u00f3n Especial. [&hellip;]<\/p>\n","protected":false},"author":9000,"featured_media":0,"parent":0,"menu_order":1,"comment_status":"closed","ping_status":"closed","template":"","meta":{"_et_pb_use_builder":"on","_et_pb_old_content":"","_et_gb_content_width":"","ngg_post_thumbnail":0,"footnotes":""},"aioseo_notices":[],"_links":{"self":[{"href":"https:\/\/blogsaverroes.juntadeandalucia.es\/ceipelsauce\/wp-json\/wp\/v2\/pages\/41"}],"collection":[{"href":"https:\/\/blogsaverroes.juntadeandalucia.es\/ceipelsauce\/wp-json\/wp\/v2\/pages"}],"about":[{"href":"https:\/\/blogsaverroes.juntadeandalucia.es\/ceipelsauce\/wp-json\/wp\/v2\/types\/page"}],"author":[{"embeddable":true,"href":"https:\/\/blogsaverroes.juntadeandalucia.es\/ceipelsauce\/wp-json\/wp\/v2\/users\/9000"}],"replies":[{"embeddable":true,"href":"https:\/\/blogsaverroes.juntadeandalucia.es\/ceipelsauce\/wp-json\/wp\/v2\/comments?post=41"}],"version-history":[{"count":8,"href":"https:\/\/blogsaverroes.juntadeandalucia.es\/ceipelsauce\/wp-json\/wp\/v2\/pages\/41\/revisions"}],"predecessor-version":[{"id":2268,"href":"https:\/\/blogsaverroes.juntadeandalucia.es\/ceipelsauce\/wp-json\/wp\/v2\/pages\/41\/revisions\/2268"}],"wp:attachment":[{"href":"https:\/\/blogsaverroes.juntadeandalucia.es\/ceipelsauce\/wp-json\/wp\/v2\/media?parent=41"}],"curies":[{"name":"wp","href":"https:\/\/api.w.org\/{rel}","templated":true}]}}