{"id":186,"date":"2018-08-08T11:28:46","date_gmt":"2018-08-08T11:28:46","guid":{"rendered":"https:\/\/themify.me\/demo\/themes\/ultra-education\/?page_id=27"},"modified":"2022-10-02T18:12:47","modified_gmt":"2022-10-02T18:12:47","slug":"events","status":"publish","type":"page","link":"https:\/\/blogsaverroes.juntadeandalucia.es\/ceipeltarajal\/events\/","title":{"rendered":"REDES SOCIALES"},"content":{"rendered":"<p><!--themify_builder_static--><\/p>\n<p><strong>INFORMACI\u00d3N A LAS FAMILIAS<\/strong><\/p>\n<p>Como ya sab\u00e9is, el centro usa distintas plataformas digitales para informar de las diferentes actividades que se realizan en el Centro Escolar.<\/p>\n<p>As\u00ed que os dejamos los enlaces para que pod\u00e1is acceder:<\/p>\n<p><span style=\"color: #3366ff\"><strong>P\u00e1gina web<\/strong><\/span>:&nbsp;<\/p>\n<p><a href=\"https:\/\/ceipeltarajal.es\/\">https:\/\/ceipeltarajal.es\/&nbsp;<\/a><\/p>\n<p><a href=\"https:\/\/blogsaverroes.juntadeandalucia.es\/ceipeltarajal\/\">https:\/\/blogsaverroes.juntadeandalucia.es\/ceipeltarajal\/<\/a><\/p>\n<p><span style=\"color: #3366ff\"><strong>Blog de la biblioteca:<\/strong><\/span><\/p>\n<p><a href=\"http:\/\/eltarajalbiblioteca.blogspot.com\/\">http:\/\/eltarajalbiblioteca.blogspot.com\/<\/a><\/p>\n<p><strong><span style=\"color: #3366ff\">Facebook del Centro:<\/span><\/strong><\/p>\n<p><a href=\"https:\/\/www.facebook.com\/CEIP-El-Tarajal-334853587083291\/\">https:\/\/www.facebook.com\/CEIP-El-Tarajal-334853587083291\/<\/a><\/p>\n<p><strong><span style=\"color: #3366ff\">Facebook Biblioteca:<\/span><\/strong><\/p>\n<p><a href=\"https:\/\/www.facebook.com\/bibliotecaeltarajal\">https:\/\/www.facebook.com\/bibliotecaeltarajal<\/a><\/p>\n<p><strong><span style=\"color: #3366ff\">Twitter del Centro y Biblioteca:<\/span><\/strong><\/p>\n<p><a href=\"https:\/\/twitter.com\/CeipElTarajal\">https:\/\/twitter.com\/CeipElTarajal<\/a><\/p>\n<p><a href=\"https:\/\/twitter.com\/BTarajal\">https:\/\/twitter.com\/BTarajal<\/a><\/p>\n<p><span style=\"color: #3366ff\"><strong>Instagram de la Biblioteca:<\/strong><\/span><\/p>\n<p><a href=\"https:\/\/instagram.com\/bibliotecaceipeltararajal\">https:\/\/instagram.com\/bibliotecaceipeltararajal<\/a><\/p>\n<p>&nbsp;<\/p>\n<p>&nbsp;<\/p>\n<p>&nbsp;<\/p>\n<p>&nbsp;<\/p>\n<p>&nbsp;<\/p>\n<p>&nbsp;<\/p>\n<p><!--\/themify_builder_static--><\/p>\n","protected":false},"excerpt":{"rendered":"<p>INFORMACI\u00d3N A LAS FAMILIAS Como ya sab\u00e9is, el centro usa distintas plataformas digitales para informar de las diferentes actividades que se realizan en el Centro Escolar. As\u00ed que os dejamos los enlaces para que pod\u00e1is acceder: P\u00e1gina web:&nbsp; https:\/\/ceipeltarajal.es\/&nbsp; https:\/\/blogsaverroes.juntadeandalucia.es\/ceipeltarajal\/ Blog de la biblioteca: http:\/\/eltarajalbiblioteca.blogspot.com\/ Facebook del Centro: https:\/\/www.facebook.com\/CEIP-El-Tarajal-334853587083291\/ Facebook Biblioteca: https:\/\/www.facebook.com\/bibliotecaeltarajal Twitter del Centro &hellip; <a href=\"https:\/\/blogsaverroes.juntadeandalucia.es\/ceipeltarajal\/events\/\" class=\"more-link\">Seguir leyendo <span class=\"screen-reader-text\">REDES SOCIALES<\/span> <span class=\"meta-nav\">&rarr;<\/span><\/a><\/p>\n","protected":false},"author":14913,"featured_media":0,"parent":0,"menu_order":0,"comment_status":"closed","ping_status":"closed","template":"","meta":{"ngg_post_thumbnail":0,"footnotes":""},"aioseo_notices":[],"_links":{"self":[{"href":"https:\/\/blogsaverroes.juntadeandalucia.es\/ceipeltarajal\/wp-json\/wp\/v2\/pages\/186"}],"collection":[{"href":"https:\/\/blogsaverroes.juntadeandalucia.es\/ceipeltarajal\/wp-json\/wp\/v2\/pages"}],"about":[{"href":"https:\/\/blogsaverroes.juntadeandalucia.es\/ceipeltarajal\/wp-json\/wp\/v2\/types\/page"}],"author":[{"embeddable":true,"href":"https:\/\/blogsaverroes.juntadeandalucia.es\/ceipeltarajal\/wp-json\/wp\/v2\/users\/14913"}],"replies":[{"embeddable":true,"href":"https:\/\/blogsaverroes.juntadeandalucia.es\/ceipeltarajal\/wp-json\/wp\/v2\/comments?post=186"}],"version-history":[{"count":8,"href":"https:\/\/blogsaverroes.juntadeandalucia.es\/ceipeltarajal\/wp-json\/wp\/v2\/pages\/186\/revisions"}],"predecessor-version":[{"id":328,"href":"https:\/\/blogsaverroes.juntadeandalucia.es\/ceipeltarajal\/wp-json\/wp\/v2\/pages\/186\/revisions\/328"}],"wp:attachment":[{"href":"https:\/\/blogsaverroes.juntadeandalucia.es\/ceipeltarajal\/wp-json\/wp\/v2\/media?parent=186"}],"curies":[{"name":"wp","href":"https:\/\/api.w.org\/{rel}","templated":true}]}}