{"id":28,"date":"2022-07-19T10:17:58","date_gmt":"2022-07-19T10:17:58","guid":{"rendered":"https:\/\/blogsaverroes.juntadeandalucia.es\/ceipeltarajal\/?page_id=28"},"modified":"2024-09-24T17:34:52","modified_gmt":"2024-09-24T17:34:52","slug":"ciclo-infantil","status":"publish","type":"page","link":"https:\/\/blogsaverroes.juntadeandalucia.es\/ceipeltarajal\/ciclo-infantil\/","title":{"rendered":"CICLO INFANTIL"},"content":{"rendered":"<p><span style=\"color: #ff0000\"><strong>PROFESORADO TUTOR DEL CICLO DE INFANTIL&nbsp;<\/strong><\/span><\/p>\n<p>3 A\u00d1OS: Bel\u00e9n.<\/p>\n<p>4 A\u00d1OS: Jos\u00e9 Carlos.<\/p>\n<p>5 A\u00d1OS: Mar\u00eda Luisa.<\/p>\n<p><span class=\"txt1\">El <span style=\"font-size: 14pt\"><strong>horario de tutor\u00edas<\/strong> <\/span>es el siguiente:<\/span><\/p>\n<ul class=\"listado-foto\">\n<li>LUNES de 17:30 h. a 18:30 h.<br \/>\nPreviamente concertada por el tutor\/a del curso o por los padres\/tutores del alumno\/a.<\/li>\n<\/ul>\n","protected":false},"excerpt":{"rendered":"<p>PROFESORADO TUTOR DEL CICLO DE INFANTIL&nbsp; 3 A\u00d1OS: Bel\u00e9n. 4 A\u00d1OS: Jos\u00e9 Carlos. 5 A\u00d1OS: Mar\u00eda Luisa. El horario de tutor\u00edas es el siguiente: LUNES de 17:30 h. a 18:30 h. Previamente concertada por el tutor\/a del curso o por los padres\/tutores del alumno\/a.<\/p>\n","protected":false},"author":14913,"featured_media":0,"parent":0,"menu_order":0,"comment_status":"closed","ping_status":"closed","template":"","meta":{"ngg_post_thumbnail":0,"footnotes":""},"aioseo_notices":[],"_links":{"self":[{"href":"https:\/\/blogsaverroes.juntadeandalucia.es\/ceipeltarajal\/wp-json\/wp\/v2\/pages\/28"}],"collection":[{"href":"https:\/\/blogsaverroes.juntadeandalucia.es\/ceipeltarajal\/wp-json\/wp\/v2\/pages"}],"about":[{"href":"https:\/\/blogsaverroes.juntadeandalucia.es\/ceipeltarajal\/wp-json\/wp\/v2\/types\/page"}],"author":[{"embeddable":true,"href":"https:\/\/blogsaverroes.juntadeandalucia.es\/ceipeltarajal\/wp-json\/wp\/v2\/users\/14913"}],"replies":[{"embeddable":true,"href":"https:\/\/blogsaverroes.juntadeandalucia.es\/ceipeltarajal\/wp-json\/wp\/v2\/comments?post=28"}],"version-history":[{"count":9,"href":"https:\/\/blogsaverroes.juntadeandalucia.es\/ceipeltarajal\/wp-json\/wp\/v2\/pages\/28\/revisions"}],"predecessor-version":[{"id":484,"href":"https:\/\/blogsaverroes.juntadeandalucia.es\/ceipeltarajal\/wp-json\/wp\/v2\/pages\/28\/revisions\/484"}],"wp:attachment":[{"href":"https:\/\/blogsaverroes.juntadeandalucia.es\/ceipeltarajal\/wp-json\/wp\/v2\/media?parent=28"}],"curies":[{"name":"wp","href":"https:\/\/api.w.org\/{rel}","templated":true}]}}