{"id":32,"date":"2022-07-19T10:17:58","date_gmt":"2022-07-19T10:17:58","guid":{"rendered":"https:\/\/blogsaverroes.juntadeandalucia.es\/ceipeltarajal\/?page_id=32"},"modified":"2022-10-06T17:37:15","modified_gmt":"2022-10-06T17:37:15","slug":"actividades-y-eventos","status":"publish","type":"page","link":"https:\/\/blogsaverroes.juntadeandalucia.es\/ceipeltarajal\/actividades-y-eventos\/","title":{"rendered":"ACTIVIDADES COMPLEMENTARIAS Y EXTRAESCOLARES"},"content":{"rendered":"<p>Las actividades de obligado cumplimiento que deben ser realizadas por todo el Centro de acuerdo con la legislaci\u00f3n vigente y siguiendo las instrucciones que llegan desde la Consejer\u00eda de Educaci\u00f3n son las siguientes:<\/p>\n<ul class=\"listado-sin-foto\">\n<li>D\u00eda 16 de noviembre: D\u00eda del Flamenco.<\/li>\n<li>D\u00eda 25 de noviembre: D\u00eda contra la violencia de g\u00e9nero.<\/li>\n<li>D\u00eda 4 de diciembre: D\u00eda de la Constituci\u00f3n.<\/li>\n<li>D\u00eda 29 de enero: D\u00eda de la Paz.<\/li>\n<li>D\u00eda 19 de febrero: D\u00eda de Andaluc\u00eda.<\/li>\n<li>D\u00eda 8 de marzo: D\u00eda internacional de la mujer.<\/li>\n<li>D\u00eda 22 de Abril: D\u00eda del libro.<\/li>\n<\/ul>\n","protected":false},"excerpt":{"rendered":"<p>Las actividades de obligado cumplimiento que deben ser realizadas por todo el Centro de acuerdo con la legislaci\u00f3n vigente y siguiendo las instrucciones que llegan desde la Consejer\u00eda de Educaci\u00f3n son las siguientes: D\u00eda 16 de noviembre: D\u00eda del Flamenco. D\u00eda 25 de noviembre: D\u00eda contra la violencia de g\u00e9nero. D\u00eda 4 de diciembre: D\u00eda &hellip; <a href=\"https:\/\/blogsaverroes.juntadeandalucia.es\/ceipeltarajal\/actividades-y-eventos\/\" class=\"more-link\">Seguir leyendo <span class=\"screen-reader-text\">ACTIVIDADES COMPLEMENTARIAS Y EXTRAESCOLARES<\/span> <span class=\"meta-nav\">&rarr;<\/span><\/a><\/p>\n","protected":false},"author":14913,"featured_media":0,"parent":0,"menu_order":0,"comment_status":"closed","ping_status":"closed","template":"","meta":{"ngg_post_thumbnail":0,"footnotes":""},"aioseo_notices":[],"_links":{"self":[{"href":"https:\/\/blogsaverroes.juntadeandalucia.es\/ceipeltarajal\/wp-json\/wp\/v2\/pages\/32"}],"collection":[{"href":"https:\/\/blogsaverroes.juntadeandalucia.es\/ceipeltarajal\/wp-json\/wp\/v2\/pages"}],"about":[{"href":"https:\/\/blogsaverroes.juntadeandalucia.es\/ceipeltarajal\/wp-json\/wp\/v2\/types\/page"}],"author":[{"embeddable":true,"href":"https:\/\/blogsaverroes.juntadeandalucia.es\/ceipeltarajal\/wp-json\/wp\/v2\/users\/14913"}],"replies":[{"embeddable":true,"href":"https:\/\/blogsaverroes.juntadeandalucia.es\/ceipeltarajal\/wp-json\/wp\/v2\/comments?post=32"}],"version-history":[{"count":8,"href":"https:\/\/blogsaverroes.juntadeandalucia.es\/ceipeltarajal\/wp-json\/wp\/v2\/pages\/32\/revisions"}],"predecessor-version":[{"id":353,"href":"https:\/\/blogsaverroes.juntadeandalucia.es\/ceipeltarajal\/wp-json\/wp\/v2\/pages\/32\/revisions\/353"}],"wp:attachment":[{"href":"https:\/\/blogsaverroes.juntadeandalucia.es\/ceipeltarajal\/wp-json\/wp\/v2\/media?parent=32"}],"curies":[{"name":"wp","href":"https:\/\/api.w.org\/{rel}","templated":true}]}}

<p>Las actividades de obligado cumplimiento que deben ser realizadas por todo el Centro de acuerdo con la legislación vigente y siguiendo las instrucciones que llegan desde la Consejería de Educación son las siguientes:</p>
<ul class="listado-sin-foto">
<li>Día 16 de noviembre: Día del Flamenco.</li>
<li>Día 25 de noviembre: Día contra la violencia de género.</li>
<li>Día 4 de diciembre: Día de la Constitución.</li>
<li>Día 29 de enero: Día de la Paz.</li>
<li>Día 19 de febrero: Día de Andalucía.</li>
<li>Día 8 de marzo: Día internacional de la mujer.</li>
<li>Día 22 de Abril: Día del libro.</li>
</ul>

<p>Las actividades de obligado cumplimiento que deben ser realizadas por todo el Centro de acuerdo con la legislación vigente y siguiendo las instrucciones que llegan desde la Consejería de Educación son las siguientes: Día 16 de noviembre: Día del Flamenco. Día 25 de noviembre: Día contra la violencia de género. Día 4 de diciembre: Día &hellip; <a href="https://blogsaverroes.juntadeandalucia.es/ceipeltarajal/actividades-y-eventos/" class="more-link">Seguir leyendo <span class="screen-reader-text">ACTIVIDADES COMPLEMENTARIAS Y EXTRAESCOLARES</span> <span class="meta-nav">&rarr;</span></a></p>
