{"id":78,"date":"2022-07-19T10:33:01","date_gmt":"2022-07-19T10:33:01","guid":{"rendered":"https:\/\/blogsaverroes.juntadeandalucia.es\/ceipeltarajal\/?page_id=78"},"modified":"2023-03-13T19:30:36","modified_gmt":"2023-03-13T19:30:36","slug":"imagen","status":"publish","type":"page","link":"https:\/\/blogsaverroes.juntadeandalucia.es\/ceipeltarajal\/imagen\/","title":{"rendered":"IMAGEN"},"content":{"rendered":"<p><span style=\"text-decoration: underline\"><strong>Carnaval 2023<\/strong><\/span><\/p>\n<p>El alumnado ha recibido la visita de la murga: Los Leones gracias al AMPA Ave F\u00e9nix, adem\u00e1s se ha realizado un desfile de disfraces y un Pasapatio encabezado por la Batucada de Secundaria.&nbsp;<\/p>\n<p>im\u00e1genes entregadas a las familias.<\/p>\n<p>&nbsp;<\/p>\n<p><strong>\u00a1Nos vamos a cuidar el huerto!<\/strong><\/p>\n<p>Semana del 23 al 31 de enero.<\/p>\n<p>im\u00e1genes entregadas a las familias.<\/p>\n<p>ACTIVIDADES PARA LA CELEBRACI\u00d3N DE LA NO VIOLENCIA Y POR LA PAZ&nbsp; del&nbsp; 23 al 30 de enero.<\/p>\n<p>im\u00e1genes entregadas a las familias.<\/p>\n<p>REPRESENTACI\u00d3N TEATRAL: Peter Pan salvando a Nunca Jam\u00e1s\u00bb<\/p>\n<p>20 de enero.<\/p>\n<p>im\u00e1genes entregadas a las familias.<\/p>\n<p>TERCERA SESI\u00d3N ESCUELA DE FAMILIAS<\/p>\n<p>19 de enero.<\/p>\n<p><img loading=\"lazy\" decoding=\"async\" class=\"alignnone size-medium wp-image-433\" src=\"https:\/\/blogsaverroes.juntadeandalucia.es\/ceipeltarajal\/files\/2023\/01\/WhatsApp-Image-2023-01-19-at-17.47.23-300x225.jpeg\" alt=\"\" width=\"300\" height=\"225\" srcset=\"https:\/\/blogsaverroes.juntadeandalucia.es\/ceipeltarajal\/files\/2023\/01\/WhatsApp-Image-2023-01-19-at-17.47.23-300x225.jpeg 300w, https:\/\/blogsaverroes.juntadeandalucia.es\/ceipeltarajal\/files\/2023\/01\/WhatsApp-Image-2023-01-19-at-17.47.23-1024x768.jpeg 1024w, https:\/\/blogsaverroes.juntadeandalucia.es\/ceipeltarajal\/files\/2023\/01\/WhatsApp-Image-2023-01-19-at-17.47.23-768x576.jpeg 768w, https:\/\/blogsaverroes.juntadeandalucia.es\/ceipeltarajal\/files\/2023\/01\/WhatsApp-Image-2023-01-19-at-17.47.23-1536x1152.jpeg 1536w, https:\/\/blogsaverroes.juntadeandalucia.es\/ceipeltarajal\/files\/2023\/01\/WhatsApp-Image-2023-01-19-at-17.47.23-24x18.jpeg 24w, https:\/\/blogsaverroes.juntadeandalucia.es\/ceipeltarajal\/files\/2023\/01\/WhatsApp-Image-2023-01-19-at-17.47.23-36x27.jpeg 36w, https:\/\/blogsaverroes.juntadeandalucia.es\/ceipeltarajal\/files\/2023\/01\/WhatsApp-Image-2023-01-19-at-17.47.23-48x36.jpeg 48w, https:\/\/blogsaverroes.juntadeandalucia.es\/ceipeltarajal\/files\/2023\/01\/WhatsApp-Image-2023-01-19-at-17.47.23.jpeg 1600w\" sizes=\"(max-width: 300px) 100vw, 300px\" \/><\/p>\n<p>&nbsp;<\/p>\n<p><img loading=\"lazy\" decoding=\"async\" class=\"size-medium wp-image-432 alignleft\" src=\"https:\/\/blogsaverroes.juntadeandalucia.es\/ceipeltarajal\/files\/2023\/01\/WhatsApp-Image-2023-01-19-at-17.40.17-300x225.jpeg\" alt=\"\" width=\"300\" height=\"225\" srcset=\"https:\/\/blogsaverroes.juntadeandalucia.es\/ceipeltarajal\/files\/2023\/01\/WhatsApp-Image-2023-01-19-at-17.40.17-300x225.jpeg 300w, https:\/\/blogsaverroes.juntadeandalucia.es\/ceipeltarajal\/files\/2023\/01\/WhatsApp-Image-2023-01-19-at-17.40.17-1024x768.jpeg 1024w, https:\/\/blogsaverroes.juntadeandalucia.es\/ceipeltarajal\/files\/2023\/01\/WhatsApp-Image-2023-01-19-at-17.40.17-768x576.jpeg 768w, https:\/\/blogsaverroes.juntadeandalucia.es\/ceipeltarajal\/files\/2023\/01\/WhatsApp-Image-2023-01-19-at-17.40.17-1536x1152.jpeg 1536w, https:\/\/blogsaverroes.juntadeandalucia.es\/ceipeltarajal\/files\/2023\/01\/WhatsApp-Image-2023-01-19-at-17.40.17-24x18.jpeg 24w, https:\/\/blogsaverroes.juntadeandalucia.es\/ceipeltarajal\/files\/2023\/01\/WhatsApp-Image-2023-01-19-at-17.40.17-36x27.jpeg 36w, https:\/\/blogsaverroes.juntadeandalucia.es\/ceipeltarajal\/files\/2023\/01\/WhatsApp-Image-2023-01-19-at-17.40.17-48x36.jpeg 48w, https:\/\/blogsaverroes.juntadeandalucia.es\/ceipeltarajal\/files\/2023\/01\/WhatsApp-Image-2023-01-19-at-17.40.17.jpeg 1600w\" sizes=\"(max-width: 300px) 100vw, 300px\" \/><img loading=\"lazy\" decoding=\"async\" class=\"alignnone wp-image-430\" src=\"https:\/\/blogsaverroes.juntadeandalucia.es\/ceipeltarajal\/files\/2023\/01\/WhatsApp-Image-2023-01-13-at-16.14.35-300x120.jpeg\" alt=\"Escuela de familias\" width=\"340\" height=\"136\" srcset=\"https:\/\/blogsaverroes.juntadeandalucia.es\/ceipeltarajal\/files\/2023\/01\/WhatsApp-Image-2023-01-13-at-16.14.35-300x120.jpeg 300w, https:\/\/blogsaverroes.juntadeandalucia.es\/ceipeltarajal\/files\/2023\/01\/WhatsApp-Image-2023-01-13-at-16.14.35-1024x410.jpeg 1024w, https:\/\/blogsaverroes.juntadeandalucia.es\/ceipeltarajal\/files\/2023\/01\/WhatsApp-Image-2023-01-13-at-16.14.35-768x307.jpeg 768w, https:\/\/blogsaverroes.juntadeandalucia.es\/ceipeltarajal\/files\/2023\/01\/WhatsApp-Image-2023-01-13-at-16.14.35-1536x614.jpeg 1536w, https:\/\/blogsaverroes.juntadeandalucia.es\/ceipeltarajal\/files\/2023\/01\/WhatsApp-Image-2023-01-13-at-16.14.35-24x10.jpeg 24w, https:\/\/blogsaverroes.juntadeandalucia.es\/ceipeltarajal\/files\/2023\/01\/WhatsApp-Image-2023-01-13-at-16.14.35-36x14.jpeg 36w, https:\/\/blogsaverroes.juntadeandalucia.es\/ceipeltarajal\/files\/2023\/01\/WhatsApp-Image-2023-01-13-at-16.14.35-48x19.jpeg 48w, https:\/\/blogsaverroes.juntadeandalucia.es\/ceipeltarajal\/files\/2023\/01\/WhatsApp-Image-2023-01-13-at-16.14.35.jpeg 1600w\" sizes=\"(max-width: 340px) 100vw, 340px\" \/><\/p>\n<p>&nbsp;<\/p>\n<p>PROYECTO TRABAJO CICLO INFANTIL<\/p>\n<p>Im\u00e1genes entregadas a las familias.<\/p>\n<p>VISITA FABRICA CHOCOLATE<\/p>\n<p>im\u00e1genes entregadas a las familias.<\/p>\n<p>CHOCOLATADA NAVIDE\u00d1A<\/p>\n<p>Im\u00e1genes entregadas a las familias.<\/p>\n<p>VISITA DE PAPA NOEL:<\/p>\n<p>Im\u00e1genes entregadas a las familias.<\/p>\n<p>VISITA F\u00c1BRICA DE CHOCOLATE<\/p>\n<p>Im\u00e1genes entregadas a las familias.<\/p>\n<p>MUNDIALITO TARAJAL<\/p>\n<p>Im\u00e1genes entregadas a las familias.<\/p>\n<p>21\/12\/2022 ACTUACI\u00d3N DE VILLANCICOS DE NAVIDAD<\/p>\n<p><a href=\"https:\/\/drive.google.com\/drive\/folders\/1fN9WqWbhN91Uy-yQiUQnf7TMm89ZvV3L?usp=share_link\">im\u00e1genes entregadas a las familias.<\/a><\/p>\n<p>19\/12\/2022 VISITA DE LOS REYES MAGOS&nbsp;<\/p>\n<p>Im\u00e1genes entregadas a las familias.<\/p>\n<p>25\/11\/2022 D\u00cdA CONTRA LA VIOLENCIA DE G\u00c9NERO&nbsp;<\/p>\n<p>Im\u00e1genes entregadas a las familias.<\/p>\n<p>17\/11\/2022 D\u00cdA DE LA CASTA\u00d1ADA<\/p>\n<p>Im\u00e1genes entregadas a las familias.<\/p>\n<p>16\/11\/2022 D\u00cdA DEL FLAMENCO<\/p>\n<p>Im\u00e1genes entregadas a las familias.<\/p>\n<p>10\/11\/2022 ACTIVIDAD INFANTIL<\/p>\n<p>PROYECTO DE INVESTIGACI\u00d3N \u00abBAJO LOS PIES\u00bb<\/p>\n<p>Im\u00e1genes entregadas a las familias.<\/p>\n<p>HALLOWEEN 2022. MANUALIDADES TERROR\u00cdFICAS.&nbsp;<\/p>\n<p>im\u00e1genes entregadas a las familias.<\/p>\n<p>HALLOWEEN 2022:&nbsp; FOTOS DE GRUPO DISFRAZADOS&nbsp; &nbsp;&nbsp;<\/p>\n<p>Im\u00e1genes entregadas a las familias.<\/p>\n<p>ACTIVIDAD DE TECNOLOG\u00cdA REALIZADA POR ALUMNADO DE 2\u00ba ESO COMO MOTIVO DE HALLOWEEN<\/p>\n<p>&nbsp; im\u00e1genes entregadas a las familias.<\/p>\n<p>ACTIVIDAD DE TECNOLOG\u00cdA REALIZADA POR ALUMNADO DE 2\u00ba ESO<\/p>\n<p>Im\u00e1genes entregadas a las familias.<\/p>\n<p>ACTIVIDAD SEMANAL EN EL GRUPO DE 6\u00ba. EXPOSICI\u00d3N ORAL&nbsp;<\/p>\n<p>Im\u00e1genes entregadas a las familias.<\/p>\n","protected":false},"excerpt":{"rendered":"<p>Carnaval 2023 El alumnado ha recibido la visita de la murga: Los Leones gracias al AMPA Ave F\u00e9nix, adem\u00e1s se ha realizado un desfile de disfraces y un Pasapatio encabezado por la Batucada de Secundaria.&nbsp; im\u00e1genes entregadas a las familias. &nbsp; \u00a1Nos vamos a cuidar el huerto! Semana del 23 al 31 de enero. im\u00e1genes &hellip; <a href=\"https:\/\/blogsaverroes.juntadeandalucia.es\/ceipeltarajal\/imagen\/\" class=\"more-link\">Seguir leyendo <span class=\"screen-reader-text\">IMAGEN<\/span> <span class=\"meta-nav\">&rarr;<\/span><\/a><\/p>\n","protected":false},"author":14913,"featured_media":0,"parent":0,"menu_order":0,"comment_status":"closed","ping_status":"closed","template":"","meta":{"ngg_post_thumbnail":0,"footnotes":""},"aioseo_notices":[],"_links":{"self":[{"href":"https:\/\/blogsaverroes.juntadeandalucia.es\/ceipeltarajal\/wp-json\/wp\/v2\/pages\/78"}],"collection":[{"href":"https:\/\/blogsaverroes.juntadeandalucia.es\/ceipeltarajal\/wp-json\/wp\/v2\/pages"}],"about":[{"href":"https:\/\/blogsaverroes.juntadeandalucia.es\/ceipeltarajal\/wp-json\/wp\/v2\/types\/page"}],"author":[{"embeddable":true,"href":"https:\/\/blogsaverroes.juntadeandalucia.es\/ceipeltarajal\/wp-json\/wp\/v2\/users\/14913"}],"replies":[{"embeddable":true,"href":"https:\/\/blogsaverroes.juntadeandalucia.es\/ceipeltarajal\/wp-json\/wp\/v2\/comments?post=78"}],"version-history":[{"count":24,"href":"https:\/\/blogsaverroes.juntadeandalucia.es\/ceipeltarajal\/wp-json\/wp\/v2\/pages\/78\/revisions"}],"predecessor-version":[{"id":449,"href":"https:\/\/blogsaverroes.juntadeandalucia.es\/ceipeltarajal\/wp-json\/wp\/v2\/pages\/78\/revisions\/449"}],"wp:attachment":[{"href":"https:\/\/blogsaverroes.juntadeandalucia.es\/ceipeltarajal\/wp-json\/wp\/v2\/media?parent=78"}],"curies":[{"name":"wp","href":"https:\/\/api.w.org\/{rel}","templated":true}]}}