{"id":3522,"date":"2017-10-23T09:12:08","date_gmt":"2017-10-23T09:12:08","guid":{"rendered":"https:\/\/blogsaverroes.juntadeandalucia.es\/ceipelzargal\/?page_id=3522"},"modified":"2017-10-23T09:19:20","modified_gmt":"2017-10-23T09:19:20","slug":"familias-que-suman","status":"publish","type":"page","link":"https:\/\/blogsaverroes.juntadeandalucia.es\/ceipelzargal\/familias-que-suman\/","title":{"rendered":"Familias que suman"},"content":{"rendered":"<p>Desde el Equipo T\u00e9cnico Provincial de Orientaci\u00f3n Educativa nos ofrecen una valiosa informaci\u00f3n para nuestras familias.<\/p>\n<h2><span style=\"color: #3366ff\"><a style=\"color: #3366ff\" href=\"https:\/\/equipotecnicoorientaciongranada.wordpress.com\/2017\/09\/07\/familias-que-suman\/\"><strong><span style=\"color: #3366ff\">FAMILIAS QUE SUMAN<\/span><\/strong><\/a><\/span><\/h2>\n<p style=\"text-align: justify\">\u00abLa educaci\u00f3n es una responsabilidad compartida de padres, madres y profesorado. Ello requiere que todas y todos, dentro de la funci\u00f3n que a cada uno le corresponde, se conviertan en agentes activos de la educaci\u00f3n del alumnado.<\/p>\n<p style=\"text-align: justify\">Las familias son un agente fundamental en la vida de los centros educativos que&nbsp;deben implicarse activamente en la finalidad \u00faltima de estos que es la educaci\u00f3n integral de sus hijos e hijas, en coordinaci\u00f3n con el profesorado.<\/p>\n<p style=\"text-align: justify\">La comunicaci\u00f3n entre familia y escuela favorece la construcci\u00f3n de una escuela inclusiva, en la que la colaboraci\u00f3n de todos los sectores de la comunidad educativa sea la base sobre la que se construya una convivencia positiva.\u00bb<\/p>\n<p style=\"text-align: justify\"><a href=\"https:\/\/equipotecnicoorientaciongranada.wordpress.com\/2017\/09\/07\/familias-que-suman\/\"><img loading=\"lazy\" decoding=\"async\" class=\"aligncenter wp-image-3523 size-medium\" src=\"https:\/\/blogsaverroes.juntadeandalucia.es\/ceipelzargal\/files\/2017\/10\/familias-que-suman-01-214x300.png\" alt=\"\" width=\"214\" height=\"300\" srcset=\"https:\/\/blogsaverroes.juntadeandalucia.es\/ceipelzargal\/files\/2017\/10\/familias-que-suman-01-214x300.png 214w, https:\/\/blogsaverroes.juntadeandalucia.es\/ceipelzargal\/files\/2017\/10\/familias-que-suman-01-768x1074.png 768w, https:\/\/blogsaverroes.juntadeandalucia.es\/ceipelzargal\/files\/2017\/10\/familias-que-suman-01-732x1024.png 732w, https:\/\/blogsaverroes.juntadeandalucia.es\/ceipelzargal\/files\/2017\/10\/familias-que-suman-01-700x979.png 700w, https:\/\/blogsaverroes.juntadeandalucia.es\/ceipelzargal\/files\/2017\/10\/familias-que-suman-01-17x24.png 17w, https:\/\/blogsaverroes.juntadeandalucia.es\/ceipelzargal\/files\/2017\/10\/familias-que-suman-01-26x36.png 26w, https:\/\/blogsaverroes.juntadeandalucia.es\/ceipelzargal\/files\/2017\/10\/familias-que-suman-01-34x48.png 34w, https:\/\/blogsaverroes.juntadeandalucia.es\/ceipelzargal\/files\/2017\/10\/familias-que-suman-01.png 1000w\" sizes=\"(max-width: 214px) 100vw, 214px\" \/><\/a><\/p>\n","protected":false},"excerpt":{"rendered":"<p>Desde el Equipo T\u00e9cnico Provincial de Orientaci\u00f3n Educativa nos ofrecen una valiosa informaci\u00f3n para nuestras familias. FAMILIAS QUE SUMAN \u00abLa educaci\u00f3n es una responsabilidad compartida de padres, madres y profesorado. Ello requiere que todas y todos, dentro de la funci\u00f3n que a cada uno le corresponde, se conviertan en agentes activos de la educaci\u00f3n del [&hellip;]<\/p>\n","protected":false},"author":3817,"featured_media":0,"parent":0,"menu_order":0,"comment_status":"closed","ping_status":"closed","template":"","meta":{"ngg_post_thumbnail":0,"footnotes":"","_mc_calendar":[]},"aioseo_notices":[],"_links":{"self":[{"href":"https:\/\/blogsaverroes.juntadeandalucia.es\/ceipelzargal\/wp-json\/wp\/v2\/pages\/3522"}],"collection":[{"href":"https:\/\/blogsaverroes.juntadeandalucia.es\/ceipelzargal\/wp-json\/wp\/v2\/pages"}],"about":[{"href":"https:\/\/blogsaverroes.juntadeandalucia.es\/ceipelzargal\/wp-json\/wp\/v2\/types\/page"}],"author":[{"embeddable":true,"href":"https:\/\/blogsaverroes.juntadeandalucia.es\/ceipelzargal\/wp-json\/wp\/v2\/users\/3817"}],"replies":[{"embeddable":true,"href":"https:\/\/blogsaverroes.juntadeandalucia.es\/ceipelzargal\/wp-json\/wp\/v2\/comments?post=3522"}],"version-history":[{"count":3,"href":"https:\/\/blogsaverroes.juntadeandalucia.es\/ceipelzargal\/wp-json\/wp\/v2\/pages\/3522\/revisions"}],"predecessor-version":[{"id":3528,"href":"https:\/\/blogsaverroes.juntadeandalucia.es\/ceipelzargal\/wp-json\/wp\/v2\/pages\/3522\/revisions\/3528"}],"wp:attachment":[{"href":"https:\/\/blogsaverroes.juntadeandalucia.es\/ceipelzargal\/wp-json\/wp\/v2\/media?parent=3522"}],"curies":[{"name":"wp","href":"https:\/\/api.w.org\/{rel}","templated":true}]}}

<p>Desde el Equipo Técnico Provincial de Orientación Educativa nos ofrecen una valiosa información para nuestras familias.</p>
<h2><span style="color: #3366ff"><a style="color: #3366ff" href="https://equipotecnicoorientaciongranada.wordpress.com/2017/09/07/familias-que-suman/"><strong><span style="color: #3366ff">FAMILIAS QUE SUMAN</span></strong></a></span></h2>
<p style="text-align: justify">«La educación es una responsabilidad compartida de padres, madres y profesorado. Ello requiere que todas y todos, dentro de la función que a cada uno le corresponde, se conviertan en agentes activos de la educación del alumnado.</p>
<p style="text-align: justify">Las familias son un agente fundamental en la vida de los centros educativos que&nbsp;deben implicarse activamente en la finalidad última de estos que es la educación integral de sus hijos e hijas, en coordinación con el profesorado.</p>
<p style="text-align: justify">La comunicación entre familia y escuela favorece la construcción de una escuela inclusiva, en la que la colaboración de todos los sectores de la comunidad educativa sea la base sobre la que se construya una convivencia positiva.»</p>
<p style="text-align: justify"><a href="https://equipotecnicoorientaciongranada.wordpress.com/2017/09/07/familias-que-suman/"><img loading="lazy" decoding="async" class="aligncenter wp-image-3523 size-medium" src="https://blogsaverroes.juntadeandalucia.es/ceipelzargal/files/2017/10/familias-que-suman-01-214x300.png" alt="" width="214" height="300" srcset="https://blogsaverroes.juntadeandalucia.es/ceipelzargal/files/2017/10/familias-que-suman-01-214x300.png 214w, https://blogsaverroes.juntadeandalucia.es/ceipelzargal/files/2017/10/familias-que-suman-01-768x1074.png 768w, https://blogsaverroes.juntadeandalucia.es/ceipelzargal/files/2017/10/familias-que-suman-01-732x1024.png 732w, https://blogsaverroes.juntadeandalucia.es/ceipelzargal/files/2017/10/familias-que-suman-01-700x979.png 700w, https://blogsaverroes.juntadeandalucia.es/ceipelzargal/files/2017/10/familias-que-suman-01-17x24.png 17w, https://blogsaverroes.juntadeandalucia.es/ceipelzargal/files/2017/10/familias-que-suman-01-26x36.png 26w, https://blogsaverroes.juntadeandalucia.es/ceipelzargal/files/2017/10/familias-que-suman-01-34x48.png 34w, https://blogsaverroes.juntadeandalucia.es/ceipelzargal/files/2017/10/familias-que-suman-01.png 1000w" sizes="(max-width: 214px) 100vw, 214px" /></a></p>

<p>Desde el Equipo Técnico Provincial de Orientación Educativa nos ofrecen una valiosa información para nuestras familias. FAMILIAS QUE SUMAN «La educación es una responsabilidad compartida de padres, madres y profesorado. Ello requiere que todas y todos, dentro de la función que a cada uno le corresponde, se conviertan en agentes activos de la educación del [&hellip;]</p>
