{"id":82,"date":"2015-03-16T06:59:55","date_gmt":"2015-03-16T06:59:55","guid":{"rendered":"http:\/\/blogsaverroes.juntadeandalucia.es\/pre\/ceip\/?page_id=82"},"modified":"2024-11-22T10:22:36","modified_gmt":"2024-11-22T10:22:36","slug":"horarios","status":"publish","type":"page","link":"https:\/\/blogsaverroes.juntadeandalucia.es\/ceipelzargal\/horarios\/","title":{"rendered":"Horarios"},"content":{"rendered":"<p><a href=\"http:\/\/blogsaverroes.juntadeandalucia.es\/ceipelzargal\/files\/2015\/03\/horario2.jpg\"><img loading=\"lazy\" decoding=\"async\" class=\"aligncenter wp-image-1675 size-medium\" src=\"http:\/\/blogsaverroes.juntadeandalucia.es\/ceipelzargal\/files\/2015\/03\/horario2-300x212.jpg\" alt=\"\" width=\"300\" height=\"212\" srcset=\"https:\/\/blogsaverroes.juntadeandalucia.es\/ceipelzargal\/files\/2015\/03\/horario2-300x212.jpg 300w, https:\/\/blogsaverroes.juntadeandalucia.es\/ceipelzargal\/files\/2015\/03\/horario2-332x234.jpg 332w, https:\/\/blogsaverroes.juntadeandalucia.es\/ceipelzargal\/files\/2015\/03\/horario2.jpg 640w\" sizes=\"(max-width: 300px) 100vw, 300px\" \/><\/a><\/p>\n<p><strong>La atenci\u00f3n a los padres\/madres\/tutores legales<\/strong> se hace los <strong>lunes de 16:00 a 17:00<\/strong> horas previa concertaci\u00f3n de cita con la tutora o el tutor del alumno\/a.<\/p>\n<h4>De Lunes a Viernes<\/h4>\n<p>De <strong>07:30 a 09:00 <\/strong>horas se inicia la jornada escolar se inicia con el <strong>Aula Matinal*<\/strong>.<\/p>\n<p>De <strong>09:00 a 14:00<\/strong> horas se desarrolla la <strong>jornada lectiva.<\/strong><\/p>\n<p>De <strong>14:00 a 16:00<\/strong> horas se ofrece el <strong>Servicio de Comedor*<\/strong>.<\/p>\n<h4>De Lunes a Jueves<\/h4>\n<p>De <strong>16:00 a 18:00<\/strong> horas tienen lugar las <strong>Actividades Extraescolares*<\/strong>. Este servicio se ofrecer\u00e1 siempre que se confirmen grupos con un m\u00ednimo de 10 usuarios en la actividad solicitada.<\/p>\n<p>&nbsp;<\/p>\n<p>&nbsp;<\/p>\n<p><strong>*<\/strong> Para una informaci\u00f3n m\u00e1s detallada sobre estos servicios complementarios acceda a trav\u00e9s de la pesta\u00f1a de SERVICIOS COMPLEMENTARIOS<\/p>\n","protected":false},"excerpt":{"rendered":"<p>La atenci\u00f3n a los padres\/madres\/tutores legales se hace los lunes de 16:00 a 17:00 horas previa concertaci\u00f3n de cita con la tutora o el tutor del alumno\/a. De Lunes a Viernes De 07:30 a 09:00 horas se inicia la jornada escolar se inicia con el Aula Matinal*. De 09:00 a 14:00 horas se desarrolla la [&hellip;]<\/p>\n","protected":false},"author":1,"featured_media":0,"parent":0,"menu_order":0,"comment_status":"closed","ping_status":"open","template":"","meta":{"ngg_post_thumbnail":0,"footnotes":"","_mc_calendar":[]},"aioseo_notices":[],"_links":{"self":[{"href":"https:\/\/blogsaverroes.juntadeandalucia.es\/ceipelzargal\/wp-json\/wp\/v2\/pages\/82"}],"collection":[{"href":"https:\/\/blogsaverroes.juntadeandalucia.es\/ceipelzargal\/wp-json\/wp\/v2\/pages"}],"about":[{"href":"https:\/\/blogsaverroes.juntadeandalucia.es\/ceipelzargal\/wp-json\/wp\/v2\/types\/page"}],"author":[{"embeddable":true,"href":"https:\/\/blogsaverroes.juntadeandalucia.es\/ceipelzargal\/wp-json\/wp\/v2\/users\/1"}],"replies":[{"embeddable":true,"href":"https:\/\/blogsaverroes.juntadeandalucia.es\/ceipelzargal\/wp-json\/wp\/v2\/comments?post=82"}],"version-history":[{"count":5,"href":"https:\/\/blogsaverroes.juntadeandalucia.es\/ceipelzargal\/wp-json\/wp\/v2\/pages\/82\/revisions"}],"predecessor-version":[{"id":6159,"href":"https:\/\/blogsaverroes.juntadeandalucia.es\/ceipelzargal\/wp-json\/wp\/v2\/pages\/82\/revisions\/6159"}],"wp:attachment":[{"href":"https:\/\/blogsaverroes.juntadeandalucia.es\/ceipelzargal\/wp-json\/wp\/v2\/media?parent=82"}],"curies":[{"name":"wp","href":"https:\/\/api.w.org\/{rel}","templated":true}]}}