{"id":869,"date":"2015-03-16T07:03:52","date_gmt":"2015-03-16T07:03:52","guid":{"rendered":"http:\/\/blogsaverroes.juntadeandalucia.es\/pre\/ceip\/?page_id=84"},"modified":"2025-01-20T09:16:10","modified_gmt":"2025-01-20T09:16:10","slug":"calendario-escolar","status":"publish","type":"page","link":"https:\/\/blogsaverroes.juntadeandalucia.es\/ceipelzargal\/calendario-escolar\/","title":{"rendered":"CALENDARIO CURSO 2024-2025"},"content":{"rendered":"<h3><span style=\"color: #ff6600\"><strong><span style=\"color: #ff6600\">&nbsp;<\/span><\/strong><\/span><\/h3>\n<p><span style=\"font-size: 12pt\">Presentamos el<a href=\"https:\/\/www.juntadeandalucia.es\/averroes\/centros-tic\/18601989\/helvia\/sitio\/upload\/Resolucion_calendario_escolar_Granada.pdf\"> <strong>Calendario Escolar Provincial<\/strong><\/a> para el curso 2024 &#8211; 2025.<\/span><\/p>\n<h3 style=\"text-align: center\"><a href=\"https:\/\/blogsaverroes.juntadeandalucia.es\/ceipelzargal\/files\/2024\/11\/calendario-escolar-granada-24-25.pdf\">calendario-escolar-granada-24-25<\/a><\/h3>\n<p>&nbsp;<\/p>\n<p style=\"text-align: center\"><span style=\"font-size: 20pt\"><strong><span style=\"color: #ff0000\">IMPORTANTE<\/span><\/strong><\/span><\/p>\n<p style=\"text-align: center\"><span style=\"font-size: 16pt\"><strong>Los d\u00edas de libre disposici\u00f3n elegidos en el Consejo Escolar :<\/strong><\/span><\/p>\n<h4 style=\"text-align: center\"><span style=\"color: #ffcc00;font-size: 22pt\">D\u00cdAS FESTIVOS DE LA LOCALIDAD<\/span><\/h4>\n<p style=\"text-align: center\"><span style=\"font-size: 18pt;color: #ff0000\"><strong>31-10-2024<\/strong><\/span><\/p>\n<p style=\"text-align: center\"><span style=\"font-size: 18pt;color: #ff0000\"><strong>04-03-2025<\/strong><\/span><\/p>\n<p style=\"text-align: center\"><span style=\"font-size: 18pt;color: #ff0000\"><strong>19-06-2025<\/strong><\/span><\/p>\n<p style=\"text-align: center\">&nbsp;<\/p>\n<h4>&nbsp;<\/h4>\n<p style=\"text-align: center\">&nbsp;<\/p>\n","protected":false},"excerpt":{"rendered":"<p>&nbsp; Presentamos el Calendario Escolar Provincial para el curso 2024 &#8211; 2025. calendario-escolar-granada-24-25 &nbsp; IMPORTANTE Los d\u00edas de libre disposici\u00f3n elegidos en el Consejo Escolar : D\u00cdAS FESTIVOS DE LA LOCALIDAD 31-10-2024 04-03-2025 19-06-2025 &nbsp; &nbsp; &nbsp;<\/p>\n","protected":false},"author":1,"featured_media":0,"parent":0,"menu_order":0,"comment_status":"closed","ping_status":"open","template":"","meta":{"ngg_post_thumbnail":0,"footnotes":"","_mc_calendar":{"weekends":"true","shortcode":"[my_calendar weekends=&quot;true&quot;]","append":""}},"aioseo_notices":[],"_links":{"self":[{"href":"https:\/\/blogsaverroes.juntadeandalucia.es\/ceipelzargal\/wp-json\/wp\/v2\/pages\/869"}],"collection":[{"href":"https:\/\/blogsaverroes.juntadeandalucia.es\/ceipelzargal\/wp-json\/wp\/v2\/pages"}],"about":[{"href":"https:\/\/blogsaverroes.juntadeandalucia.es\/ceipelzargal\/wp-json\/wp\/v2\/types\/page"}],"author":[{"embeddable":true,"href":"https:\/\/blogsaverroes.juntadeandalucia.es\/ceipelzargal\/wp-json\/wp\/v2\/users\/1"}],"replies":[{"embeddable":true,"href":"https:\/\/blogsaverroes.juntadeandalucia.es\/ceipelzargal\/wp-json\/wp\/v2\/comments?post=869"}],"version-history":[{"count":46,"href":"https:\/\/blogsaverroes.juntadeandalucia.es\/ceipelzargal\/wp-json\/wp\/v2\/pages\/869\/revisions"}],"predecessor-version":[{"id":6317,"href":"https:\/\/blogsaverroes.juntadeandalucia.es\/ceipelzargal\/wp-json\/wp\/v2\/pages\/869\/revisions\/6317"}],"wp:attachment":[{"href":"https:\/\/blogsaverroes.juntadeandalucia.es\/ceipelzargal\/wp-json\/wp\/v2\/media?parent=869"}],"curies":[{"name":"wp","href":"https:\/\/api.w.org\/{rel}","templated":true}]}}