{"id":823,"date":"2020-12-16T09:58:58","date_gmt":"2020-12-16T08:58:58","guid":{"rendered":"https:\/\/blogsaverroes.juntadeandalucia.es\/pre\/plantilla-pencil\/?page_id=733"},"modified":"2024-11-08T10:36:39","modified_gmt":"2024-11-08T09:36:39","slug":"contactar-con-el-centro","status":"publish","type":"page","link":"https:\/\/blogsaverroes.juntadeandalucia.es\/ceipencarnacion\/contactar-con-el-centro\/","title":{"rendered":"Contactar con el centro"},"content":{"rendered":"<h2><span style=\"text-decoration: underline;font-family: 'comic sans ms', sans-serif\"><strong>Datos Del Centro<\/strong><\/span><\/h2>\n<h2><span style=\"font-size: 14pt;font-family: arial, helvetica, sans-serif\">Nombre: CEIP. Nuestra Se\u00f1ora de la Encarnaci\u00f3n<\/span><br \/>\n<span style=\"font-size: 14pt;font-family: arial, helvetica, sans-serif\">C\u00f3digo: 23003284<\/span><br \/>\n<span style=\"font-size: 14pt;font-family: arial, helvetica, sans-serif\">Direcci\u00f3n: C\/ Escuelas s\/n<\/span><br \/>\n<span style=\"font-size: 14pt;font-family: arial, helvetica, sans-serif\">Tel\u00e9fono: 953711524<\/span><br \/>\n<span style=\"font-size: 14pt;font-family: arial, helvetica, sans-serif\">Correo electr\u00f3nico: 23003284.edu@juntadeandalucia.es<\/span><\/h2>\n<p>&nbsp;<\/p>\n<p style=\"text-align: left\"><span style=\"text-decoration: underline;color: #000000\"><span style=\"font-family: 'comic sans ms', sans-serif\"><strong><span style=\"font-size: 24pt\">Ubicaci\u00f3n del Centro<\/span><\/strong><\/span><\/span><\/p>\n<p>&nbsp;<\/p>\n<p><iframe loading=\"lazy\" src=\"https:\/\/www.google.com\/maps\/embed?pb=!1m18!1m12!1m3!1d3174420.4920585975!2d-8.702773687499988!3d39.014857000000006!2m3!1f0!2f0!3f0!3m2!1i1024!2i768!4f13.1!3m3!1m2!1s0xd6e55151b9c19e3%3A0x498d966bce42ed1!2sC.E.I.P.%20Ntra%20Sra%20De%20La%20Encarnaci%C3%B3n!5e0!3m2!1ses!2ses!4v1727967624698!5m2!1ses!2ses\" width=\"100%\" height=\"458\"><\/iframe><\/p>\n","protected":false},"excerpt":{"rendered":"<p>Datos Del Centro Nombre: CEIP. Nuestra Se\u00f1ora de la Encarnaci\u00f3n C\u00f3digo: 23003284 Direcci\u00f3n: C\/ Escuelas s\/n Tel\u00e9fono: 953711524 Correo electr\u00f3nico: 23003284.edu@juntadeandalucia.es &nbsp; Ubicaci\u00f3n del Centro &nbsp;<\/p>\n","protected":false},"author":7051,"featured_media":0,"parent":0,"menu_order":0,"comment_status":"closed","ping_status":"closed","template":"","meta":{"ngg_post_thumbnail":0,"footnotes":""},"aioseo_notices":[],"_links":{"self":[{"href":"https:\/\/blogsaverroes.juntadeandalucia.es\/ceipencarnacion\/wp-json\/wp\/v2\/pages\/823"}],"collection":[{"href":"https:\/\/blogsaverroes.juntadeandalucia.es\/ceipencarnacion\/wp-json\/wp\/v2\/pages"}],"about":[{"href":"https:\/\/blogsaverroes.juntadeandalucia.es\/ceipencarnacion\/wp-json\/wp\/v2\/types\/page"}],"author":[{"embeddable":true,"href":"https:\/\/blogsaverroes.juntadeandalucia.es\/ceipencarnacion\/wp-json\/wp\/v2\/users\/7051"}],"replies":[{"embeddable":true,"href":"https:\/\/blogsaverroes.juntadeandalucia.es\/ceipencarnacion\/wp-json\/wp\/v2\/comments?post=823"}],"version-history":[{"count":5,"href":"https:\/\/blogsaverroes.juntadeandalucia.es\/ceipencarnacion\/wp-json\/wp\/v2\/pages\/823\/revisions"}],"predecessor-version":[{"id":1446,"href":"https:\/\/blogsaverroes.juntadeandalucia.es\/ceipencarnacion\/wp-json\/wp\/v2\/pages\/823\/revisions\/1446"}],"wp:attachment":[{"href":"https:\/\/blogsaverroes.juntadeandalucia.es\/ceipencarnacion\/wp-json\/wp\/v2\/media?parent=823"}],"curies":[{"name":"wp","href":"https:\/\/api.w.org\/{rel}","templated":true}]}}