{"id":871,"date":"2020-12-18T08:57:29","date_gmt":"2020-12-18T07:57:29","guid":{"rendered":"https:\/\/blogsaverroes.juntadeandalucia.es\/pre\/plantilla-pencil\/?page_id=871"},"modified":"2025-09-22T16:53:36","modified_gmt":"2025-09-22T15:53:36","slug":"comedor-escolar","status":"publish","type":"page","link":"https:\/\/blogsaverroes.juntadeandalucia.es\/ceipencarnacion\/comedor-escolar\/","title":{"rendered":"COMEDOR ESCOLAR"},"content":{"rendered":"<h2>&nbsp;<\/h2>\n<ul>\n<li>\n<h2><span style=\"font-family: arial, helvetica, sans-serif;color: #666699;font-size: 12pt\">El comedor escolar del Centro&nbsp; comienza el d\u00eda 11 de septiembre de 2025 y&nbsp; finaliza el d\u00eda 22&nbsp; de junio de 2026.<\/span><\/h2>\n<\/li>\n<li>\n<h2><span style=\"font-family: arial, helvetica, sans-serif;color: #666699;font-size: 12pt\">El horario del comedor ser\u00e1 de 14:00 h&nbsp; &nbsp;a&nbsp; 15:00 h.<\/span><\/h2>\n<\/li>\n<\/ul>\n<p>&nbsp;<\/p>\n<p>&nbsp;<\/p>\n<p>&nbsp;<\/p>\n","protected":false},"excerpt":{"rendered":"<p>&nbsp; El comedor escolar del Centro&nbsp; comienza el d\u00eda 11 de septiembre de 2025 y&nbsp; finaliza el d\u00eda 22&nbsp; de junio de 2026. El horario del comedor ser\u00e1 de 14:00 h&nbsp; &nbsp;a&nbsp; 15:00 h. &nbsp; &nbsp; &nbsp;<\/p>\n","protected":false},"author":7051,"featured_media":0,"parent":0,"menu_order":0,"comment_status":"closed","ping_status":"closed","template":"","meta":{"ngg_post_thumbnail":0,"footnotes":""},"aioseo_notices":[],"_links":{"self":[{"href":"https:\/\/blogsaverroes.juntadeandalucia.es\/ceipencarnacion\/wp-json\/wp\/v2\/pages\/871"}],"collection":[{"href":"https:\/\/blogsaverroes.juntadeandalucia.es\/ceipencarnacion\/wp-json\/wp\/v2\/pages"}],"about":[{"href":"https:\/\/blogsaverroes.juntadeandalucia.es\/ceipencarnacion\/wp-json\/wp\/v2\/types\/page"}],"author":[{"embeddable":true,"href":"https:\/\/blogsaverroes.juntadeandalucia.es\/ceipencarnacion\/wp-json\/wp\/v2\/users\/7051"}],"replies":[{"embeddable":true,"href":"https:\/\/blogsaverroes.juntadeandalucia.es\/ceipencarnacion\/wp-json\/wp\/v2\/comments?post=871"}],"version-history":[{"count":9,"href":"https:\/\/blogsaverroes.juntadeandalucia.es\/ceipencarnacion\/wp-json\/wp\/v2\/pages\/871\/revisions"}],"predecessor-version":[{"id":2457,"href":"https:\/\/blogsaverroes.juntadeandalucia.es\/ceipencarnacion\/wp-json\/wp\/v2\/pages\/871\/revisions\/2457"}],"wp:attachment":[{"href":"https:\/\/blogsaverroes.juntadeandalucia.es\/ceipencarnacion\/wp-json\/wp\/v2\/media?parent=871"}],"curies":[{"name":"wp","href":"https:\/\/api.w.org\/{rel}","templated":true}]}}