{"id":2323,"date":"2020-11-20T11:40:34","date_gmt":"2020-11-20T11:40:34","guid":{"rendered":"https:\/\/blogsaverroes.juntadeandalucia.es\/ceipenebral\/?page_id=2323"},"modified":"2020-12-11T10:32:40","modified_gmt":"2020-12-11T10:32:40","slug":"personal-no-docente","status":"publish","type":"page","link":"https:\/\/blogsaverroes.juntadeandalucia.es\/ceipenebral\/personal-no-docente\/","title":{"rendered":"Personal no docente"},"content":{"rendered":"<h3><span style=\"color: #008000\"><strong>Personal no docente.&nbsp;<\/strong><\/span><\/h3>\n<p>Estas personas son imprescindibles en nuestro Centro.<\/p>\n<table style=\"border-collapse: collapse;width: 100%\">\n<tbody>\n<tr>\n<td style=\"width: 50%;text-align: center\"><a href=\"https:\/\/blogsaverroes.juntadeandalucia.es\/ceipenebral\/files\/2020\/12\/inma.jpg\"><img loading=\"lazy\" decoding=\"async\" class=\"aligncenter wp-image-2492\" src=\"https:\/\/blogsaverroes.juntadeandalucia.es\/ceipenebral\/files\/2020\/12\/inma.jpg\" alt=\"\" width=\"145\" height=\"193\" srcset=\"https:\/\/blogsaverroes.juntadeandalucia.es\/ceipenebral\/files\/2020\/12\/inma.jpg 357w, https:\/\/blogsaverroes.juntadeandalucia.es\/ceipenebral\/files\/2020\/12\/inma-225x300.jpg 225w, https:\/\/blogsaverroes.juntadeandalucia.es\/ceipenebral\/files\/2020\/12\/inma-300x400.jpg 300w, https:\/\/blogsaverroes.juntadeandalucia.es\/ceipenebral\/files\/2020\/12\/inma-18x24.jpg 18w, https:\/\/blogsaverroes.juntadeandalucia.es\/ceipenebral\/files\/2020\/12\/inma-27x36.jpg 27w, https:\/\/blogsaverroes.juntadeandalucia.es\/ceipenebral\/files\/2020\/12\/inma-36x48.jpg 36w\" sizes=\"(max-width: 145px) 100vw, 145px\" \/>secretaria.enebral@gmail.com<\/a><\/td>\n<td style=\"width: 50%\"><strong>M\u00aa Inmaculada Aceituno Recio<\/strong><\/p>\n<p>Monitora administrativa<\/p>\n<p>&nbsp;<\/td>\n<\/tr>\n<tr>\n<td style=\"width: 50%;text-align: center\"><a href=\"https:\/\/blogsaverroes.juntadeandalucia.es\/ceipenebral\/files\/2020\/12\/noelia.jpeg\"><img loading=\"lazy\" decoding=\"async\" class=\"aligncenter wp-image-2495\" src=\"https:\/\/blogsaverroes.juntadeandalucia.es\/ceipenebral\/files\/2020\/12\/noelia.jpeg\" alt=\"\" width=\"146\" height=\"242\" srcset=\"https:\/\/blogsaverroes.juntadeandalucia.es\/ceipenebral\/files\/2020\/12\/noelia.jpeg 188w, https:\/\/blogsaverroes.juntadeandalucia.es\/ceipenebral\/files\/2020\/12\/noelia-181x300.jpeg 181w, https:\/\/blogsaverroes.juntadeandalucia.es\/ceipenebral\/files\/2020\/12\/noelia-15x24.jpeg 15w, https:\/\/blogsaverroes.juntadeandalucia.es\/ceipenebral\/files\/2020\/12\/noelia-22x36.jpeg 22w, https:\/\/blogsaverroes.juntadeandalucia.es\/ceipenebral\/files\/2020\/12\/noelia-29x48.jpeg 29w\" sizes=\"(max-width: 146px) 100vw, 146px\" \/>noelia.gallardo.garcia@ceipenebral.com<\/a><\/td>\n<td style=\"width: 50%\"><strong>Noelia Gallardo Garc\u00eda<\/strong><\/p>\n<p>Monitora de Educaci\u00f3n Especial<\/td>\n<\/tr>\n<tr>\n<td style=\"width: 50%;text-align: center\"><a href=\"https:\/\/blogsaverroes.juntadeandalucia.es\/ceipenebral\/files\/2020\/12\/silvia.jpeg\"><img loading=\"lazy\" decoding=\"async\" class=\"aligncenter wp-image-2496\" src=\"https:\/\/blogsaverroes.juntadeandalucia.es\/ceipenebral\/files\/2020\/12\/silvia-694x1024.jpeg\" alt=\"\" width=\"147\" height=\"217\" srcset=\"https:\/\/blogsaverroes.juntadeandalucia.es\/ceipenebral\/files\/2020\/12\/silvia-694x1024.jpeg 694w, https:\/\/blogsaverroes.juntadeandalucia.es\/ceipenebral\/files\/2020\/12\/silvia-203x300.jpeg 203w, https:\/\/blogsaverroes.juntadeandalucia.es\/ceipenebral\/files\/2020\/12\/silvia-768x1134.jpeg 768w, https:\/\/blogsaverroes.juntadeandalucia.es\/ceipenebral\/files\/2020\/12\/silvia-1040x1536.jpeg 1040w, https:\/\/blogsaverroes.juntadeandalucia.es\/ceipenebral\/files\/2020\/12\/silvia-16x24.jpeg 16w, https:\/\/blogsaverroes.juntadeandalucia.es\/ceipenebral\/files\/2020\/12\/silvia-24x36.jpeg 24w, https:\/\/blogsaverroes.juntadeandalucia.es\/ceipenebral\/files\/2020\/12\/silvia-33x48.jpeg 33w, https:\/\/blogsaverroes.juntadeandalucia.es\/ceipenebral\/files\/2020\/12\/silvia.jpeg 1084w\" sizes=\"(max-width: 147px) 100vw, 147px\" \/>silvia_silvita1@hotmail.com<\/a><\/td>\n<td style=\"width: 50%\"><strong>Silvia M\u00e1rquez Rodr\u00edguez<\/strong><\/p>\n<p>Monitora de Educaci\u00f3n Infantil (Infantil de 3 a\u00f1os)<\/td>\n<\/tr>\n<tr>\n<td style=\"width: 50%;text-align: center\"><a href=\"https:\/\/blogsaverroes.juntadeandalucia.es\/ceipenebral\/files\/2020\/12\/MANOLO_CONSERJE.jpg\"><img loading=\"lazy\" decoding=\"async\" class=\"aligncenter wp-image-2494\" src=\"https:\/\/blogsaverroes.juntadeandalucia.es\/ceipenebral\/files\/2020\/12\/MANOLO_CONSERJE-769x1024.jpg\" alt=\"\" width=\"146\" height=\"194\" srcset=\"https:\/\/blogsaverroes.juntadeandalucia.es\/ceipenebral\/files\/2020\/12\/MANOLO_CONSERJE-769x1024.jpg 769w, https:\/\/blogsaverroes.juntadeandalucia.es\/ceipenebral\/files\/2020\/12\/MANOLO_CONSERJE-225x300.jpg 225w, https:\/\/blogsaverroes.juntadeandalucia.es\/ceipenebral\/files\/2020\/12\/MANOLO_CONSERJE-768x1023.jpg 768w, https:\/\/blogsaverroes.juntadeandalucia.es\/ceipenebral\/files\/2020\/12\/MANOLO_CONSERJE-300x400.jpg 300w, https:\/\/blogsaverroes.juntadeandalucia.es\/ceipenebral\/files\/2020\/12\/MANOLO_CONSERJE-18x24.jpg 18w, https:\/\/blogsaverroes.juntadeandalucia.es\/ceipenebral\/files\/2020\/12\/MANOLO_CONSERJE-27x36.jpg 27w, https:\/\/blogsaverroes.juntadeandalucia.es\/ceipenebral\/files\/2020\/12\/MANOLO_CONSERJE-36x48.jpg 36w, https:\/\/blogsaverroes.juntadeandalucia.es\/ceipenebral\/files\/2020\/12\/MANOLO_CONSERJE.jpg 891w\" sizes=\"(max-width: 146px) 100vw, 146px\" \/>manolorodriguezher64@gmail.com<\/a><\/td>\n<td style=\"width: 50%\"><strong>Manuel Rodr\u00edguez Hern\u00e1ndez<\/strong><\/p>\n<p>Conserje<\/td>\n<\/tr>\n<tr>\n<td style=\"width: 50%;text-align: center\"><a href=\"https:\/\/blogsaverroes.juntadeandalucia.es\/ceipenebral\/files\/2020\/12\/M\u00aa-del-Carmen-de-los-Reyes-Ram\u00f3n.jpeg\"><img loading=\"lazy\" decoding=\"async\" class=\"aligncenter wp-image-2493\" src=\"https:\/\/blogsaverroes.juntadeandalucia.es\/ceipenebral\/files\/2020\/12\/M\u00aa-del-Carmen-de-los-Reyes-Ram\u00f3n-768x1024.jpeg\" alt=\"\" width=\"148\" height=\"198\" srcset=\"https:\/\/blogsaverroes.juntadeandalucia.es\/ceipenebral\/files\/2020\/12\/M\u00aa-del-Carmen-de-los-Reyes-Ram\u00f3n-768x1024.jpeg 768w, https:\/\/blogsaverroes.juntadeandalucia.es\/ceipenebral\/files\/2020\/12\/M\u00aa-del-Carmen-de-los-Reyes-Ram\u00f3n-225x300.jpeg 225w, https:\/\/blogsaverroes.juntadeandalucia.es\/ceipenebral\/files\/2020\/12\/M\u00aa-del-Carmen-de-los-Reyes-Ram\u00f3n-300x400.jpeg 300w, https:\/\/blogsaverroes.juntadeandalucia.es\/ceipenebral\/files\/2020\/12\/M\u00aa-del-Carmen-de-los-Reyes-Ram\u00f3n-18x24.jpeg 18w, https:\/\/blogsaverroes.juntadeandalucia.es\/ceipenebral\/files\/2020\/12\/M\u00aa-del-Carmen-de-los-Reyes-Ram\u00f3n-27x36.jpeg 27w, https:\/\/blogsaverroes.juntadeandalucia.es\/ceipenebral\/files\/2020\/12\/M\u00aa-del-Carmen-de-los-Reyes-Ram\u00f3n-36x48.jpeg 36w, https:\/\/blogsaverroes.juntadeandalucia.es\/ceipenebral\/files\/2020\/12\/M\u00aa-del-Carmen-de-los-Reyes-Ram\u00f3n.jpeg 805w\" sizes=\"(max-width: 148px) 100vw, 148px\" \/>m,c.delosreyesramon@gmail.com<\/a><\/td>\n<td style=\"width: 50%\"><strong>M\u00aa del Carmen de los Reyes Ram\u00f3n<\/strong><\/p>\n<p>Mantenimiento de limpieza Covid<\/td>\n<\/tr>\n<\/tbody>\n<\/table>\n","protected":false},"excerpt":{"rendered":"<p>Personal no docente.&nbsp; Estas personas son imprescindibles en nuestro Centro. secretaria.enebral@gmail.com M\u00aa Inmaculada Aceituno Recio Monitora administrativa &nbsp; noelia.gallardo.garcia@ceipenebral.com Noelia Gallardo Garc\u00eda Monitora de Educaci\u00f3n Especial silvia_silvita1@hotmail.com Silvia M\u00e1rquez Rodr\u00edguez Monitora de Educaci\u00f3n Infantil&#46;&#46;&#46;<\/p>\n","protected":false},"author":11409,"featured_media":0,"parent":0,"menu_order":0,"comment_status":"closed","ping_status":"closed","template":"","meta":{"ngg_post_thumbnail":0,"footnotes":"","_mc_calendar":[]},"aioseo_notices":[],"_links":{"self":[{"href":"https:\/\/blogsaverroes.juntadeandalucia.es\/ceipenebral\/wp-json\/wp\/v2\/pages\/2323"}],"collection":[{"href":"https:\/\/blogsaverroes.juntadeandalucia.es\/ceipenebral\/wp-json\/wp\/v2\/pages"}],"about":[{"href":"https:\/\/blogsaverroes.juntadeandalucia.es\/ceipenebral\/wp-json\/wp\/v2\/types\/page"}],"author":[{"embeddable":true,"href":"https:\/\/blogsaverroes.juntadeandalucia.es\/ceipenebral\/wp-json\/wp\/v2\/users\/11409"}],"replies":[{"embeddable":true,"href":"https:\/\/blogsaverroes.juntadeandalucia.es\/ceipenebral\/wp-json\/wp\/v2\/comments?post=2323"}],"version-history":[{"count":5,"href":"https:\/\/blogsaverroes.juntadeandalucia.es\/ceipenebral\/wp-json\/wp\/v2\/pages\/2323\/revisions"}],"predecessor-version":[{"id":2499,"href":"https:\/\/blogsaverroes.juntadeandalucia.es\/ceipenebral\/wp-json\/wp\/v2\/pages\/2323\/revisions\/2499"}],"wp:attachment":[{"href":"https:\/\/blogsaverroes.juntadeandalucia.es\/ceipenebral\/wp-json\/wp\/v2\/media?parent=2323"}],"curies":[{"name":"wp","href":"https:\/\/api.w.org\/{rel}","templated":true}]}}

<h3><span style="color: #008000"><strong>Personal no docente.&nbsp;</strong></span></h3>
<p>Estas personas son imprescindibles en nuestro Centro.</p>
<table style="border-collapse: collapse;width: 100%">
<tbody>
<tr>
<td style="width: 50%;text-align: center"><a href="https://blogsaverroes.juntadeandalucia.es/ceipenebral/files/2020/12/inma.jpg"><img loading="lazy" decoding="async" class="aligncenter wp-image-2492" src="https://blogsaverroes.juntadeandalucia.es/ceipenebral/files/2020/12/inma.jpg" alt="" width="145" height="193" srcset="https://blogsaverroes.juntadeandalucia.es/ceipenebral/files/2020/12/inma.jpg 357w, https://blogsaverroes.juntadeandalucia.es/ceipenebral/files/2020/12/inma-225x300.jpg 225w, https://blogsaverroes.juntadeandalucia.es/ceipenebral/files/2020/12/inma-300x400.jpg 300w, https://blogsaverroes.juntadeandalucia.es/ceipenebral/files/2020/12/inma-18x24.jpg 18w, https://blogsaverroes.juntadeandalucia.es/ceipenebral/files/2020/12/inma-27x36.jpg 27w, https://blogsaverroes.juntadeandalucia.es/ceipenebral/files/2020/12/inma-36x48.jpg 36w" sizes="(max-width: 145px) 100vw, 145px" />secretaria.enebral@gmail.com</a></td>
<td style="width: 50%"><strong>Mª Inmaculada Aceituno Recio</strong></p>
<p>Monitora administrativa</p>
<p>&nbsp;</td>
</tr>
<tr>
<td style="width: 50%;text-align: center"><a href="https://blogsaverroes.juntadeandalucia.es/ceipenebral/files/2020/12/noelia.jpeg"><img loading="lazy" decoding="async" class="aligncenter wp-image-2495" src="https://blogsaverroes.juntadeandalucia.es/ceipenebral/files/2020/12/noelia.jpeg" alt="" width="146" height="242" srcset="https://blogsaverroes.juntadeandalucia.es/ceipenebral/files/2020/12/noelia.jpeg 188w, https://blogsaverroes.juntadeandalucia.es/ceipenebral/files/2020/12/noelia-181x300.jpeg 181w, https://blogsaverroes.juntadeandalucia.es/ceipenebral/files/2020/12/noelia-15x24.jpeg 15w, https://blogsaverroes.juntadeandalucia.es/ceipenebral/files/2020/12/noelia-22x36.jpeg 22w, https://blogsaverroes.juntadeandalucia.es/ceipenebral/files/2020/12/noelia-29x48.jpeg 29w" sizes="(max-width: 146px) 100vw, 146px" />noelia.gallardo.garcia@ceipenebral.com</a></td>
<td style="width: 50%"><strong>Noelia Gallardo García</strong></p>
<p>Monitora de Educación Especial</td>
</tr>
<tr>
<td style="width: 50%;text-align: center"><a href="https://blogsaverroes.juntadeandalucia.es/ceipenebral/files/2020/12/silvia.jpeg"><img loading="lazy" decoding="async" class="aligncenter wp-image-2496" src="https://blogsaverroes.juntadeandalucia.es/ceipenebral/files/2020/12/silvia-694x1024.jpeg" alt="" width="147" height="217" srcset="https://blogsaverroes.juntadeandalucia.es/ceipenebral/files/2020/12/silvia-694x1024.jpeg 694w, https://blogsaverroes.juntadeandalucia.es/ceipenebral/files/2020/12/silvia-203x300.jpeg 203w, https://blogsaverroes.juntadeandalucia.es/ceipenebral/files/2020/12/silvia-768x1134.jpeg 768w, https://blogsaverroes.juntadeandalucia.es/ceipenebral/files/2020/12/silvia-1040x1536.jpeg 1040w, https://blogsaverroes.juntadeandalucia.es/ceipenebral/files/2020/12/silvia-16x24.jpeg 16w, https://blogsaverroes.juntadeandalucia.es/ceipenebral/files/2020/12/silvia-24x36.jpeg 24w, https://blogsaverroes.juntadeandalucia.es/ceipenebral/files/2020/12/silvia-33x48.jpeg 33w, https://blogsaverroes.juntadeandalucia.es/ceipenebral/files/2020/12/silvia.jpeg 1084w" sizes="(max-width: 147px) 100vw, 147px" />silvia_silvita1@hotmail.com</a></td>
<td style="width: 50%"><strong>Silvia Márquez Rodríguez</strong></p>
<p>Monitora de Educación Infantil (Infantil de 3 años)</td>
</tr>
<tr>
<td style="width: 50%;text-align: center"><a href="https://blogsaverroes.juntadeandalucia.es/ceipenebral/files/2020/12/MANOLO_CONSERJE.jpg"><img loading="lazy" decoding="async" class="aligncenter wp-image-2494" src="https://blogsaverroes.juntadeandalucia.es/ceipenebral/files/2020/12/MANOLO_CONSERJE-769x1024.jpg" alt="" width="146" height="194" srcset="https://blogsaverroes.juntadeandalucia.es/ceipenebral/files/2020/12/MANOLO_CONSERJE-769x1024.jpg 769w, https://blogsaverroes.juntadeandalucia.es/ceipenebral/files/2020/12/MANOLO_CONSERJE-225x300.jpg 225w, https://blogsaverroes.juntadeandalucia.es/ceipenebral/files/2020/12/MANOLO_CONSERJE-768x1023.jpg 768w, https://blogsaverroes.juntadeandalucia.es/ceipenebral/files/2020/12/MANOLO_CONSERJE-300x400.jpg 300w, https://blogsaverroes.juntadeandalucia.es/ceipenebral/files/2020/12/MANOLO_CONSERJE-18x24.jpg 18w, https://blogsaverroes.juntadeandalucia.es/ceipenebral/files/2020/12/MANOLO_CONSERJE-27x36.jpg 27w, https://blogsaverroes.juntadeandalucia.es/ceipenebral/files/2020/12/MANOLO_CONSERJE-36x48.jpg 36w, https://blogsaverroes.juntadeandalucia.es/ceipenebral/files/2020/12/MANOLO_CONSERJE.jpg 891w" sizes="(max-width: 146px) 100vw, 146px" />manolorodriguezher64@gmail.com</a></td>
<td style="width: 50%"><strong>Manuel Rodríguez Hernández</strong></p>
<p>Conserje</td>
</tr>
<tr>
<td style="width: 50%;text-align: center"><a href="https://blogsaverroes.juntadeandalucia.es/ceipenebral/files/2020/12/Mª-del-Carmen-de-los-Reyes-Ramón.jpeg"><img loading="lazy" decoding="async" class="aligncenter wp-image-2493" src="https://blogsaverroes.juntadeandalucia.es/ceipenebral/files/2020/12/Mª-del-Carmen-de-los-Reyes-Ramón-768x1024.jpeg" alt="" width="148" height="198" srcset="https://blogsaverroes.juntadeandalucia.es/ceipenebral/files/2020/12/Mª-del-Carmen-de-los-Reyes-Ramón-768x1024.jpeg 768w, https://blogsaverroes.juntadeandalucia.es/ceipenebral/files/2020/12/Mª-del-Carmen-de-los-Reyes-Ramón-225x300.jpeg 225w, https://blogsaverroes.juntadeandalucia.es/ceipenebral/files/2020/12/Mª-del-Carmen-de-los-Reyes-Ramón-300x400.jpeg 300w, https://blogsaverroes.juntadeandalucia.es/ceipenebral/files/2020/12/Mª-del-Carmen-de-los-Reyes-Ramón-18x24.jpeg 18w, https://blogsaverroes.juntadeandalucia.es/ceipenebral/files/2020/12/Mª-del-Carmen-de-los-Reyes-Ramón-27x36.jpeg 27w, https://blogsaverroes.juntadeandalucia.es/ceipenebral/files/2020/12/Mª-del-Carmen-de-los-Reyes-Ramón-36x48.jpeg 36w, https://blogsaverroes.juntadeandalucia.es/ceipenebral/files/2020/12/Mª-del-Carmen-de-los-Reyes-Ramón.jpeg 805w" sizes="(max-width: 148px) 100vw, 148px" />m,c.delosreyesramon@gmail.com</a></td>
<td style="width: 50%"><strong>Mª del Carmen de los Reyes Ramón</strong></p>
<p>Mantenimiento de limpieza Covid</td>
</tr>
</tbody>
</table>

<p>Personal no docente.&nbsp; Estas personas son imprescindibles en nuestro Centro. secretaria.enebral@gmail.com Mª Inmaculada Aceituno Recio Monitora administrativa &nbsp; noelia.gallardo.garcia@ceipenebral.com Noelia Gallardo García Monitora de Educación Especial silvia_silvita1@hotmail.com Silvia Márquez Rodríguez Monitora de Educación Infantil&#46;&#46;&#46;</p>
