{"id":2484,"date":"2020-12-11T08:45:51","date_gmt":"2020-12-11T08:45:51","guid":{"rendered":"https:\/\/blogsaverroes.juntadeandalucia.es\/ceipenebral\/?page_id=2484"},"modified":"2021-12-10T11:34:56","modified_gmt":"2021-12-10T11:34:56","slug":"equipo-de-orientacion-escolar-e-o-e","status":"publish","type":"page","link":"https:\/\/blogsaverroes.juntadeandalucia.es\/ceipenebral\/equipo-de-orientacion-escolar-e-o-e\/","title":{"rendered":"Equipo de Orientaci\u00f3n Escolar (E.O.E.)"},"content":{"rendered":"<p>Este equipo nos facilita nuestro trabajo en el d\u00eda a d\u00eda y dan orientaciones a las familias.<\/p>\n<table style=\"border-collapse: collapse;width: 46.2409%\">\n<tbody>\n<tr>\n<td style=\"width: 24.4511%\"><a href=\"https:\/\/blogsaverroes.juntadeandalucia.es\/ceipenebral\/files\/2020\/12\/M\u00aa-Rosa-Arauz-Mar\u00eda.jpeg\"><img loading=\"lazy\" decoding=\"async\" class=\"aligncenter wp-image-2503\" src=\"https:\/\/blogsaverroes.juntadeandalucia.es\/ceipenebral\/files\/2020\/12\/M\u00aa-Rosa-Arauz-Mar\u00eda.jpeg\" alt=\"\" width=\"146\" height=\"194\" srcset=\"https:\/\/blogsaverroes.juntadeandalucia.es\/ceipenebral\/files\/2020\/12\/M\u00aa-Rosa-Arauz-Mar\u00eda.jpeg 248w, https:\/\/blogsaverroes.juntadeandalucia.es\/ceipenebral\/files\/2020\/12\/M\u00aa-Rosa-Arauz-Mar\u00eda-225x300.jpeg 225w, https:\/\/blogsaverroes.juntadeandalucia.es\/ceipenebral\/files\/2020\/12\/M\u00aa-Rosa-Arauz-Mar\u00eda-18x24.jpeg 18w, https:\/\/blogsaverroes.juntadeandalucia.es\/ceipenebral\/files\/2020\/12\/M\u00aa-Rosa-Arauz-Mar\u00eda-27x36.jpeg 27w, https:\/\/blogsaverroes.juntadeandalucia.es\/ceipenebral\/files\/2020\/12\/M\u00aa-Rosa-Arauz-Mar\u00eda-36x48.jpeg 36w\" sizes=\"(max-width: 146px) 100vw, 146px\" \/><\/a><\/td>\n<td style=\"width: 21.7898%\"><strong>M\u00aa Rosa Arauz Mar\u00eda<\/strong><\/p>\n<p>Coordinadora del E.O.E. de Punta Umbr\u00eda<\/p>\n<p>M\u00e9dica<\/td>\n<\/tr>\n<tr>\n<td style=\"width: 24.4511%\"><a href=\"https:\/\/blogsaverroes.juntadeandalucia.es\/ceipenebral\/files\/2020\/12\/Claudia-benitez-delgado.jpeg\"><img loading=\"lazy\" decoding=\"async\" class=\"aligncenter wp-image-2501\" src=\"https:\/\/blogsaverroes.juntadeandalucia.es\/ceipenebral\/files\/2020\/12\/Claudia-benitez-delgado.jpeg\" alt=\"\" width=\"148\" height=\"197\" srcset=\"https:\/\/blogsaverroes.juntadeandalucia.es\/ceipenebral\/files\/2020\/12\/Claudia-benitez-delgado.jpeg 742w, https:\/\/blogsaverroes.juntadeandalucia.es\/ceipenebral\/files\/2020\/12\/Claudia-benitez-delgado-225x300.jpeg 225w, https:\/\/blogsaverroes.juntadeandalucia.es\/ceipenebral\/files\/2020\/12\/Claudia-benitez-delgado-300x400.jpeg 300w, https:\/\/blogsaverroes.juntadeandalucia.es\/ceipenebral\/files\/2020\/12\/Claudia-benitez-delgado-18x24.jpeg 18w, https:\/\/blogsaverroes.juntadeandalucia.es\/ceipenebral\/files\/2020\/12\/Claudia-benitez-delgado-27x36.jpeg 27w, https:\/\/blogsaverroes.juntadeandalucia.es\/ceipenebral\/files\/2020\/12\/Claudia-benitez-delgado-36x48.jpeg 36w\" sizes=\"(max-width: 148px) 100vw, 148px\" \/><\/a><\/td>\n<td style=\"width: 21.7898%\"><strong>Claudia Ben\u00edtez Delgado<\/strong><\/p>\n<p>Logopeda<\/td>\n<\/tr>\n<tr>\n<td style=\"width: 24.4511%\"><a href=\"https:\/\/blogsaverroes.juntadeandalucia.es\/ceipenebral\/files\/2020\/12\/Elena-mora-morgado.jpeg\"><img loading=\"lazy\" decoding=\"async\" class=\"aligncenter wp-image-2502\" src=\"https:\/\/blogsaverroes.juntadeandalucia.es\/ceipenebral\/files\/2020\/12\/Elena-mora-morgado-768x1024.jpeg\" alt=\"\" width=\"149\" height=\"198\" srcset=\"https:\/\/blogsaverroes.juntadeandalucia.es\/ceipenebral\/files\/2020\/12\/Elena-mora-morgado-768x1024.jpeg 768w, https:\/\/blogsaverroes.juntadeandalucia.es\/ceipenebral\/files\/2020\/12\/Elena-mora-morgado-225x300.jpeg 225w, https:\/\/blogsaverroes.juntadeandalucia.es\/ceipenebral\/files\/2020\/12\/Elena-mora-morgado-300x400.jpeg 300w, https:\/\/blogsaverroes.juntadeandalucia.es\/ceipenebral\/files\/2020\/12\/Elena-mora-morgado-18x24.jpeg 18w, https:\/\/blogsaverroes.juntadeandalucia.es\/ceipenebral\/files\/2020\/12\/Elena-mora-morgado-27x36.jpeg 27w, https:\/\/blogsaverroes.juntadeandalucia.es\/ceipenebral\/files\/2020\/12\/Elena-mora-morgado-36x48.jpeg 36w, https:\/\/blogsaverroes.juntadeandalucia.es\/ceipenebral\/files\/2020\/12\/Elena-mora-morgado.jpeg 777w\" sizes=\"(max-width: 149px) 100vw, 149px\" \/><\/a><\/td>\n<td style=\"width: 21.7898%\"><strong>Elena Mora Morgado<\/strong><\/p>\n<p>Educadora Social<\/td>\n<\/tr>\n<tr>\n<td style=\"width: 24.4511%\"><a href=\"https:\/\/blogsaverroes.juntadeandalucia.es\/ceipenebral\/files\/2020\/12\/Susana-de-las-Casas-Barrera.jpeg\"><img loading=\"lazy\" decoding=\"async\" class=\"aligncenter wp-image-2504\" src=\"https:\/\/blogsaverroes.juntadeandalucia.es\/ceipenebral\/files\/2020\/12\/Susana-de-las-Casas-Barrera.jpeg\" alt=\"\" width=\"149\" height=\"199\" srcset=\"https:\/\/blogsaverroes.juntadeandalucia.es\/ceipenebral\/files\/2020\/12\/Susana-de-las-Casas-Barrera.jpeg 570w, https:\/\/blogsaverroes.juntadeandalucia.es\/ceipenebral\/files\/2020\/12\/Susana-de-las-Casas-Barrera-225x300.jpeg 225w, https:\/\/blogsaverroes.juntadeandalucia.es\/ceipenebral\/files\/2020\/12\/Susana-de-las-Casas-Barrera-300x400.jpeg 300w, https:\/\/blogsaverroes.juntadeandalucia.es\/ceipenebral\/files\/2020\/12\/Susana-de-las-Casas-Barrera-18x24.jpeg 18w, https:\/\/blogsaverroes.juntadeandalucia.es\/ceipenebral\/files\/2020\/12\/Susana-de-las-Casas-Barrera-27x36.jpeg 27w, https:\/\/blogsaverroes.juntadeandalucia.es\/ceipenebral\/files\/2020\/12\/Susana-de-las-Casas-Barrera-36x48.jpeg 36w\" sizes=\"(max-width: 149px) 100vw, 149px\" \/><\/a><\/td>\n<td style=\"width: 21.7898%\"><strong>Susana de las Casas Barreda<\/strong><\/p>\n<p>Orientadora de referencia<\/td>\n<\/tr>\n<\/tbody>\n<\/table>\n<p>e-mail: <a href=\"mailto:21050121.edu@juntadeandalucia.es\">21050121.edu@juntadeandalucia.es<\/a><\/p>\n<p>Tel\u00e9fono de la sede: 661415322<\/p>\n<p>Sede: Plaza de las Artes s\/n, Edificio talleres planta 1 &#8211; Punta Umbr\u00eda 21100<\/p>\n<p><span style=\"color: #008000\"><strong>PLAN DE ACTUACI\u00d3N DEL E.O.E. DE PUNTA UMBRIA<\/strong><\/span><\/p>\n<p><iframe loading=\"lazy\" src=\"https:\/\/drive.google.com\/file\/d\/1F6BG0Rk97ynSZus_FX114KKbojL0eKjY\/preview\" width=\"640\" height=\"900\"><span data-mce-type=\"bookmark\" style=\"width: 0px;overflow: hidden;line-height: 0\" class=\"mce_SELRES_start\">\ufeff<\/span><span data-mce-type=\"bookmark\" style=\"width: 0px;overflow: hidden;line-height: 0\" class=\"mce_SELRES_start\">\ufeff<\/span><\/iframe><\/p>\n","protected":false},"excerpt":{"rendered":"<p>Este equipo nos facilita nuestro trabajo en el d\u00eda a d\u00eda y dan orientaciones a las familias. M\u00aa Rosa Arauz Mar\u00eda Coordinadora del E.O.E. de Punta Umbr\u00eda M\u00e9dica Claudia Ben\u00edtez Delgado Logopeda Elena Mora&#46;&#46;&#46;<\/p>\n","protected":false},"author":11409,"featured_media":0,"parent":0,"menu_order":0,"comment_status":"closed","ping_status":"closed","template":"","meta":{"ngg_post_thumbnail":0,"footnotes":"","_mc_calendar":[]},"aioseo_notices":[],"_links":{"self":[{"href":"https:\/\/blogsaverroes.juntadeandalucia.es\/ceipenebral\/wp-json\/wp\/v2\/pages\/2484"}],"collection":[{"href":"https:\/\/blogsaverroes.juntadeandalucia.es\/ceipenebral\/wp-json\/wp\/v2\/pages"}],"about":[{"href":"https:\/\/blogsaverroes.juntadeandalucia.es\/ceipenebral\/wp-json\/wp\/v2\/types\/page"}],"author":[{"embeddable":true,"href":"https:\/\/blogsaverroes.juntadeandalucia.es\/ceipenebral\/wp-json\/wp\/v2\/users\/11409"}],"replies":[{"embeddable":true,"href":"https:\/\/blogsaverroes.juntadeandalucia.es\/ceipenebral\/wp-json\/wp\/v2\/comments?post=2484"}],"version-history":[{"count":12,"href":"https:\/\/blogsaverroes.juntadeandalucia.es\/ceipenebral\/wp-json\/wp\/v2\/pages\/2484\/revisions"}],"predecessor-version":[{"id":2614,"href":"https:\/\/blogsaverroes.juntadeandalucia.es\/ceipenebral\/wp-json\/wp\/v2\/pages\/2484\/revisions\/2614"}],"wp:attachment":[{"href":"https:\/\/blogsaverroes.juntadeandalucia.es\/ceipenebral\/wp-json\/wp\/v2\/media?parent=2484"}],"curies":[{"name":"wp","href":"https:\/\/api.w.org\/{rel}","templated":true}]}}

Equipo de Orientación Escolar (E.O.E.)

<p>Este equipo nos facilita nuestro trabajo en el día a día y dan orientaciones a las familias.</p>
<table style="border-collapse: collapse;width: 46.2409%">
<tbody>
<tr>
<td style="width: 24.4511%"><a href="https://blogsaverroes.juntadeandalucia.es/ceipenebral/files/2020/12/Mª-Rosa-Arauz-María.jpeg"><img loading="lazy" decoding="async" class="aligncenter wp-image-2503" src="https://blogsaverroes.juntadeandalucia.es/ceipenebral/files/2020/12/Mª-Rosa-Arauz-María.jpeg" alt="" width="146" height="194" srcset="https://blogsaverroes.juntadeandalucia.es/ceipenebral/files/2020/12/Mª-Rosa-Arauz-María.jpeg 248w, https://blogsaverroes.juntadeandalucia.es/ceipenebral/files/2020/12/Mª-Rosa-Arauz-María-225x300.jpeg 225w, https://blogsaverroes.juntadeandalucia.es/ceipenebral/files/2020/12/Mª-Rosa-Arauz-María-18x24.jpeg 18w, https://blogsaverroes.juntadeandalucia.es/ceipenebral/files/2020/12/Mª-Rosa-Arauz-María-27x36.jpeg 27w, https://blogsaverroes.juntadeandalucia.es/ceipenebral/files/2020/12/Mª-Rosa-Arauz-María-36x48.jpeg 36w" sizes="(max-width: 146px) 100vw, 146px" /></a></td>
<td style="width: 21.7898%"><strong>Mª Rosa Arauz María</strong></p>
<p>Coordinadora del E.O.E. de Punta Umbría</p>
<p>Médica</td>
</tr>
<tr>
<td style="width: 24.4511%"><a href="https://blogsaverroes.juntadeandalucia.es/ceipenebral/files/2020/12/Claudia-benitez-delgado.jpeg"><img loading="lazy" decoding="async" class="aligncenter wp-image-2501" src="https://blogsaverroes.juntadeandalucia.es/ceipenebral/files/2020/12/Claudia-benitez-delgado.jpeg" alt="" width="148" height="197" srcset="https://blogsaverroes.juntadeandalucia.es/ceipenebral/files/2020/12/Claudia-benitez-delgado.jpeg 742w, https://blogsaverroes.juntadeandalucia.es/ceipenebral/files/2020/12/Claudia-benitez-delgado-225x300.jpeg 225w, https://blogsaverroes.juntadeandalucia.es/ceipenebral/files/2020/12/Claudia-benitez-delgado-300x400.jpeg 300w, https://blogsaverroes.juntadeandalucia.es/ceipenebral/files/2020/12/Claudia-benitez-delgado-18x24.jpeg 18w, https://blogsaverroes.juntadeandalucia.es/ceipenebral/files/2020/12/Claudia-benitez-delgado-27x36.jpeg 27w, https://blogsaverroes.juntadeandalucia.es/ceipenebral/files/2020/12/Claudia-benitez-delgado-36x48.jpeg 36w" sizes="(max-width: 148px) 100vw, 148px" /></a></td>
<td style="width: 21.7898%"><strong>Claudia Benítez Delgado</strong></p>
<p>Logopeda</td>
</tr>
<tr>
<td style="width: 24.4511%"><a href="https://blogsaverroes.juntadeandalucia.es/ceipenebral/files/2020/12/Elena-mora-morgado.jpeg"><img loading="lazy" decoding="async" class="aligncenter wp-image-2502" src="https://blogsaverroes.juntadeandalucia.es/ceipenebral/files/2020/12/Elena-mora-morgado-768x1024.jpeg" alt="" width="149" height="198" srcset="https://blogsaverroes.juntadeandalucia.es/ceipenebral/files/2020/12/Elena-mora-morgado-768x1024.jpeg 768w, https://blogsaverroes.juntadeandalucia.es/ceipenebral/files/2020/12/Elena-mora-morgado-225x300.jpeg 225w, https://blogsaverroes.juntadeandalucia.es/ceipenebral/files/2020/12/Elena-mora-morgado-300x400.jpeg 300w, https://blogsaverroes.juntadeandalucia.es/ceipenebral/files/2020/12/Elena-mora-morgado-18x24.jpeg 18w, https://blogsaverroes.juntadeandalucia.es/ceipenebral/files/2020/12/Elena-mora-morgado-27x36.jpeg 27w, https://blogsaverroes.juntadeandalucia.es/ceipenebral/files/2020/12/Elena-mora-morgado-36x48.jpeg 36w, https://blogsaverroes.juntadeandalucia.es/ceipenebral/files/2020/12/Elena-mora-morgado.jpeg 777w" sizes="(max-width: 149px) 100vw, 149px" /></a></td>
<td style="width: 21.7898%"><strong>Elena Mora Morgado</strong></p>
<p>Educadora Social</td>
</tr>
<tr>
<td style="width: 24.4511%"><a href="https://blogsaverroes.juntadeandalucia.es/ceipenebral/files/2020/12/Susana-de-las-Casas-Barrera.jpeg"><img loading="lazy" decoding="async" class="aligncenter wp-image-2504" src="https://blogsaverroes.juntadeandalucia.es/ceipenebral/files/2020/12/Susana-de-las-Casas-Barrera.jpeg" alt="" width="149" height="199" srcset="https://blogsaverroes.juntadeandalucia.es/ceipenebral/files/2020/12/Susana-de-las-Casas-Barrera.jpeg 570w, https://blogsaverroes.juntadeandalucia.es/ceipenebral/files/2020/12/Susana-de-las-Casas-Barrera-225x300.jpeg 225w, https://blogsaverroes.juntadeandalucia.es/ceipenebral/files/2020/12/Susana-de-las-Casas-Barrera-300x400.jpeg 300w, https://blogsaverroes.juntadeandalucia.es/ceipenebral/files/2020/12/Susana-de-las-Casas-Barrera-18x24.jpeg 18w, https://blogsaverroes.juntadeandalucia.es/ceipenebral/files/2020/12/Susana-de-las-Casas-Barrera-27x36.jpeg 27w, https://blogsaverroes.juntadeandalucia.es/ceipenebral/files/2020/12/Susana-de-las-Casas-Barrera-36x48.jpeg 36w" sizes="(max-width: 149px) 100vw, 149px" /></a></td>
<td style="width: 21.7898%"><strong>Susana de las Casas Barreda</strong></p>
<p>Orientadora de referencia</td>
</tr>
</tbody>
</table>
<p>e-mail: <a href="mailto:21050121.edu@juntadeandalucia.es">21050121.edu@juntadeandalucia.es</a></p>
<p>Teléfono de la sede: 661415322</p>
<p>Sede: Plaza de las Artes s/n, Edificio talleres planta 1 &#8211; Punta Umbría 21100</p>
<p><span style="color: #008000"><strong>PLAN DE ACTUACIÓN DEL E.O.E. DE PUNTA UMBRIA</strong></span></p>
<p><iframe loading="lazy" src="https://drive.google.com/file/d/1F6BG0Rk97ynSZus_FX114KKbojL0eKjY/preview" width="640" height="900"><span data-mce-type="bookmark" style="width: 0px;overflow: hidden;line-height: 0" class="mce_SELRES_start">﻿</span><span data-mce-type="bookmark" style="width: 0px;overflow: hidden;line-height: 0" class="mce_SELRES_start">﻿</span></iframe></p>

<p>Este equipo nos facilita nuestro trabajo en el día a día y dan orientaciones a las familias. Mª Rosa Arauz María Coordinadora del E.O.E. de Punta Umbría Médica Claudia Benítez Delgado Logopeda Elena Mora&#46;&#46;&#46;</p>
