{"id":2559,"date":"2021-12-02T21:13:55","date_gmt":"2021-12-02T21:13:55","guid":{"rendered":"https:\/\/blogsaverroes.juntadeandalucia.es\/ceipenebral\/?page_id=2559"},"modified":"2022-06-22T10:51:14","modified_gmt":"2022-06-22T10:51:14","slug":"zona-bilingue","status":"publish","type":"page","link":"https:\/\/blogsaverroes.juntadeandalucia.es\/ceipenebral\/zona-bilingue\/","title":{"rendered":"Zona Biling\u00fce"},"content":{"rendered":"<p style=\"text-align: justify\">Nuestro Proyecto Biling\u00fce -Ingl\u00e9s- fue aprobado en Consejo Escolar el 2 de Noviembre del 2006, comenzando en el curso 2007\/08.<\/p>\n<p style=\"text-align: justify\">Actualmente todos los&nbsp; cursos son biling\u00fces, centr\u00e1ndonos en las \u00e1reas de Ciencias Sociales y Ciencias Naturales y si disponemos de horario suficiente , algunos cursos incluyen el \u00e1rea de pl\u00e1stica.<\/p>\n<p style=\"text-align: justify\">Desde el primer curso (2007\/08) hemos tenido a nuestra disposici\u00f3n Auxiliares de Conversaci\u00f3n que hemos compartido con otros Centros. Actualmente la mitad del tiempo est\u00e1 en nuestro centro y la otra mitad en el IES Salt\u00e9s (Centro de Referencia).<\/p>\n<p style=\"text-align: justify\">Para las personas interesadas en solicitar plaza de Auxiliar de Conversaci\u00f3n en nuestro Centro, les dejamos un breve informaci\u00f3n:&nbsp;<\/p>\n<ul>\n<li><a href=\"https:\/\/drive.google.com\/file\/d\/1xR2eC-1EuIcgT9SlxevhP93hsWutkvF0\/view?usp=sharing\" target=\"_blank\" rel=\"noopener noreferrer\">Informacio\u0301n para Auxiliares de Conversacio\u0301n<\/a><\/li>\n<li><a href=\"https:\/\/drive.google.com\/file\/d\/1aaQxFXTvgP7Sl9rjlPqMe2ZDMjK9tA-4\/view?usp=sharing\" target=\"_blank\" rel=\"noopener noreferrer\">Information Sheet for LANGUAGE Assistants<\/a><\/li>\n<\/ul>\n","protected":false},"excerpt":{"rendered":"<p>Nuestro Proyecto Biling\u00fce -Ingl\u00e9s- fue aprobado en Consejo Escolar el 2 de Noviembre del 2006, comenzando en el curso 2007\/08. Actualmente todos los&nbsp; cursos son biling\u00fces, centr\u00e1ndonos en las \u00e1reas de Ciencias Sociales y&#46;&#46;&#46;<\/p>\n","protected":false},"author":11409,"featured_media":0,"parent":0,"menu_order":0,"comment_status":"closed","ping_status":"closed","template":"","meta":{"ngg_post_thumbnail":0,"footnotes":"","_mc_calendar":[]},"aioseo_notices":[],"_links":{"self":[{"href":"https:\/\/blogsaverroes.juntadeandalucia.es\/ceipenebral\/wp-json\/wp\/v2\/pages\/2559"}],"collection":[{"href":"https:\/\/blogsaverroes.juntadeandalucia.es\/ceipenebral\/wp-json\/wp\/v2\/pages"}],"about":[{"href":"https:\/\/blogsaverroes.juntadeandalucia.es\/ceipenebral\/wp-json\/wp\/v2\/types\/page"}],"author":[{"embeddable":true,"href":"https:\/\/blogsaverroes.juntadeandalucia.es\/ceipenebral\/wp-json\/wp\/v2\/users\/11409"}],"replies":[{"embeddable":true,"href":"https:\/\/blogsaverroes.juntadeandalucia.es\/ceipenebral\/wp-json\/wp\/v2\/comments?post=2559"}],"version-history":[{"count":8,"href":"https:\/\/blogsaverroes.juntadeandalucia.es\/ceipenebral\/wp-json\/wp\/v2\/pages\/2559\/revisions"}],"predecessor-version":[{"id":2659,"href":"https:\/\/blogsaverroes.juntadeandalucia.es\/ceipenebral\/wp-json\/wp\/v2\/pages\/2559\/revisions\/2659"}],"wp:attachment":[{"href":"https:\/\/blogsaverroes.juntadeandalucia.es\/ceipenebral\/wp-json\/wp\/v2\/media?parent=2559"}],"curies":[{"name":"wp","href":"https:\/\/api.w.org\/{rel}","templated":true}]}}

Zona Bilingüe

<p style="text-align: justify">Nuestro Proyecto Bilingüe -Inglés- fue aprobado en Consejo Escolar el 2 de Noviembre del 2006, comenzando en el curso 2007/08.</p>
<p style="text-align: justify">Actualmente todos los&nbsp; cursos son bilingües, centrándonos en las áreas de Ciencias Sociales y Ciencias Naturales y si disponemos de horario suficiente , algunos cursos incluyen el área de plástica.</p>
<p style="text-align: justify">Desde el primer curso (2007/08) hemos tenido a nuestra disposición Auxiliares de Conversación que hemos compartido con otros Centros. Actualmente la mitad del tiempo está en nuestro centro y la otra mitad en el IES Saltés (Centro de Referencia).</p>
<p style="text-align: justify">Para las personas interesadas en solicitar plaza de Auxiliar de Conversación en nuestro Centro, les dejamos un breve información:&nbsp;</p>
<ul>
<li><a href="https://drive.google.com/file/d/1xR2eC-1EuIcgT9SlxevhP93hsWutkvF0/view?usp=sharing" target="_blank" rel="noopener noreferrer">Información para Auxiliares de Conversación</a></li>
<li><a href="https://drive.google.com/file/d/1aaQxFXTvgP7Sl9rjlPqMe2ZDMjK9tA-4/view?usp=sharing" target="_blank" rel="noopener noreferrer">Information Sheet for LANGUAGE Assistants</a></li>
</ul>

<p>Nuestro Proyecto Bilingüe -Inglés- fue aprobado en Consejo Escolar el 2 de Noviembre del 2006, comenzando en el curso 2007/08. Actualmente todos los&nbsp; cursos son bilingües, centrándonos en las áreas de Ciencias Sociales y&#46;&#46;&#46;</p>
