{"id":35,"date":"2015-03-13T08:21:43","date_gmt":"2015-03-13T08:21:43","guid":{"rendered":"http:\/\/blogsaverroes.juntadeandalucia.es\/pre\/ceip\/?page_id=35"},"modified":"2021-12-10T12:31:43","modified_gmt":"2021-12-10T12:31:43","slug":"el-centro-2","status":"publish","type":"page","link":"https:\/\/blogsaverroes.juntadeandalucia.es\/ceipenebral\/el-centro-2\/","title":{"rendered":"Datos del centro"},"content":{"rendered":"<p>&nbsp; &nbsp; &nbsp; &nbsp; &nbsp; &nbsp; &nbsp; &nbsp; &nbsp; &nbsp; &nbsp; &nbsp; <iframe loading=\"lazy\" src=\"https:\/\/www.google.com\/maps\/embed?pb=!1m14!1m8!1m3!1d5345.552090778458!2d-6.969217586283077!3d37.18872507102647!3m2!1i1024!2i768!4f13.1!3m3!1m2!1s0x0%3A0xcb227650491b77a9!2sColegio%20P%C3%BAblico%20Enebral!5e0!3m2!1ses!2ses!4v1605729366246!5m2!1ses!2ses\" width=\"600\" height=\"450\" frameborder=\"0\"><span data-mce-type=\"bookmark\" style=\"width: 0px;overflow: hidden;line-height: 0\" class=\"mce_SELRES_start\">\ufeff<\/span><span data-mce-type=\"bookmark\" style=\"width: 0px;overflow: hidden;line-height: 0\" class=\"mce_SELRES_start\">\ufeff<\/span><span data-mce-type=\"bookmark\" style=\"width: 0px;overflow: hidden;line-height: 0\" class=\"mce_SELRES_start\">\ufeff<\/span><\/iframe>&nbsp;<\/p>\n<h4 style=\"text-align: center\"><span style=\"color: #000000\"><em>Ceip Enebral (21600763) <\/em><\/span><\/h4>\n<h4><span style=\"color: #3366ff\"><em>Datos de contacto<\/em><\/span><\/h4>\n<p><strong>Direcci\u00f3n:<\/strong>&nbsp; Avenida de la Marina s\/n , Punta Umbr\u00eda 21100 (Huelva)<\/p>\n<p><strong>Tel\u00e9fono :&nbsp; <\/strong><span role=\"link\" aria-label=\"Llamar al n\u00famero de tel\u00e9fono 959 52 41 94\">959 52 41 94<\/span><\/p>\n<p><strong>Email:<\/strong> <a href=\"mailto:21600763.edu@juntadeandalucia.es\">21600763.edu@juntadeandalucia.es<\/a><\/p>\n<p>&nbsp;<\/p>\n<h4><span style=\"color: #3366ff\"><em><strong>Horarios<\/strong><\/em><\/span><\/h4>\n<p><strong>Aula matinal<\/strong>: 7:30 &#8211; 9:00<\/p>\n<p><strong>Horario lectivo:<\/strong> 9:00 &#8211; 14:00<\/p>\n<p><strong>Comedor:<\/strong> 14:00 &#8211; 16:00<\/p>\n<p><strong>Actividades extraescolares (de lunes a jueves) :<\/strong> 16:00 &#8211; 18:00<\/p>\n<p><strong>Horario secretar\u00eda (martes y jueves) :<\/strong> 9:30 -13:30<\/p>\n<p>&nbsp;<\/p>\n<h4><span style=\"color: #3366ff\"><em><strong>Oferta educativa<\/strong><\/em><\/span><\/h4>\n<ul>\n<li>Segundo Ciclo de Educaci\u00f3n Infantil&nbsp;<\/li>\n<li>Educaci\u00f3n Primaria Biling\u00fce (Ingl\u00e9s)<\/li>\n<\/ul>\n<p>&nbsp;<\/p>\n<p><a href=\"https:\/\/blogsaverroes.juntadeandalucia.es\/ceipenebral\/files\/2020\/11\/cbk.jpg\"><img loading=\"lazy\" decoding=\"async\" class=\"size-full wp-image-2275 aligncenter\" src=\"https:\/\/blogsaverroes.juntadeandalucia.es\/ceipenebral\/files\/2020\/11\/cbk.jpg\" alt=\"\" width=\"408\" height=\"240\" srcset=\"https:\/\/blogsaverroes.juntadeandalucia.es\/ceipenebral\/files\/2020\/11\/cbk.jpg 408w, https:\/\/blogsaverroes.juntadeandalucia.es\/ceipenebral\/files\/2020\/11\/cbk-300x176.jpg 300w, https:\/\/blogsaverroes.juntadeandalucia.es\/ceipenebral\/files\/2020\/11\/cbk-24x14.jpg 24w, https:\/\/blogsaverroes.juntadeandalucia.es\/ceipenebral\/files\/2020\/11\/cbk-36x21.jpg 36w, https:\/\/blogsaverroes.juntadeandalucia.es\/ceipenebral\/files\/2020\/11\/cbk-48x28.jpg 48w\" sizes=\"(max-width: 408px) 100vw, 408px\" \/><\/a><\/p>\n<p>&nbsp;<\/p>\n","protected":false},"excerpt":{"rendered":"<p>&nbsp; &nbsp; &nbsp; &nbsp; &nbsp; &nbsp; &nbsp; &nbsp; &nbsp; &nbsp; &nbsp; &nbsp; \ufeff\ufeff\ufeff&nbsp; Ceip Enebral (21600763) Datos de contacto Direcci\u00f3n:&nbsp; Avenida de la Marina s\/n , Punta Umbr\u00eda 21100 (Huelva) Tel\u00e9fono :&nbsp; 959 52&#46;&#46;&#46;<\/p>\n","protected":false},"author":1,"featured_media":0,"parent":0,"menu_order":0,"comment_status":"closed","ping_status":"open","template":"page-cs.php","meta":{"ngg_post_thumbnail":0,"footnotes":"","_mc_calendar":[]},"aioseo_notices":[],"_links":{"self":[{"href":"https:\/\/blogsaverroes.juntadeandalucia.es\/ceipenebral\/wp-json\/wp\/v2\/pages\/35"}],"collection":[{"href":"https:\/\/blogsaverroes.juntadeandalucia.es\/ceipenebral\/wp-json\/wp\/v2\/pages"}],"about":[{"href":"https:\/\/blogsaverroes.juntadeandalucia.es\/ceipenebral\/wp-json\/wp\/v2\/types\/page"}],"author":[{"embeddable":true,"href":"https:\/\/blogsaverroes.juntadeandalucia.es\/ceipenebral\/wp-json\/wp\/v2\/users\/1"}],"replies":[{"embeddable":true,"href":"https:\/\/blogsaverroes.juntadeandalucia.es\/ceipenebral\/wp-json\/wp\/v2\/comments?post=35"}],"version-history":[{"count":28,"href":"https:\/\/blogsaverroes.juntadeandalucia.es\/ceipenebral\/wp-json\/wp\/v2\/pages\/35\/revisions"}],"predecessor-version":[{"id":2620,"href":"https:\/\/blogsaverroes.juntadeandalucia.es\/ceipenebral\/wp-json\/wp\/v2\/pages\/35\/revisions\/2620"}],"wp:attachment":[{"href":"https:\/\/blogsaverroes.juntadeandalucia.es\/ceipenebral\/wp-json\/wp\/v2\/media?parent=35"}],"curies":[{"name":"wp","href":"https:\/\/api.w.org\/{rel}","templated":true}]}}

<p>&nbsp; &nbsp; &nbsp; &nbsp; &nbsp; &nbsp; &nbsp; &nbsp; &nbsp; &nbsp; &nbsp; &nbsp; <iframe loading="lazy" src="https://www.google.com/maps/embed?pb=!1m14!1m8!1m3!1d5345.552090778458!2d-6.969217586283077!3d37.18872507102647!3m2!1i1024!2i768!4f13.1!3m3!1m2!1s0x0%3A0xcb227650491b77a9!2sColegio%20P%C3%BAblico%20Enebral!5e0!3m2!1ses!2ses!4v1605729366246!5m2!1ses!2ses" width="600" height="450" frameborder="0"><span data-mce-type="bookmark" style="width: 0px;overflow: hidden;line-height: 0" class="mce_SELRES_start">﻿</span><span data-mce-type="bookmark" style="width: 0px;overflow: hidden;line-height: 0" class="mce_SELRES_start">﻿</span><span data-mce-type="bookmark" style="width: 0px;overflow: hidden;line-height: 0" class="mce_SELRES_start">﻿</span></iframe>&nbsp;</p>
<h4 style="text-align: center"><span style="color: #000000"><em>Ceip Enebral (21600763) </em></span></h4>
<h4><span style="color: #3366ff"><em>Datos de contacto</em></span></h4>
<p><strong>Dirección:</strong>&nbsp; Avenida de la Marina s/n , Punta Umbría 21100 (Huelva)</p>
<p><strong>Teléfono :&nbsp; </strong><span role="link" aria-label="Llamar al número de teléfono 959 52 41 94">959 52 41 94</span></p>
<p><strong>Email:</strong> <a href="mailto:21600763.edu@juntadeandalucia.es">21600763.edu@juntadeandalucia.es</a></p>
<p>&nbsp;</p>
<h4><span style="color: #3366ff"><em><strong>Horarios</strong></em></span></h4>
<p><strong>Aula matinal</strong>: 7:30 &#8211; 9:00</p>
<p><strong>Horario lectivo:</strong> 9:00 &#8211; 14:00</p>
<p><strong>Comedor:</strong> 14:00 &#8211; 16:00</p>
<p><strong>Actividades extraescolares (de lunes a jueves) :</strong> 16:00 &#8211; 18:00</p>
<p><strong>Horario secretaría (martes y jueves) :</strong> 9:30 -13:30</p>
<p>&nbsp;</p>
<h4><span style="color: #3366ff"><em><strong>Oferta educativa</strong></em></span></h4>
<ul>
<li>Segundo Ciclo de Educación Infantil&nbsp;</li>
<li>Educación Primaria Bilingüe (Inglés)</li>
</ul>
<p>&nbsp;</p>
<p><a href="https://blogsaverroes.juntadeandalucia.es/ceipenebral/files/2020/11/cbk.jpg"><img loading="lazy" decoding="async" class="size-full wp-image-2275 aligncenter" src="https://blogsaverroes.juntadeandalucia.es/ceipenebral/files/2020/11/cbk.jpg" alt="" width="408" height="240" srcset="https://blogsaverroes.juntadeandalucia.es/ceipenebral/files/2020/11/cbk.jpg 408w, https://blogsaverroes.juntadeandalucia.es/ceipenebral/files/2020/11/cbk-300x176.jpg 300w, https://blogsaverroes.juntadeandalucia.es/ceipenebral/files/2020/11/cbk-24x14.jpg 24w, https://blogsaverroes.juntadeandalucia.es/ceipenebral/files/2020/11/cbk-36x21.jpg 36w, https://blogsaverroes.juntadeandalucia.es/ceipenebral/files/2020/11/cbk-48x28.jpg 48w" sizes="(max-width: 408px) 100vw, 408px" /></a></p>
<p>&nbsp;</p>

<p>&nbsp; &nbsp; &nbsp; &nbsp; &nbsp; &nbsp; &nbsp; &nbsp; &nbsp; &nbsp; &nbsp; &nbsp; ﻿﻿﻿&nbsp; Ceip Enebral (21600763) Datos de contacto Dirección:&nbsp; Avenida de la Marina s/n , Punta Umbría 21100 (Huelva) Teléfono :&nbsp; 959 52&#46;&#46;&#46;</p>
