{"id":701,"date":"2024-11-11T00:02:07","date_gmt":"2024-11-10T23:02:07","guid":{"rendered":"https:\/\/blogsaverroes.juntadeandalucia.es\/ceipentrenucleos\/?page_id=701"},"modified":"2024-11-29T21:19:12","modified_gmt":"2024-11-29T20:19:12","slug":"personal-del-centro","status":"publish","type":"page","link":"https:\/\/blogsaverroes.juntadeandalucia.es\/ceipentrenucleos\/el-centro\/personal-del-centro\/","title":{"rendered":"Personal del centro"},"content":{"rendered":"<h6>Equipo Directivo Unipersonal:<\/h6>\n<h4>Myriam Gil Guil<\/h4>\n<p>&nbsp;<\/p>\n<h6>Tutora Infantil 3 a\u00f1os A:<\/h6>\n<h4>Roc\u00edo Alonso Ramos<\/h4>\n<p>&nbsp;<\/p>\n<h6>Tutora Infantil 3 a\u00f1os B:<\/h6>\n<h4>M\u00aa del Valle Fern\u00e1ndez Aguilar<\/h4>\n<p>&nbsp;<\/p>\n<h6>Maestra de Religi\u00f3n Cat\u00f3lica:<\/h6>\n<h4>Ana Reina Cosano<\/h4>\n<p>&nbsp;<\/p>\n<p>&nbsp;<\/p>\n","protected":false},"excerpt":{"rendered":"<p>Equipo Directivo Unipersonal: Myriam Gil Guil &nbsp; Tutora Infantil 3 a\u00f1os A: Roc\u00edo Alonso Ramos &nbsp; Tutora Infantil 3 a\u00f1os B: M\u00aa del Valle Fern\u00e1ndez Aguilar &nbsp; Maestra de Religi\u00f3n Cat\u00f3lica: Ana Reina Cosano &nbsp; &nbsp;<\/p>\n","protected":false},"author":19799,"featured_media":0,"parent":41,"menu_order":0,"comment_status":"closed","ping_status":"closed","template":"","meta":{"_et_pb_use_builder":"","_et_pb_old_content":"","_et_gb_content_width":"","ngg_post_thumbnail":0,"footnotes":""},"aioseo_notices":[],"_links":{"self":[{"href":"https:\/\/blogsaverroes.juntadeandalucia.es\/ceipentrenucleos\/wp-json\/wp\/v2\/pages\/701"}],"collection":[{"href":"https:\/\/blogsaverroes.juntadeandalucia.es\/ceipentrenucleos\/wp-json\/wp\/v2\/pages"}],"about":[{"href":"https:\/\/blogsaverroes.juntadeandalucia.es\/ceipentrenucleos\/wp-json\/wp\/v2\/types\/page"}],"author":[{"embeddable":true,"href":"https:\/\/blogsaverroes.juntadeandalucia.es\/ceipentrenucleos\/wp-json\/wp\/v2\/users\/19799"}],"replies":[{"embeddable":true,"href":"https:\/\/blogsaverroes.juntadeandalucia.es\/ceipentrenucleos\/wp-json\/wp\/v2\/comments?post=701"}],"version-history":[{"count":6,"href":"https:\/\/blogsaverroes.juntadeandalucia.es\/ceipentrenucleos\/wp-json\/wp\/v2\/pages\/701\/revisions"}],"predecessor-version":[{"id":828,"href":"https:\/\/blogsaverroes.juntadeandalucia.es\/ceipentrenucleos\/wp-json\/wp\/v2\/pages\/701\/revisions\/828"}],"up":[{"embeddable":true,"href":"https:\/\/blogsaverroes.juntadeandalucia.es\/ceipentrenucleos\/wp-json\/wp\/v2\/pages\/41"}],"wp:attachment":[{"href":"https:\/\/blogsaverroes.juntadeandalucia.es\/ceipentrenucleos\/wp-json\/wp\/v2\/media?parent=701"}],"curies":[{"name":"wp","href":"https:\/\/api.w.org\/{rel}","templated":true}]}}